{"id":603,"date":"2018-05-25T11:37:40","date_gmt":"2018-05-25T04:37:40","guid":{"rendered":"https:\/\/bizhostvn.com\/w\/xkld2\/?page_id=603"},"modified":"2018-05-25T11:44:40","modified_gmt":"2018-05-25T04:44:40","slug":"phai-cu-ky-su-di-nhat","status":"publish","type":"page","link":"https:\/\/webmaibinh.com\/w\/xkld2\/phai-cu-ky-su-di-nhat\/","title":{"rendered":"Ph\u00e1i c\u1eed k\u1ef9 s\u01b0 \u0111i Nh\u1eadt"},"content":{"rendered":"<p>C\u00f3 r\u1ea5t nhi\u1ec1u tr\u01b0\u1eddng h\u1ecdc, b\u1ec7nh vi\u1ec7n, \u0111\u01b0\u1eddng x\u00e1 v\u00e0 c\u1ea7u \u0111\u01b0\u1ee3c l\u00e0m t\u1eeb ODA c\u1ee7a Nh\u1eadt B\u1ea3n t\u1ea1i Vi\u1ec7t Nam.\u00a0Ngo\u00e0i ra, trong c\u00e1c tr\u01b0\u1eddng h\u1ecdc \u1edf Vi\u1ec7t Nam, c\u00f3 s\u1ef1 gi\u00e1o d\u1ee5c v\u1ec1 t\u00ecnh h\u1eefu ngh\u1ecb gi\u1eefa Nh\u1eadt B\u1ea3n v\u00e0 Vi\u1ec7t Nam, v\u00e0 ch\u00fang t\u00f4i c\u00f3 m\u1ed9t c\u1ea3m gi\u00e1c r\u1ea5t t\u1ed1t \u0111\u1ed1i v\u1edbi Nh\u1eadt B\u1ea3n.<\/p>\n\n  \n    <div class=\"row large-columns-3 medium-columns- small-columns-2 row-small\">\n          <div class=\"page-col col\" >\n          <div class=\"col-inner\" >\n          <a class=\"plain\" href=\"https:\/\/webmaibinh.com\/w\/xkld2\/phai-cu-ky-su-di-nhat\/cac-nganh-nghe-gioi-thieu\/\" title=\"C\u00e1c ng\u00e0nh ngh\u1ec1 gi\u1edbi thi\u1ec7u\" target=\"\">\n            <div class=\"page-box box has-hover\">\n                  <div class=\"box-image\" >\n                      <div class=\"box-image image-zoom image-cover\" style=\"padding-top:71%;\">\n                      <img width=\"400\" height=\"300\" src=\"https:\/\/webmaibinh.com\/w\/xkld2\/wp-content\/uploads\/2018\/05\/post12.jpg\" class=\"attachment-original size-original\" alt=\"\" loading=\"lazy\" srcset=\"https:\/\/webmaibinh.com\/w\/xkld2\/wp-content\/uploads\/2018\/05\/post12.jpg 400w, https:\/\/webmaibinh.com\/w\/xkld2\/wp-content\/uploads\/2018\/05\/post12-300x225.jpg 300w\" sizes=\"(max-width: 400px) 100vw, 400px\" \/>                      <\/div>\n                                                              <\/div>\n                  <div class=\"box-text text-left dark\" style=\"background-color:rgb(0, 4, 79);padding:10px 10px 10px 10px;\">\n                        <div class=\"box-text-inner\">\n                            <p>C\u00e1c ng\u00e0nh ngh\u1ec1 gi\u1edbi thi\u1ec7u<\/p>\n                        <\/div>\n                  <\/div>\n              <\/div>\n            <\/a>\n            <\/div>\n          <\/div>\n                 <div class=\"page-col col\" >\n          <div class=\"col-inner\" >\n          <a class=\"plain\" href=\"https:\/\/webmaibinh.com\/w\/xkld2\/phai-cu-ky-su-di-nhat\/gioi-thieu-hoat-dong-phai-cu-ky-su-di-nhat\/\" title=\"Gi\u1edbi thi\u1ec7u ho\u1ea1t \u0111\u1ed9ng ph\u00e1i c\u1eed k\u1ef9 s\u01b0\" target=\"\">\n            <div class=\"page-box box has-hover\">\n                  <div class=\"box-image\" >\n                      <div class=\"box-image image-zoom image-cover\" style=\"padding-top:71%;\">\n                      <img width=\"740\" height=\"360\" src=\"https:\/\/webmaibinh.com\/w\/xkld2\/wp-content\/uploads\/2018\/05\/main.jpg\" class=\"attachment-original size-original\" alt=\"\" loading=\"lazy\" srcset=\"https:\/\/webmaibinh.com\/w\/xkld2\/wp-content\/uploads\/2018\/05\/main.jpg 740w, https:\/\/webmaibinh.com\/w\/xkld2\/wp-content\/uploads\/2018\/05\/main-300x146.jpg 300w\" sizes=\"(max-width: 740px) 100vw, 740px\" \/>                      <\/div>\n                                                              <\/div>\n                  <div class=\"box-text text-left dark\" style=\"background-color:rgb(0, 4, 79);padding:10px 10px 10px 10px;\">\n                        <div class=\"box-text-inner\">\n                            <p>Gi\u1edbi thi\u1ec7u ho\u1ea1t \u0111\u1ed9ng ph\u00e1i c\u1eed k\u1ef9 s\u01b0<\/p>\n                        <\/div>\n                  <\/div>\n              <\/div>\n            <\/a>\n            <\/div>\n          <\/div>\n                 <div class=\"page-col col\" >\n          <div class=\"col-inner\" >\n          <a class=\"plain\" href=\"https:\/\/webmaibinh.com\/w\/xkld2\/phai-cu-ky-su-di-nhat\/quy-trinh-gioi-thieu\/\" title=\"Quy tr\u00ecnh gi\u1edbi thi\u1ec7u\" target=\"\">\n            <div class=\"page-box box has-hover\">\n                  <div class=\"box-image\" >\n                      <div class=\"box-image image-zoom image-cover\" style=\"padding-top:71%;\">\n                      <img width=\"740\" height=\"260\" src=\"https:\/\/webmaibinh.com\/w\/xkld2\/wp-content\/uploads\/2018\/05\/flow-1.gif\" class=\"attachment-original size-original\" alt=\"\" loading=\"lazy\" \/>                      <\/div>\n                                                              <\/div>\n                  <div class=\"box-text text-left dark\" style=\"background-color:rgb(0, 4, 79);padding:10px 10px 10px 10px;\">\n                        <div class=\"box-text-inner\">\n                            <p>Quy tr\u00ecnh gi\u1edbi thi\u1ec7u<\/p>\n                        <\/div>\n                  <\/div>\n              <\/div>\n            <\/a>\n            <\/div>\n          <\/div>\n         <\/div>\n<p>Ng\u01b0\u1eddi Vi\u1ec7t Nam \u0103n c\u01a1m b\u1eb1ng \u0111\u0169a.\u00a0B\u00ean c\u1ea1nh c\u00e1c t\u00ednh n\u0103ng h\u1ec7 th\u1ed1ng v\u00e0 khu\u00f4n m\u1eb7t, t\u00ednh kh\u00ed nghi\u00eam t\u00fac v\u00e0 si\u00eang n\u0103ng r\u1ea5t gi\u1ed1ng v\u1edbi ng\u01b0\u1eddi Nh\u1eadt.\u00a0V\u00ec v\u1eady, b\u1ea1n c\u00f3 th\u1ec3 nh\u1eadn \u0111\u01b0\u1ee3c v\u00e0o h\u1ea3i quan Nh\u1eadt B\u1ea3n v\u00e0 c\u00e1c \u1ea5n ph\u1ea9m h\u00e0ng tu\u1ea7n c\u00e0ng s\u1edbm c\u00e0ng t\u1ed1t.<\/p>\n<p>V\u1edbi s\u1ef1 h\u1ee3p t\u00e1c v\u1edbi Hi\u1ec7p h\u1ed9i H\u1ee3p t\u00e1c IHD, Eiley People nh\u1eb9 nh\u00e0ng h\u1ed7 tr\u1ee3 vi\u1ec7c l\u00e0m c\u1ee7a c\u00e1c k\u1ef9 s\u01b0 n\u01b0\u1edbc ngo\u00e0i t\u1ea1i c\u00e1c c\u00f4ng ty.<\/p>\n<p>Ng\u01b0\u1eddi Vi\u1ec7t Nam \u0103n c\u01a1m b\u1eb1ng \u0111\u0169a.\u00a0B\u00ean c\u1ea1nh c\u00e1c t\u00ednh n\u0103ng h\u1ec7 th\u1ed1ng v\u00e0 khu\u00f4n m\u1eb7t, t\u00ednh kh\u00ed nghi\u00eam t\u00fac v\u00e0 si\u00eang n\u0103ng r\u1ea5t gi\u1ed1ng v\u1edbi ng\u01b0\u1eddi Nh\u1eadt.\u00a0V\u00ec v\u1eady, b\u1ea1n c\u00f3 th\u1ec3 nh\u1eadn \u0111\u01b0\u1ee3c v\u00e0o h\u1ea3i quan Nh\u1eadt B\u1ea3n v\u00e0 c\u00e1c \u1ea5n ph\u1ea9m h\u00e0ng tu\u1ea7n c\u00e0ng s\u1edbm c\u00e0ng t\u1ed1t.<\/p>\n<p>V\u1edbi s\u1ef1 h\u1ee3p t\u00e1c v\u1edbi Hi\u1ec7p h\u1ed9i H\u1ee3p t\u00e1c IHD, Eiley People nh\u1eb9 nh\u00e0ng h\u1ed7 tr\u1ee3 vi\u1ec7c l\u00e0m c\u1ee7a c\u00e1c k\u1ef9 s\u01b0 n\u01b0\u1edbc ngo\u00e0i t\u1ea1i c\u00e1c c\u00f4ng ty.<\/p>\n<p>Ng\u01b0\u1eddi Vi\u1ec7t Nam \u0103n c\u01a1m b\u1eb1ng \u0111\u0169a.\u00a0B\u00ean c\u1ea1nh c\u00e1c t\u00ednh n\u0103ng h\u1ec7 th\u1ed1ng v\u00e0 khu\u00f4n m\u1eb7t, t\u00ednh kh\u00ed nghi\u00eam t\u00fac v\u00e0 si\u00eang n\u0103ng r\u1ea5t gi\u1ed1ng v\u1edbi ng\u01b0\u1eddi Nh\u1eadt.\u00a0V\u00ec v\u1eady, b\u1ea1n c\u00f3 th\u1ec3 nh\u1eadn \u0111\u01b0\u1ee3c v\u00e0o h\u1ea3i quan Nh\u1eadt B\u1ea3n v\u00e0 c\u00e1c \u1ea5n ph\u1ea9m h\u00e0ng tu\u1ea7n c\u00e0ng s\u1edbm c\u00e0ng t\u1ed1t.<\/p>\n<p>V\u1edbi s\u1ef1 h\u1ee3p t\u00e1c v\u1edbi Hi\u1ec7p h\u1ed9i H\u1ee3p t\u00e1c IHD, Eiley People nh\u1eb9 nh\u00e0ng h\u1ed7 tr\u1ee3 vi\u1ec7c l\u00e0m c\u1ee7a c\u00e1c k\u1ef9 s\u01b0 n\u01b0\u1edbc ngo\u00e0i t\u1ea1i c\u00e1c c\u00f4ng ty.<\/p>\n","protected":false},"excerpt":{"rendered":"<p>C\u00f3 r\u1ea5t nhi\u1ec1u tr\u01b0\u1eddng h\u1ecdc, b\u1ec7nh vi\u1ec7n, \u0111\u01b0\u1eddng x\u00e1 v\u00e0 c\u1ea7u \u0111\u01b0\u1ee3c l\u00e0m t\u1eeb ODA c\u1ee7a Nh\u1eadt B\u1ea3n t\u1ea1i Vi\u1ec7t Nam.\u00a0Ngo\u00e0i ra, trong c\u00e1c tr\u01b0\u1eddng h\u1ecdc \u1edf Vi\u1ec7t Nam, c\u00f3 s\u1ef1 gi\u00e1o d\u1ee5c v\u1ec1 t\u00ecnh h\u1eefu ngh\u1ecb gi\u1eefa Nh\u1eadt B\u1ea3n v\u00e0 Vi\u1ec7t Nam, v\u00e0 ch\u00fang t\u00f4i c\u00f3 m\u1ed9t c\u1ea3m gi\u00e1c r\u1ea5t t\u1ed1t \u0111\u1ed1i v\u1edbi Nh\u1eadt [&#8230;]\n","protected":false},"author":1,"featured_media":0,"parent":0,"menu_order":0,"comment_status":"closed","ping_status":"closed","template":"page-right-sidebar.php","meta":[],"_links":{"self":[{"href":"https:\/\/webmaibinh.com\/w\/xkld2\/wp-json\/wp\/v2\/pages\/603"}],"collection":[{"href":"https:\/\/webmaibinh.com\/w\/xkld2\/wp-json\/wp\/v2\/pages"}],"about":[{"href":"https:\/\/webmaibinh.com\/w\/xkld2\/wp-json\/wp\/v2\/types\/page"}],"author":[{"embeddable":true,"href":"https:\/\/webmaibinh.com\/w\/xkld2\/wp-json\/wp\/v2\/users\/1"}],"replies":[{"embeddable":true,"href":"https:\/\/webmaibinh.com\/w\/xkld2\/wp-json\/wp\/v2\/comments?post=603"}],"version-history":[{"count":9,"href":"https:\/\/webmaibinh.com\/w\/xkld2\/wp-json\/wp\/v2\/pages\/603\/revisions"}],"predecessor-version":[{"id":613,"href":"https:\/\/webmaibinh.com\/w\/xkld2\/wp-json\/wp\/v2\/pages\/603\/revisions\/613"}],"wp:attachment":[{"href":"https:\/\/webmaibinh.com\/w\/xkld2\/wp-json\/wp\/v2\/media?parent=603"}],"curies":[{"name":"wp","href":"https:\/\/api.w.org\/{rel}","templated":true}]}}