{"id":205,"date":"2019-11-22T23:13:44","date_gmt":"2019-11-22T16:13:44","guid":{"rendered":"http:\/\/xedap.muathemewordpress.net\/?post_type=product&#038;p=205"},"modified":"2020-05-23T10:29:56","modified_gmt":"2020-05-23T03:29:56","slug":"xe-dap-keeprun-atx880","status":"publish","type":"product","link":"https:\/\/webmaibinh.com\/w\/xedap2011\/san-pham\/xe-dap-keeprun-atx880\/","title":{"rendered":"Xe \u0110\u1ea1p Keeprun ATX880"},"content":{"rendered":"<h3>\u0110\u1ebfn t\u1eeb \u0111\u1ea5t n\u01b0\u1edbc \u0110\u00e0i Loan v\u1edbi ch\u1ea5t l\u01b0\u1ee3ng kh\u1ecfi ph\u1ea3i ngh\u0129. Khung h\u1ee3p kim nh\u00f4m nh\u1eb9. Phu\u1ed9c carbon c\u1ee7a Giant. B\u1ed9 chuy\u1ec3n \u0111\u1ed9ng Shimano Altus 27 t\u1ed1c \u0111\u1ed9 ( Nh\u1eadt B\u1ea3n ). Thi\u1ebft k\u1ebf th\u1eddi trang, nh\u1eb9 nh\u00e0ng, thanh tho\u00e1t, n\u01b0\u1edbc s\u01a1n 3 l\u1edbp cao c\u1ea5p ch\u1ed1ng bong tr\u00f3c, ch\u1ecbu m\u1ecdi th\u1eddi ti\u1ebft\u2026<\/h3>\n<p>\u2714 Khung h\u1ee3p kim nh\u00f4m nh\u1eb9<br \/>\n\u2714 C\u00e0ng carbon si\u00eau nh\u1eb9<br \/>\n\u2714 V\u00e0nh nh\u00f4m 2 l\u1edbp 700c<br \/>\n\u2714 Tay b\u1ea5m Shimano Altus M370 \u2013 27 t\u1ed1c \u0111\u1ed9<br \/>\n\u2714 C\u1ee7 \u0111\u1ec1 Shimano Altus M370 \u2013 9 c\u1ea5p<br \/>\n\u2714 L\u00edp 9 t\u1ea7ng \u2013 x\u00edch KMC<br \/>\n\u2714 Phanh V- Brake tr\u01b0\u1edbc v\u00e0 phanh \u0111\u0129a sau<br \/>\n\u2714 \u0110\u00f9i \u0110\u0129a Prowheel Nh\u00f4m 42T-36T-24T<br \/>\n\u2714\u00a0B\u1ed9 ghi \u0111\u00f4ng, c\u1ecdc y\u00ean, potang nh\u00f4m<br \/>\n\u2714 S\u0103m l\u1ed1p Kenda 700C x 23C<br \/>\n\u2714 Tr\u1ee5c g\u00e0i quai ti\u1ec7n l\u1ee3i, ch\u1eafc ch\u1eafn<br \/>\n\u2714 Y\u00ean da m\u1ec1m<br \/>\n\u2714 M\u00e0u s\u1eafc: Tr\u1eafng \u0110\u1ecf, Tr\u1eafng Xanh<br \/>\n\u2714 Ph\u00f9 h\u1ee3p chi\u1ec1u cao t\u1eeb 1m55 \u2013 1m80<\/p>\n<figure id=\"attachment_15083\" class=\"wp-caption alignnone\" aria-describedby=\"caption-attachment-15083\"><img loading=\"lazy\" class=\"size-full wp-image-15083\" src=\"https:\/\/xedaphn.net\/wp-content\/uploads\/2019\/10\/Xe-%C4%90%E1%BA%A1p-Keep-Run-1.jpg\" alt=\"Xe \u0110\u1ea1p KeepRun ATX880\" width=\"1024\" height=\"683\" \/><figcaption id=\"caption-attachment-15083\" class=\"wp-caption-text\">Xe \u0110\u1ea1p KeepRun ATX880<\/figcaption><\/figure>\n<figure id=\"attachment_15084\" class=\"wp-caption alignnone\" aria-describedby=\"caption-attachment-15084\"><img loading=\"lazy\" class=\"size-full wp-image-15084\" src=\"https:\/\/xedaphn.net\/wp-content\/uploads\/2019\/10\/Xe-%C4%90%E1%BA%A1p-Keep-Run-2.jpg\" alt=\"Xe \u0110\u1ea1p KeepRun ATX880\" width=\"1024\" height=\"683\" \/><figcaption id=\"caption-attachment-15084\" class=\"wp-caption-text\">Xe \u0110\u1ea1p KeepRun ATX880<\/figcaption><\/figure>\n<figure id=\"attachment_15085\" class=\"wp-caption alignnone\" aria-describedby=\"caption-attachment-15085\"><img loading=\"lazy\" class=\"size-full wp-image-15085\" src=\"https:\/\/xedaphn.net\/wp-content\/uploads\/2019\/10\/Xe-%C4%90%E1%BA%A1p-Keep-Run-3.jpg\" alt=\"Khung h\u1ee3p kim nh\u1eb9 6061\" width=\"1024\" height=\"683\" \/><figcaption id=\"caption-attachment-15085\" class=\"wp-caption-text\">Khung h\u1ee3p kim nh\u1eb9 6061<\/figcaption><\/figure>\n<figure id=\"attachment_15089\" class=\"wp-caption alignnone\" aria-describedby=\"caption-attachment-15089\"><img loading=\"lazy\" class=\"size-full wp-image-15089\" src=\"https:\/\/xedaphn.net\/wp-content\/uploads\/2019\/10\/Xe-%C4%90%E1%BA%A1p-Keep-Run-7.jpg\" alt=\"N\u01b0\u1edbc s\u01a1n b\u00f3ng 3 l\u1edbp ch\u1ed1ng bong tr\u00f3c\" width=\"1024\" height=\"683\" \/><figcaption id=\"caption-attachment-15089\" class=\"wp-caption-text\">N\u01b0\u1edbc s\u01a1n b\u00f3ng 3 l\u1edbp ch\u1ed1ng bong tr\u00f3c<\/figcaption><\/figure>\n<figure id=\"attachment_15090\" class=\"wp-caption alignnone\" aria-describedby=\"caption-attachment-15090\"><img loading=\"lazy\" class=\"size-full wp-image-15090\" src=\"https:\/\/xedaphn.net\/wp-content\/uploads\/2019\/10\/Xe-%C4%90%E1%BA%A1p-Keep-Run-8.jpg\" alt=\"Phu\u1ed9c Giant ch\u1ea5t li\u1ec7u Carbon\" width=\"683\" height=\"1024\" \/><figcaption id=\"caption-attachment-15090\" class=\"wp-caption-text\">Phu\u1ed9c Giant ch\u1ea5t li\u1ec7u Carbon<\/figcaption><\/figure>\n<figure id=\"attachment_15086\" class=\"wp-caption alignnone\" aria-describedby=\"caption-attachment-15086\"><img loading=\"lazy\" class=\"size-full wp-image-15086\" src=\"https:\/\/xedaphn.net\/wp-content\/uploads\/2019\/10\/Xe-%C4%90%E1%BA%A1p-Keep-Run-4.jpg\" alt=\"Phu\u1ed9c Carbon si\u00eau nh\u1eb9\" width=\"1024\" height=\"683\" \/><figcaption id=\"caption-attachment-15086\" class=\"wp-caption-text\">Phu\u1ed9c Carbon si\u00eau nh\u1eb9<\/figcaption><\/figure>\n","protected":false},"excerpt":{"rendered":"<p>\u0110\u1ebfn t\u1eeb \u0111\u1ea5t n\u01b0\u1edbc \u0110\u00e0i Loan v\u1edbi ch\u1ea5t l\u01b0\u1ee3ng kh\u1ecfi ph\u1ea3i ngh\u0129. Khung h\u1ee3p kim nh\u00f4m nh\u1eb9. Phu\u1ed9c carbon c\u1ee7a Giant. B\u1ed9 chuy\u1ec3n \u0111\u1ed9ng Shimano Altus 27 t\u1ed1c \u0111\u1ed9 ( Nh\u1eadt B\u1ea3n ). Thi\u1ebft k\u1ebf th\u1eddi trang, nh\u1eb9 nh\u00e0ng, thanh tho\u00e1t, n\u01b0\u1edbc s\u01a1n 3 l\u1edbp cao c\u1ea5p ch\u1ed1ng bong tr\u00f3c, ch\u1ecbu m\u1ecdi th\u1eddi ti\u1ebft\u2026 \u2714 &#8230;<\/p>\n","protected":false},"featured_media":206,"comment_status":"open","ping_status":"closed","template":"","meta":[],"_links":{"self":[{"href":"https:\/\/webmaibinh.com\/w\/xedap2011\/wp-json\/wp\/v2\/product\/205"}],"collection":[{"href":"https:\/\/webmaibinh.com\/w\/xedap2011\/wp-json\/wp\/v2\/product"}],"about":[{"href":"https:\/\/webmaibinh.com\/w\/xedap2011\/wp-json\/wp\/v2\/types\/product"}],"replies":[{"embeddable":true,"href":"https:\/\/webmaibinh.com\/w\/xedap2011\/wp-json\/wp\/v2\/comments?post=205"}],"wp:featuredmedia":[{"embeddable":true,"href":"https:\/\/webmaibinh.com\/w\/xedap2011\/wp-json\/wp\/v2\/media\/206"}],"wp:attachment":[{"href":"https:\/\/webmaibinh.com\/w\/xedap2011\/wp-json\/wp\/v2\/media?parent=205"}],"curies":[{"name":"wp","href":"https:\/\/api.w.org\/{rel}","templated":true}]}}