{"id":179,"date":"2019-11-22T23:07:42","date_gmt":"2019-11-22T16:07:42","guid":{"rendered":"http:\/\/xedap.muathemewordpress.net\/?post_type=product&#038;p=179"},"modified":"2020-05-23T10:29:56","modified_gmt":"2020-05-23T03:29:56","slug":"xe-dap-the-thao-xds-sundance-800-plus","status":"publish","type":"product","link":"https:\/\/webmaibinh.com\/w\/xedap2011\/san-pham\/xe-dap-the-thao-xds-sundance-800-plus\/","title":{"rendered":"Xe \u0110\u1ea1p Th\u1ec3 Thao XdS Sundance 800 Plus"},"content":{"rendered":"<h3>L\u00e0 phi\u00ean b\u1ea3n cao c\u1ea5p h\u01a1n c\u1ee7a XdS Sundance 800 Plus. Xe \u0111\u01b0\u1ee3c trang b\u1ecb khung h\u1ee3p kim nh\u00f4m X6 th\u01b0\u1eddng \u0111\u01b0\u1ee3c d\u00f9ng trong ch\u1ebf t\u1ea1o khung m\u00e1y bay gi\u00fap chi\u1ebfc xe c\u1ee9ng h\u01a1n 30-50% v\u00e0 nh\u1eb9 h\u01a1n c\u1ea3 khung Nh\u00f4m 6061. B\u1ed9 chuy\u1ec3n \u0111\u1ed9ng Shimano Acera 27 C\u1ea5p \u0110\u1ed9 ( Nh\u1eadt B\u1ea3n ) c\u1ef1c nh\u1ea1y v\u00e0 nh\u1eb9. H\u00e3y c\u00f9ng F-x Bike kh\u00e1m ph\u00e1 chi ti\u1ebft chi\u1ebfc xe n\u00e0y nh\u00e9 !!!<\/h3>\n<p>\u2714 Khung h\u1ee3p kim nh\u00f4m nh\u1eb9 X6<br \/>\n\u2714 Phu\u1ed9c nh\u00f4m, gi\u1ea3m s\u00f3c h\u01a1i c\u00f3 kh\u00f3a h\u00e0nh tr\u00ecnh Remote Lock<br \/>\n\u2714 Tay b\u1ea5m Shimano Acera M3000 27 T\u1ed1c \u0110\u1ed9 ( Nh\u1eadt B\u1ea3n )<br \/>\n\u2714 C\u1ee7 \u0111\u1ec1 Shimano Altus RD-M2000 9s ( Nh\u1eadt B\u1ea3n )<br \/>\n\u2714 G\u1ea1t \u0111\u1ec1 Shimano Altus FD-M2000 3s ( Nh\u1eadt B\u1ea3n )<br \/>\n\u2714 L\u00edp Shimano 9 t\u1ea7ng 27 c\u1ea5p \u0111\u1ed9<br \/>\n\u2714 Phanh \u0110\u0129a D\u1ea7u T\u1ea3n Nhi\u1ec7t Shimano MT200<br \/>\n\u2714 Tr\u1ee5c r\u1ed7ng Nh\u00f4m, \u0110\u00f9i \u0111\u0129a nh\u00f4m Sundance 42\/34\/28T<br \/>\n\u2714 B\u1ed9 ghi tay th\u1eb3ng, c\u1ecdc y\u00ean, potang nh\u00f4m X6<br \/>\n\u2714 S\u0103m l\u1ed1p Maxxis 27.5\u00d71.95<br \/>\n\u2714 Y\u00ean Da M\u1ec1m Xds<br \/>\n\u2714 M\u00e0u s\u1eafc: \u0110en \u0110\u1ecf, \u0110en Xanh Bi\u1ec3n<br \/>\n\u2714 C\u00e2n N\u1eb7ng: 12kg<br \/>\n\u2714 Ph\u00f9 h\u1ee3p chi\u1ec1u cao t\u1eeb 1m6 \u2013 1m8<\/p>\n<figure id=\"attachment_15275\" class=\"wp-caption aligncenter\" aria-describedby=\"caption-attachment-15275\"><img loading=\"lazy\" class=\"wp-image-15275 size-full\" src=\"https:\/\/xedaphn.net\/wp-content\/uploads\/2019\/11\/XDS-Sundance-800-Plus-1.jpg\" alt=\"Xe \u0110\u1ea1p Th\u1ec3 Thao XdS Sundance 800 Plus \u0110en Xanh Bi\u1ec3n\" width=\"1024\" height=\"683\" \/><figcaption id=\"caption-attachment-15275\" class=\"wp-caption-text\">Xe \u0110\u1ea1p Th\u1ec3 Thao XdS Sundance 800 Plus \u0110en Xanh Bi\u1ec3n<\/figcaption><\/figure>\n<figure id=\"attachment_15276\" class=\"wp-caption aligncenter\" aria-describedby=\"caption-attachment-15276\"><img loading=\"lazy\" class=\"wp-image-15276 size-full\" src=\"https:\/\/xedaphn.net\/wp-content\/uploads\/2019\/11\/XDS-Sundance-800-Plus-2.jpg\" alt=\"G\u00f3c nh\u00ecn t\u1ed5ng th\u1ec3 XdS Sundance 800 Plus\" width=\"1024\" height=\"683\" \/><figcaption id=\"caption-attachment-15276\" class=\"wp-caption-text\">G\u00f3c nh\u00ecn t\u1ed5ng th\u1ec3 XdS Sundance 800 Plus<\/figcaption><\/figure>\n<figure id=\"attachment_15277\" class=\"wp-caption aligncenter\" aria-describedby=\"caption-attachment-15277\"><img loading=\"lazy\" class=\"wp-image-15277 size-full\" src=\"https:\/\/xedaphn.net\/wp-content\/uploads\/2019\/11\/XDS-Sundance-800-Plus-3.jpg\" alt=\"Khung H\u1ee3p Kim Nh\u00f4m X6  chuy\u00ean d\u00f9ng cho khung m\u00e1y bay\" width=\"1024\" height=\"683\" \/><figcaption id=\"caption-attachment-15277\" class=\"wp-caption-text\">Khung H\u1ee3p Kim Nh\u00f4m X6 chuy\u00ean d\u00f9ng cho khung m\u00e1y bay<\/figcaption><\/figure>\n<figure id=\"attachment_15278\" class=\"wp-caption aligncenter\" aria-describedby=\"caption-attachment-15278\"><img loading=\"lazy\" class=\"wp-image-15278 size-full\" src=\"https:\/\/xedaphn.net\/wp-content\/uploads\/2019\/11\/XDS-Sundance-800-Plus-4.jpg\" alt=\"Ch\u1eef XdS In N\u1ed5i 3D gi\u00fap ph\u00e2n bi\u1ec7t h\u00e0ng ch\u00ednh h\u00e3ng\" width=\"1024\" height=\"683\" \/><figcaption id=\"caption-attachment-15278\" class=\"wp-caption-text\">Ch\u1eef XdS In N\u1ed5i 3D gi\u00fap ph\u00e2n bi\u1ec7t h\u00e0ng ch\u00ednh h\u00e3ng<\/figcaption><\/figure>\n<figure id=\"attachment_15279\" class=\"wp-caption aligncenter\" aria-describedby=\"caption-attachment-15279\"><img loading=\"lazy\" class=\"wp-image-15279 size-full\" src=\"https:\/\/xedaphn.net\/wp-content\/uploads\/2019\/11\/XDS-Sundance-800-Plus-5.jpg\" alt=\"Ghi \u0110\u00f4ng, Potang, B\u00e1t Ph\u1ed1t c\u0169ng \u0111\u01b0\u1ee3c l\u00e0m t\u1eeb Nh\u00f4m X6 nh\u1eb9 nh\u00e0ng v\u00e0 ch\u1eafc ch\u1eafn\" width=\"1024\" height=\"683\" \/><figcaption id=\"caption-attachment-15279\" class=\"wp-caption-text\">Ghi \u0110\u00f4ng, Potang, B\u00e1t Ph\u1ed1t c\u0169ng \u0111\u01b0\u1ee3c l\u00e0m t\u1eeb Nh\u00f4m X6 nh\u1eb9 nh\u00e0ng v\u00e0 ch\u1eafc ch\u1eafn<\/figcaption><\/figure>\n<figure id=\"attachment_15280\" class=\"wp-caption aligncenter\" aria-describedby=\"caption-attachment-15280\"><img loading=\"lazy\" class=\"wp-image-15280 size-full\" src=\"https:\/\/xedaphn.net\/wp-content\/uploads\/2019\/11\/XDS-Sundance-800-Plus-6.jpg\" alt=\"B\u1ed9 Chuy\u1ec3n \u0110\u1ed9ng tr\u01b0\u1edbc m\u01b0\u1ee3t m\u00e0 ch\u1eafc ch\u1eafn\" width=\"1024\" height=\"683\" \/><figcaption id=\"caption-attachment-15280\" class=\"wp-caption-text\">B\u1ed9 Chuy\u1ec3n \u0110\u1ed9ng tr\u01b0\u1edbc m\u01b0\u1ee3t m\u00e0 ch\u1eafc ch\u1eafn<\/figcaption><\/figure>\n<figure id=\"attachment_15281\" class=\"wp-caption aligncenter\" aria-describedby=\"caption-attachment-15281\"><img loading=\"lazy\" class=\"wp-image-15281 size-full\" src=\"https:\/\/xedaphn.net\/wp-content\/uploads\/2019\/11\/XDS-Sundance-800-Plus-7.jpg\" alt=\"B\u1ed9 chuy\u1ec3n \u0111\u1ed9ng sau ho\u1ea1t \u0111\u1ed9ng c\u1ef1c tr\u01a1n tru\" width=\"1024\" height=\"683\" \/><figcaption id=\"caption-attachment-15281\" class=\"wp-caption-text\">B\u1ed9 chuy\u1ec3n \u0111\u1ed9ng sau ho\u1ea1t \u0111\u1ed9ng c\u1ef1c tr\u01a1n tru<\/figcaption><\/figure>\n<figure id=\"attachment_15282\" class=\"wp-caption aligncenter\" aria-describedby=\"caption-attachment-15282\"><img loading=\"lazy\" class=\"wp-image-15282 size-full\" src=\"https:\/\/xedaphn.net\/wp-content\/uploads\/2019\/11\/XDS-Sundance-800-Plus-8.jpg\" alt=\"Y\u00ean Da M\u1ec1m C\u00f9ng H\u00e3ng XdS\" width=\"1024\" height=\"683\" \/><figcaption id=\"caption-attachment-15282\" class=\"wp-caption-text\">Y\u00ean Da M\u1ec1m C\u00f9ng H\u00e3ng XdS<\/figcaption><\/figure>\n<figure id=\"attachment_15283\" class=\"wp-caption aligncenter\" aria-describedby=\"caption-attachment-15283\"><img loading=\"lazy\" class=\"wp-image-15283 size-full\" src=\"https:\/\/xedaphn.net\/wp-content\/uploads\/2019\/11\/XDS-Sundance-800-Plus-9.jpg\" alt=\"C\u00e0ng Tr\u01b0\u1edbc c\u00f3 kh\u00f3a h\u00e0nh tr\u00ecnh\" width=\"1024\" height=\"683\" \/><figcaption id=\"caption-attachment-15283\" class=\"wp-caption-text\">C\u00e0ng Tr\u01b0\u1edbc c\u00f3 kh\u00f3a h\u00e0nh tr\u00ecnh<\/figcaption><\/figure>\n<figure id=\"attachment_15284\" class=\"wp-caption aligncenter\" aria-describedby=\"caption-attachment-15284\"><img loading=\"lazy\" class=\"wp-image-15284 size-full\" src=\"https:\/\/xedaphn.net\/wp-content\/uploads\/2019\/11\/XDS-Sundance-800-Plus-10.jpg\" alt=\"Kh\u00f3a H\u00e0nh Tr\u00ecnh \u0110i\u1ec1u Khi\u1ec3n b\u1eb1ng d\u00e2y tay b\u1ea5m\" width=\"1024\" height=\"683\" \/><figcaption id=\"caption-attachment-15284\" class=\"wp-caption-text\">Kh\u00f3a H\u00e0nh Tr\u00ecnh \u0110i\u1ec1u Khi\u1ec3n b\u1eb1ng d\u00e2y tay b\u1ea5m<\/figcaption><\/figure>\n<figure id=\"attachment_15285\" class=\"wp-caption aligncenter\" aria-describedby=\"caption-attachment-15285\"><img loading=\"lazy\" class=\"wp-image-15285 size-full\" src=\"https:\/\/xedaphn.net\/wp-content\/uploads\/2019\/11\/XDS-Sundance-800-Plus-11.jpg\" alt=\"Tay B\u1ea5m \u0110i\u1ec1u Khi\u1ec3n Kh\u00f3a H\u00e0nh Tr\u00ecnh ch\u1ec9 nh\u1eefng xe Cao C\u1ea5p m\u1edbi c\u00f3\" width=\"1024\" height=\"683\" \/><figcaption id=\"caption-attachment-15285\" class=\"wp-caption-text\">Tay B\u1ea5m \u0110i\u1ec1u Khi\u1ec3n Kh\u00f3a H\u00e0nh Tr\u00ecnh ch\u1ec9 nh\u1eefng xe Cao C\u1ea5p m\u1edbi c\u00f3<\/figcaption><\/figure>\n<figure id=\"attachment_15286\" class=\"wp-caption aligncenter\" aria-describedby=\"caption-attachment-15286\"><img loading=\"lazy\" class=\"wp-image-15286 size-full\" src=\"https:\/\/xedaphn.net\/wp-content\/uploads\/2019\/11\/XDS-Sundance-800-Plus-12.jpg\" alt=\"S\u0103m L\u1ed1p Cao C\u1ea5p Maxxis 26x1.95\" width=\"1024\" height=\"683\" \/><figcaption id=\"caption-attachment-15286\" class=\"wp-caption-text\">S\u0103m L\u1ed1p Cao C\u1ea5p Maxxis 26\u00d71.95<\/figcaption><\/figure>\n<figure id=\"attachment_15287\" class=\"wp-caption aligncenter\" aria-describedby=\"caption-attachment-15287\"><img loading=\"lazy\" class=\"wp-image-15287 size-full\" src=\"https:\/\/xedaphn.net\/wp-content\/uploads\/2019\/11\/XDS-Sundance-800-Plus-13.jpg\" alt=\"B\u1ed9 \u0110\u00f9i \u0110\u0129a Tr\u1edbn Tr\u01a1n Sundance\" width=\"1024\" height=\"683\" \/><figcaption id=\"caption-attachment-15287\" class=\"wp-caption-text\">B\u1ed9 \u0110\u00f9i \u0110\u0129a Tr\u1edbn Tr\u01a1n Sundance<\/figcaption><\/figure>\n<figure id=\"attachment_15288\" class=\"wp-caption aligncenter\" aria-describedby=\"caption-attachment-15288\"><img loading=\"lazy\" class=\"wp-image-15288 size-full\" src=\"https:\/\/xedaphn.net\/wp-content\/uploads\/2019\/11\/XDS-Sundance-800-Plus-14.jpg\" alt=\"C\u1ee7 \u0111\u1ec1 Shimano Altus 9 C\u1ea5p \u0110\u1ed9 (Nh\u1eadt B\u1ea3n)\" width=\"1024\" height=\"683\" \/><figcaption id=\"caption-attachment-15288\" class=\"wp-caption-text\">C\u1ee7 \u0111\u1ec1 Shimano Altus 9 C\u1ea5p \u0110\u1ed9 (Nh\u1eadt B\u1ea3n)<\/figcaption><\/figure>\n<figure id=\"attachment_15289\" class=\"wp-caption aligncenter\" aria-describedby=\"caption-attachment-15289\"><img loading=\"lazy\" class=\"wp-image-15289 size-full\" src=\"https:\/\/xedaphn.net\/wp-content\/uploads\/2019\/11\/XDS-Sundance-800-Plus-15.jpg\" alt=\"X\u00edch L\u00edp SHimano CS-HG200 9 T\u00e2ng\" width=\"1024\" height=\"683\" \/><figcaption id=\"caption-attachment-15289\" class=\"wp-caption-text\">X\u00edch L\u00edp SHimano CS-HG200 9 T\u00e2ng<\/figcaption><\/figure>\n<figure id=\"attachment_15290\" class=\"wp-caption aligncenter\" aria-describedby=\"caption-attachment-15290\"><img loading=\"lazy\" class=\"wp-image-15290 size-full\" src=\"https:\/\/xedaphn.net\/wp-content\/uploads\/2019\/11\/XDS-Sundance-800-Plus-16.jpg\" alt=\"Phanh \u0110\u0129a D\u1ea7u T\u1ea3n Nhi\u1ec7t Shimano (Nh\u1eadt B\u1ea3n)\" width=\"1024\" height=\"683\" \/><figcaption id=\"caption-attachment-15290\" class=\"wp-caption-text\">Phanh \u0110\u0129a D\u1ea7u T\u1ea3n Nhi\u1ec7t Shimano (Nh\u1eadt B\u1ea3n)<\/figcaption><\/figure>\n<figure id=\"attachment_15291\" class=\"wp-caption aligncenter\" aria-describedby=\"caption-attachment-15291\"><img loading=\"lazy\" class=\"wp-image-15291 size-full\" src=\"https:\/\/xedaphn.net\/wp-content\/uploads\/2019\/11\/XDS-Sundance-800-Plus-17.jpg\" alt=\"Thi\u1ebft k\u1ebf \u0111i d\u00e2y \u00e2m khung g\u1ecdn g\u00e0ng thanh tho\u00e1t\" width=\"1024\" height=\"683\" \/><figcaption id=\"caption-attachment-15291\" class=\"wp-caption-text\">Thi\u1ebft k\u1ebf \u0111i d\u00e2y \u00e2m khung g\u1ecdn g\u00e0ng thanh tho\u00e1t<\/figcaption><\/figure>\n<figure id=\"attachment_15292\" class=\"wp-caption aligncenter\" aria-describedby=\"caption-attachment-15292\"><img loading=\"lazy\" class=\"wp-image-15292 size-full\" src=\"https:\/\/xedaphn.net\/wp-content\/uploads\/2019\/11\/XDS-Sundance-800-Plus-18.jpg\" alt=\"Tay B\u1ea5m Shimano Acera 3S (Nh\u1eadt B\u1ea3n)\" width=\"1024\" height=\"683\" \/><figcaption id=\"caption-attachment-15292\" class=\"wp-caption-text\">Tay B\u1ea5m Shimano Acera 3S (Nh\u1eadt B\u1ea3n)<\/figcaption><\/figure>\n<figure id=\"attachment_15293\" class=\"wp-caption aligncenter\" aria-describedby=\"caption-attachment-15293\"><img loading=\"lazy\" class=\"wp-image-15293 size-full\" src=\"https:\/\/xedaphn.net\/wp-content\/uploads\/2019\/11\/XDS-Sundance-800-Plus-19.jpg\" alt=\"Tay B\u1ea5m Shimano Acera 9S (Nh\u1eadt B\u1ea3n)\" width=\"1024\" height=\"683\" \/><figcaption id=\"caption-attachment-15293\" class=\"wp-caption-text\">Tay B\u1ea5m Shimano Acera 9S (Nh\u1eadt B\u1ea3n)<\/figcaption><\/figure>\n","protected":false},"excerpt":{"rendered":"<p>L\u00e0 phi\u00ean b\u1ea3n cao c\u1ea5p h\u01a1n c\u1ee7a XdS Sundance 800 Plus. Xe \u0111\u01b0\u1ee3c trang b\u1ecb khung h\u1ee3p kim nh\u00f4m X6 th\u01b0\u1eddng \u0111\u01b0\u1ee3c d\u00f9ng trong ch\u1ebf t\u1ea1o khung m\u00e1y bay gi\u00fap chi\u1ebfc xe c\u1ee9ng h\u01a1n 30-50% v\u00e0 nh\u1eb9 h\u01a1n c\u1ea3 khung Nh\u00f4m 6061. B\u1ed9 chuy\u1ec3n \u0111\u1ed9ng Shimano Acera 27 C\u1ea5p \u0110\u1ed9 ( Nh\u1eadt B\u1ea3n ) c\u1ef1c &#8230;<\/p>\n","protected":false},"featured_media":180,"comment_status":"open","ping_status":"closed","template":"","meta":[],"_links":{"self":[{"href":"https:\/\/webmaibinh.com\/w\/xedap2011\/wp-json\/wp\/v2\/product\/179"}],"collection":[{"href":"https:\/\/webmaibinh.com\/w\/xedap2011\/wp-json\/wp\/v2\/product"}],"about":[{"href":"https:\/\/webmaibinh.com\/w\/xedap2011\/wp-json\/wp\/v2\/types\/product"}],"replies":[{"embeddable":true,"href":"https:\/\/webmaibinh.com\/w\/xedap2011\/wp-json\/wp\/v2\/comments?post=179"}],"wp:featuredmedia":[{"embeddable":true,"href":"https:\/\/webmaibinh.com\/w\/xedap2011\/wp-json\/wp\/v2\/media\/180"}],"wp:attachment":[{"href":"https:\/\/webmaibinh.com\/w\/xedap2011\/wp-json\/wp\/v2\/media?parent=179"}],"curies":[{"name":"wp","href":"https:\/\/api.w.org\/{rel}","templated":true}]}}