{"id":33,"date":"2020-02-25T13:17:14","date_gmt":"2020-02-25T06:17:14","guid":{"rendered":"http:\/\/vienthong.muathemewordpress.net\/?page_id=33"},"modified":"2020-02-25T17:21:35","modified_gmt":"2020-02-25T10:21:35","slug":"internet-leased-line","status":"publish","type":"page","link":"https:\/\/webmaibinh.com\/w\/vienthong2011\/kenh-truyen\/internet-leased-line\/","title":{"rendered":"Internet Leased Line"},"content":{"rendered":"\t<section class=\"section san-pham-section dark\" id=\"section_1297113971\">\n\t\t<div class=\"bg section-bg fill bg-fill  \" >\n\n\t\t\t\n\t\t\t\n\t\t\t\n\n\t\t<\/div>\n\n\t\t<div class=\"section-content relative\">\n\t\t\t\n<div class=\"row\"  id=\"row-1757407221\">\n\n\t<div class=\"col small-12 large-12\"  >\n\t\t<div class=\"col-inner\"  >\n\t\t\t\n\t\t\t\n<h2 style=\"text-align: center;\"><span style=\"font-size: 120%;\">INTERNET LEASED LINE<\/span><\/h2>\n\t\t<\/div>\n\t<\/div>\n\n\t\n<\/div>\n\t\t<\/div>\n\n\t\t\n<style scope=\"scope\">\n\n#section_1297113971 {\n  padding-top: 52px;\n  padding-bottom: 52px;\n}\n#section_1297113971 .section-bg.bg-loaded {\n  background-image: url(https:\/\/webmaibinh.com\/w\/vienthong2011\/wp-content\/uploads\/2020\/02\/bg-gioi-thieu.jpg);\n}\n<\/style>\n\t<\/section>\n\t\n\t<section class=\"section\" id=\"section_1760939970\">\n\t\t<div class=\"bg section-bg fill bg-fill  bg-loaded\" >\n\n\t\t\t\n\t\t\t\n\t\t\t\n\n\t\t<\/div>\n\n\t\t<div class=\"section-content relative\">\n\t\t\t\n<div class=\"row\"  id=\"row-1547422713\">\n\n\t<div class=\"col small-12 large-12\"  >\n\t\t<div class=\"col-inner\"  >\n\t\t\t\n\t\t\t\n<p>N\u1ed9i dung \u0111ang \u0111\u01b0\u1ee3c c\u1eadp nh\u1eadt&#8230;<\/p>\n\t\t<\/div>\n\t<\/div>\n\n\t\n<\/div>\n\t\t<\/div>\n\n\t\t\n<style scope=\"scope\">\n\n#section_1760939970 {\n  padding-top: 46px;\n  padding-bottom: 46px;\n}\n<\/style>\n\t<\/section>\n\t\n\t<section class=\"section san-pham-section\" id=\"section_1402200790\">\n\t\t<div class=\"bg section-bg fill bg-fill  bg-loaded\" >\n\n\t\t\t\n\t\t\t\n\t\t\t\n\n\t\t<\/div>\n\n\t\t<div class=\"section-content relative\">\n\t\t\t\n<div class=\"row\"  id=\"row-736504938\">\n\n\t<div class=\"col small-12 large-12\"  >\n\t\t<div class=\"col-inner\"  >\n\t\t\t\n\t\t\t\n<div class=\"container section-title-container\" ><h2 class=\"section-title section-title-center\"><b><\/b><span class=\"section-title-main\" style=\"color:rgb(255, 111, 0);\">Tin t\u1ee9c - b\u00e0i vi\u1ebft<\/span><b><\/b><\/h2><\/div>\n\t<div id=\"gap-1248673878\" class=\"gap-element clearfix\" style=\"display:block; height:auto;\">\n\t\t\n<style scope=\"scope\">\n\n#gap-1248673878 {\n  padding-top: 21px;\n}\n<\/style>\n\t<\/div>\n\t\n\n  \n    <div class=\"row list-post large-columns-3 medium-columns-1 small-columns-1 row-small slider row-slider slider-nav-simple slider-nav-outside slider-nav-push\"  data-flickity-options='{\"imagesLoaded\": true, \"groupCells\": \"100%\", \"dragThreshold\" : 5, \"cellAlign\": \"left\",\"wrapAround\": true,\"prevNextButtons\": true,\"percentPosition\": true,\"pageDots\": false, \"rightToLeft\": false, \"autoPlay\" : false}'>\n\n  \t\t<div class=\"col post-item\" >\n\t\t\t<div class=\"col-inner\">\n\t\t\t<a href=\"https:\/\/webmaibinh.com\/w\/vienthong2011\/canh-bao-lua-dao-gia-han-chung-thu-so-viettel-ca\/\" class=\"plain\">\n\t\t\t\t<div class=\"box box-normal box-text-bottom box-blog-post has-hover\">\n            \t\t\t\t\t<div class=\"box-image\" >\n  \t\t\t\t\t\t<div class=\"image-zoom image-cover\" style=\"padding-top:65%;\">\n  \t\t\t\t\t\t\t<img width=\"400\" height=\"263\" src=\"https:\/\/webmaibinh.com\/w\/vienthong2011\/wp-content\/uploads\/2020\/02\/post3.jpg\" class=\"attachment-original size-original wp-post-image\" alt=\"\" loading=\"lazy\" srcset=\"https:\/\/webmaibinh.com\/w\/vienthong2011\/wp-content\/uploads\/2020\/02\/post3.jpg 400w, https:\/\/webmaibinh.com\/w\/vienthong2011\/wp-content\/uploads\/2020\/02\/post3-300x197.jpg 300w\" sizes=\"(max-width: 400px) 100vw, 400px\" \/>  \t\t\t\t\t\t\t  \t\t\t\t\t\t\t  \t\t\t\t\t\t<\/div>\n  \t\t\t\t\t\t  \t\t\t\t\t<\/div>\n          \t\t\t\t\t<div class=\"box-text text-left\" >\n\t\t\t\t\t<div class=\"box-text-inner blog-post-inner\">\n\n\t\t\t\t\t\n\t\t\t\t\t\t\t\t\t\t<h5 class=\"post-title is-large \">C\u1ea3nh b\u00e1o l\u1eeba \u0111\u1ea3o gia h\u1ea1n ch\u1ee9ng th\u01b0 s\u1ed1 Viettel-Ca<\/h5>\n\t\t\t\t\t\t\t\t\t\t<div class=\"is-divider\"><\/div>\n\t\t\t\t\t\t\t\t\t\t<p class=\"from_the_blog_excerpt \">Trong th\u1eddi gian g\u1ea7n \u0111\u00e2y, c\u00f3 m\u1ed9t s\u1ed1 \u0111\u1ed1i t\u01b0\u1ee3ng l\u1eeba \u0111\u1ea3o \u0111\u00e3 gi\u1ea3 danh ...\t\t\t\t\t<\/p>\n\t\t\t\t\t                    \n\t\t\t\t\t\n\t\t\t\t\t\n\t\t\t\t\t<\/div>\n\t\t\t\t\t<\/div>\n\t\t\t\t\t\t\t\t\t<\/div>\n\t\t\t\t<\/a>\n\t\t\t<\/div>\n\t\t<\/div>\n\t\t<div class=\"col post-item\" >\n\t\t\t<div class=\"col-inner\">\n\t\t\t<a href=\"https:\/\/webmaibinh.com\/w\/vienthong2011\/thong-bao-trien-khai-mo-rong-dich-vu-thue-dien-tu-etax-service\/\" class=\"plain\">\n\t\t\t\t<div class=\"box box-normal box-text-bottom box-blog-post has-hover\">\n            \t\t\t\t\t<div class=\"box-image\" >\n  \t\t\t\t\t\t<div class=\"image-zoom image-cover\" style=\"padding-top:65%;\">\n  \t\t\t\t\t\t\t<img width=\"289\" height=\"175\" src=\"https:\/\/webmaibinh.com\/w\/vienthong2011\/wp-content\/uploads\/2020\/02\/images-2.jpg\" class=\"attachment-original size-original wp-post-image\" alt=\"\" loading=\"lazy\" \/>  \t\t\t\t\t\t\t  \t\t\t\t\t\t\t  \t\t\t\t\t\t<\/div>\n  \t\t\t\t\t\t  \t\t\t\t\t<\/div>\n          \t\t\t\t\t<div class=\"box-text text-left\" >\n\t\t\t\t\t<div class=\"box-text-inner blog-post-inner\">\n\n\t\t\t\t\t\n\t\t\t\t\t\t\t\t\t\t<h5 class=\"post-title is-large \">Th\u00f4ng b\u00e1o tri\u1ec3n khai m\u1edf r\u1ed9ng D\u1ecbch v\u1ee5 Thu\u1ebf \u0111i\u1ec7n t\u1eed (eTax Service)<\/h5>\n\t\t\t\t\t\t\t\t\t\t<div class=\"is-divider\"><\/div>\n\t\t\t\t\t\t\t\t\t\t<p class=\"from_the_blog_excerpt \">Th\u1ef1c hi\u1ec7n k\u1ebf ho\u1ea1ch tri\u1ec3n khai m\u1edf r\u1ed9ng D\u1ecbch v\u1ee5 thu\u1ebf \u0111i\u1ec7n t\u1eed (eTax), t\u1eeb ...\t\t\t\t\t<\/p>\n\t\t\t\t\t                    \n\t\t\t\t\t\n\t\t\t\t\t\n\t\t\t\t\t<\/div>\n\t\t\t\t\t<\/div>\n\t\t\t\t\t\t\t\t\t<\/div>\n\t\t\t\t<\/a>\n\t\t\t<\/div>\n\t\t<\/div>\n\t\t<div class=\"col post-item\" >\n\t\t\t<div class=\"col-inner\">\n\t\t\t<a href=\"https:\/\/webmaibinh.com\/w\/vienthong2011\/huong-dan-tra-cuu-thoi-han-cts-tren-website-dich-vu-viettel-ca\/\" class=\"plain\">\n\t\t\t\t<div class=\"box box-normal box-text-bottom box-blog-post has-hover\">\n            \t\t\t\t\t<div class=\"box-image\" >\n  \t\t\t\t\t\t<div class=\"image-zoom image-cover\" style=\"padding-top:65%;\">\n  \t\t\t\t\t\t\t<img width=\"600\" height=\"433\" src=\"https:\/\/webmaibinh.com\/w\/vienthong2011\/wp-content\/uploads\/2020\/02\/ngoc.png\" class=\"attachment-original size-original wp-post-image\" alt=\"\" loading=\"lazy\" srcset=\"https:\/\/webmaibinh.com\/w\/vienthong2011\/wp-content\/uploads\/2020\/02\/ngoc.png 600w, https:\/\/webmaibinh.com\/w\/vienthong2011\/wp-content\/uploads\/2020\/02\/ngoc-300x217.png 300w\" sizes=\"(max-width: 600px) 100vw, 600px\" \/>  \t\t\t\t\t\t\t  \t\t\t\t\t\t\t  \t\t\t\t\t\t<\/div>\n  \t\t\t\t\t\t  \t\t\t\t\t<\/div>\n          \t\t\t\t\t<div class=\"box-text text-left\" >\n\t\t\t\t\t<div class=\"box-text-inner blog-post-inner\">\n\n\t\t\t\t\t\n\t\t\t\t\t\t\t\t\t\t<h5 class=\"post-title is-large \">H\u01b0\u1edbng d\u1eabn tra c\u1ee9u th\u1eddi h\u1ea1n CTS tr\u00ean website d\u1ecbch v\u1ee5 Viettel-Ca<\/h5>\n\t\t\t\t\t\t\t\t\t\t<div class=\"is-divider\"><\/div>\n\t\t\t\t\t\t\t\t\t\t<p class=\"from_the_blog_excerpt \">\u0110\u1ec3 tra c\u1ee9u th\u1eddi gian s\u1eed d\u1ee5ng ch\u1ee9ng th\u01b0 s\u1ed1 tr\u00ean website d\u1ecbch v\u1ee5 Viettel-CA ...\t\t\t\t\t<\/p>\n\t\t\t\t\t                    \n\t\t\t\t\t\n\t\t\t\t\t\n\t\t\t\t\t<\/div>\n\t\t\t\t\t<\/div>\n\t\t\t\t\t\t\t\t\t<\/div>\n\t\t\t\t<\/a>\n\t\t\t<\/div>\n\t\t<\/div>\n\t\t<div class=\"col post-item\" >\n\t\t\t<div class=\"col-inner\">\n\t\t\t<a href=\"https:\/\/webmaibinh.com\/w\/vienthong2011\/thoi-han-nop-to-ke-khai-thue-quy-iv-2019-va-nop-le-phi-mon-bai-nam-2020\/\" class=\"plain\">\n\t\t\t\t<div class=\"box box-normal box-text-bottom box-blog-post has-hover\">\n            \t\t\t\t\t<div class=\"box-image\" >\n  \t\t\t\t\t\t<div class=\"image-zoom image-cover\" style=\"padding-top:65%;\">\n  \t\t\t\t\t\t\t<img width=\"290\" height=\"174\" src=\"https:\/\/webmaibinh.com\/w\/vienthong2011\/wp-content\/uploads\/2020\/02\/images-1.jpg\" class=\"attachment-original size-original wp-post-image\" alt=\"\" loading=\"lazy\" \/>  \t\t\t\t\t\t\t  \t\t\t\t\t\t\t  \t\t\t\t\t\t<\/div>\n  \t\t\t\t\t\t  \t\t\t\t\t<\/div>\n          \t\t\t\t\t<div class=\"box-text text-left\" >\n\t\t\t\t\t<div class=\"box-text-inner blog-post-inner\">\n\n\t\t\t\t\t\n\t\t\t\t\t\t\t\t\t\t<h5 class=\"post-title is-large \">Th\u1eddi h\u1ea1n n\u1ed9p t\u1edd k\u00ea khai thu\u1ebf qu\u00fd IV\/2019 v\u00e0 n\u1ed9p l\u1ec7 ph\u00ed m\u00f4n b\u00e0i n\u0103m 2020<\/h5>\n\t\t\t\t\t\t\t\t\t\t<div class=\"is-divider\"><\/div>\n\t\t\t\t\t\t\t\t\t\t<p class=\"from_the_blog_excerpt \">Theo quy \u0111\u1ecbnh c\u1ee7a T\u1ed5ng c\u1ee5c Thu\u1ebf, h\u1ea1n \u0111\u1ec3 n\u1ed9p h\u1ed3 s\u01a1 khai thu\u1ebf c\u1ee7a ...\t\t\t\t\t<\/p>\n\t\t\t\t\t                    \n\t\t\t\t\t\n\t\t\t\t\t\n\t\t\t\t\t<\/div>\n\t\t\t\t\t<\/div>\n\t\t\t\t\t\t\t\t\t<\/div>\n\t\t\t\t<\/a>\n\t\t\t<\/div>\n\t\t<\/div>\n\t\t<div class=\"col post-item\" >\n\t\t\t<div class=\"col-inner\">\n\t\t\t<a href=\"https:\/\/webmaibinh.com\/w\/vienthong2011\/thong-bao-ve-viec-trien-khai-dich-vu-thue-dien-tu-etax-services-cho-tp-ho-chi-minh\/\" class=\"plain\">\n\t\t\t\t<div class=\"box box-normal box-text-bottom box-blog-post has-hover\">\n            \t\t\t\t\t<div class=\"box-image\" >\n  \t\t\t\t\t\t<div class=\"image-zoom image-cover\" style=\"padding-top:65%;\">\n  \t\t\t\t\t\t\t<img width=\"300\" height=\"157\" src=\"https:\/\/webmaibinh.com\/w\/vienthong2011\/wp-content\/uploads\/2020\/02\/etax-300x157-1.jpg\" class=\"attachment-original size-original wp-post-image\" alt=\"\" loading=\"lazy\" \/>  \t\t\t\t\t\t\t  \t\t\t\t\t\t\t  \t\t\t\t\t\t<\/div>\n  \t\t\t\t\t\t  \t\t\t\t\t<\/div>\n          \t\t\t\t\t<div class=\"box-text text-left\" >\n\t\t\t\t\t<div class=\"box-text-inner blog-post-inner\">\n\n\t\t\t\t\t\n\t\t\t\t\t\t\t\t\t\t<h5 class=\"post-title is-large \">Th\u00f4ng b\u00e1o v\u1ec1 vi\u1ec7c tri\u1ec3n khai d\u1ecbch v\u1ee5 Thu\u1ebf \u0111i\u1ec7n t\u1eed (eTax services) cho TP. H\u1ed3 Ch\u00ed Minh<\/h5>\n\t\t\t\t\t\t\t\t\t\t<div class=\"is-divider\"><\/div>\n\t\t\t\t\t\t\t\t\t\t<p class=\"from_the_blog_excerpt \">T\u1ed4NG C\u1ee4C THU\u1ebe TH\u00d4NG B\u00c1O V\u1ec1 vi\u1ec7c chuy\u1ec3n \u0111\u1ed5i h\u1ec7 th\u1ed1ng iHTKK, NT\u0110T sang h\u1ec7 ...\t\t\t\t\t<\/p>\n\t\t\t\t\t                    \n\t\t\t\t\t\n\t\t\t\t\t\n\t\t\t\t\t<\/div>\n\t\t\t\t\t<\/div>\n\t\t\t\t\t\t\t\t\t<\/div>\n\t\t\t\t<\/a>\n\t\t\t<\/div>\n\t\t<\/div>\n<\/div>\n\t\t<\/div>\n\t<\/div>\n\n\t\n<\/div>\n\t\t<\/div>\n\n\t\t\n<style scope=\"scope\">\n\n#section_1402200790 {\n  padding-top: 30px;\n  padding-bottom: 30px;\n  background-color: rgb(249, 249, 249);\n}\n<\/style>\n\t<\/section>\n\t\n","protected":false},"excerpt":{"rendered":"","protected":false},"author":1,"featured_media":143,"parent":141,"menu_order":0,"comment_status":"closed","ping_status":"closed","template":"page-blank.php","meta":[],"_links":{"self":[{"href":"https:\/\/webmaibinh.com\/w\/vienthong2011\/wp-json\/wp\/v2\/pages\/33"}],"collection":[{"href":"https:\/\/webmaibinh.com\/w\/vienthong2011\/wp-json\/wp\/v2\/pages"}],"about":[{"href":"https:\/\/webmaibinh.com\/w\/vienthong2011\/wp-json\/wp\/v2\/types\/page"}],"author":[{"embeddable":true,"href":"https:\/\/webmaibinh.com\/w\/vienthong2011\/wp-json\/wp\/v2\/users\/1"}],"replies":[{"embeddable":true,"href":"https:\/\/webmaibinh.com\/w\/vienthong2011\/wp-json\/wp\/v2\/comments?post=33"}],"version-history":[{"count":0,"href":"https:\/\/webmaibinh.com\/w\/vienthong2011\/wp-json\/wp\/v2\/pages\/33\/revisions"}],"up":[{"embeddable":true,"href":"https:\/\/webmaibinh.com\/w\/vienthong2011\/wp-json\/wp\/v2\/pages\/141"}],"wp:featuredmedia":[{"embeddable":true,"href":"https:\/\/webmaibinh.com\/w\/vienthong2011\/wp-json\/wp\/v2\/media\/143"}],"wp:attachment":[{"href":"https:\/\/webmaibinh.com\/w\/vienthong2011\/wp-json\/wp\/v2\/media?parent=33"}],"curies":[{"name":"wp","href":"https:\/\/api.w.org\/{rel}","templated":true}]}}