{"id":440,"date":"2019-05-20T16:23:44","date_gmt":"2019-05-20T09:23:44","guid":{"rendered":"https:\/\/vesinhcongnghiep.khowebseotop.vn\/?page_id=440"},"modified":"2019-05-20T16:27:28","modified_gmt":"2019-05-20T09:27:28","slug":"dich-vu-ve-sinh-theo-gio","status":"publish","type":"page","link":"https:\/\/webmaibinh.com\/w\/vesinh2011\/dich-vu-ve-sinh-theo-gio\/","title":{"rendered":"D\u1ecbch v\u1ee5 v\u1ec7 sinh theo gi\u1edd"},"content":{"rendered":"\t<div class=\"img has-hover x md-x lg-x y md-y lg-y\" id=\"image_1000683588\">\n\t\t\t\t\t\t\t\t<div class=\"img-inner dark\" >\n\t\t\t<img width=\"1920\" height=\"432\" src=\"https:\/\/webmaibinh.com\/w\/vesinh2011\/wp-content\/uploads\/2019\/05\/slider01.jpg\" class=\"attachment-original size-original\" alt=\"\" loading=\"lazy\" srcset=\"https:\/\/webmaibinh.com\/w\/vesinh2011\/wp-content\/uploads\/2019\/05\/slider01.jpg 1920w, https:\/\/webmaibinh.com\/w\/vesinh2011\/wp-content\/uploads\/2019\/05\/slider01-300x68.jpg 300w, https:\/\/webmaibinh.com\/w\/vesinh2011\/wp-content\/uploads\/2019\/05\/slider01-768x173.jpg 768w, https:\/\/webmaibinh.com\/w\/vesinh2011\/wp-content\/uploads\/2019\/05\/slider01-1024x230.jpg 1024w\" sizes=\"(max-width: 1920px) 100vw, 1920px\" \/>\t\t\t\t\t\t\n\t\t\t\t\t<\/div>\n\t\t\t\t\t\t\t\t\n<style scope=\"scope\">\n\n#image_1000683588 {\n  width: 100%;\n}\n<\/style>\n\t<\/div>\n\t\n\t<section class=\"section\" id=\"section_696867005\">\n\t\t<div class=\"bg section-bg fill bg-fill  bg-loaded\" >\n\n\t\t\t\n\t\t\t\n\t\t\t\n\n\t\t<\/div>\n\n\t\t<div class=\"section-content relative\">\n\t\t\t\n<div class=\"row\"  id=\"row-710948683\">\n\n\t<div class=\"col medium-8 small-12 large-8\"  >\n\t\t<div class=\"col-inner\"  >\n\t\t\t\n\t\t\t\n<h3><span style=\"color: #00a859;\"><strong>D\u1ecbch v\u1ee5 gi\u00fap vi\u1ec7c h\u1eb1ng ng\u00e0y chuy\u00ean nghi\u1ec7p, uy t\u00edn t\u1ea1i Tapvu247<\/strong><\/span><\/h3>\n<p><em>Cu\u1ed9c s\u1ed1ng b\u1eadn r\u1ed9n khi\u1ebfn cho Qu\u00fd kh\u00e1ch kh\u00f4ng c\u00f3 th\u1eddi gian \u0111\u1ec3 ch\u0103m s\u00f3c nh\u00e0 c\u1eeda, Qu\u00fd kh\u00e1ch \u0111ang b\u0103n kho\u0103n kh\u00f4ng bi\u1ebft n\u00ean l\u1ef1a ch\u1ecdn d\u1ecbch v\u1ee5 gi\u00fap vi\u1ec7c \u1edf \u0111\u00e2u? V\u1eady Qu\u00fd kh\u00e1ch c\u00f3 th\u1ec3 tham kh\u1ea3o d\u1ecbch v\u1ee5\u00a0<strong>gi\u00fap vi\u1ec7c h\u1eb1ng ng\u00e0y\u00a0<\/strong>t\u1ea1i Tapvu247. Ch\u1eafc ch\u1eafn v\u1edbi s\u1ef1 chuy\u00ean nghi\u1ec7p, uy t\u00edn c\u1ee7a d\u1ecbch v\u1ee5 n\u00e0y s\u1ebd khi\u1ebfn Qu\u00fd kh\u00e1ch h\u00e0i l\u00f2ng.<\/em><\/p>\n<p>M\u1eb7c d\u00f9 tr\u00ean th\u1ecb tr\u01b0\u1eddng hi\u1ec7n nay c\u00f3 r\u1ea5t nhi\u1ec1u \u0111\u1ecba ch\u1ec9 cung c\u1ea5p d\u1ecbch v\u1ee5\u00a0<strong>gi\u00fap vi\u1ec7c theo gi\u1edd<\/strong>,\u00a0<strong>gi\u00fap vi\u1ec7c nh\u00e0<\/strong>. Tuy nhi\u00ean, Tap247 l\u00e0 m\u1ed9t \u0111\u01a1n v\u1ecb \u0111\u01b0\u1ee3c \u0111\u00f4ng \u0111\u1ea3o kh\u00e1ch h\u00e0ng tin t\u01b0\u1edfng l\u1ef1a ch\u1ecdn b\u1edfi:<\/p>\n\t\t<\/div>\n\t<\/div>\n\n\t\n\n\t<div class=\"col medium-4 small-12 large-4\"  >\n\t\t<div class=\"col-inner\"  >\n\t\t\t\n\t\t\t\n\t<div class=\"img has-hover x md-x lg-x y md-y lg-y\" id=\"image_1122660281\">\n\t\t\t\t\t\t\t\t<div class=\"img-inner dark\" >\n\t\t\t<img width=\"300\" height=\"200\" src=\"https:\/\/webmaibinh.com\/w\/vesinh2011\/wp-content\/uploads\/2019\/05\/post1.jpg\" class=\"attachment-original size-original\" alt=\"\" loading=\"lazy\" \/>\t\t\t\t\t\t\n\t\t\t\t\t<\/div>\n\t\t\t\t\t\t\t\t\n<style scope=\"scope\">\n\n#image_1122660281 {\n  width: 100%;\n}\n<\/style>\n\t<\/div>\n\t\n\t\t<\/div>\n\t<\/div>\n\n\t\n<\/div>\n\t\t<\/div>\n\n\t\t\n<style scope=\"scope\">\n\n#section_696867005 {\n  padding-top: 30px;\n  padding-bottom: 30px;\n}\n<\/style>\n\t<\/section>\n\t\n\t<section class=\"section\" id=\"section_1970637393\">\n\t\t<div class=\"bg section-bg fill bg-fill  bg-loaded\" >\n\n\t\t\t\n\t\t\t\n\t\t\t\n\n\t\t<\/div>\n\n\t\t<div class=\"section-content relative\">\n\t\t\t\n<div class=\"row\"  id=\"row-1499582922\">\n\n\t<div class=\"col medium-4 small-12 large-4\"  >\n\t\t<div class=\"col-inner\"  >\n\t\t\t\n\t\t\t\n\t<div class=\"img has-hover x md-x lg-x y md-y lg-y\" id=\"image_1111115986\">\n\t\t\t\t\t\t\t\t<div class=\"img-inner image-cover dark\" style=\"padding-top:97%;\">\n\t\t\t<img width=\"700\" height=\"525\" src=\"https:\/\/webmaibinh.com\/w\/vesinh2011\/wp-content\/uploads\/2019\/05\/M\u00e1y-h\u00fat-b\u1ee5i-s\u1ebd-gi\u00fap-b\u1ea1n-ti\u1ebft-ki\u1ec7m-th\u1eddi-gian-v\u00e0-c\u00f4ng-s\u1ee9c.jpg\" class=\"attachment-original size-original\" alt=\"\" loading=\"lazy\" srcset=\"https:\/\/webmaibinh.com\/w\/vesinh2011\/wp-content\/uploads\/2019\/05\/M\u00e1y-h\u00fat-b\u1ee5i-s\u1ebd-gi\u00fap-b\u1ea1n-ti\u1ebft-ki\u1ec7m-th\u1eddi-gian-v\u00e0-c\u00f4ng-s\u1ee9c.jpg 700w, https:\/\/webmaibinh.com\/w\/vesinh2011\/wp-content\/uploads\/2019\/05\/M\u00e1y-h\u00fat-b\u1ee5i-s\u1ebd-gi\u00fap-b\u1ea1n-ti\u1ebft-ki\u1ec7m-th\u1eddi-gian-v\u00e0-c\u00f4ng-s\u1ee9c-300x225.jpg 300w\" sizes=\"(max-width: 700px) 100vw, 700px\" \/>\t\t\t\t\t\t\n\t\t\t\t\t<\/div>\n\t\t\t\t\t\t\t\t\n<style scope=\"scope\">\n\n#image_1111115986 {\n  width: 100%;\n}\n<\/style>\n\t<\/div>\n\t\n\t\t<\/div>\n\t<\/div>\n\n\t\n\n\t<div class=\"col medium-8 small-12 large-8\"  >\n\t\t<div class=\"col-inner\"  >\n\t\t\t\n\t\t\t\n<div id=\"row-1344695073\" class=\"row row-collapse row-divided\">\n<div class=\"col small-12 large-12\">\n<div class=\"col-inner\">\n<h3><span style=\"color: #00a859;\"><img loading=\"lazy\" class=\"alignnone wp-image-670 lazy-load-active\" src=\"https:\/\/tapvu247.com\/wp-content\/uploads\/2019\/05\/check.png\" alt=\"\" width=\"17\" height=\"17\" data-src=\"https:\/\/tapvu247.com\/wp-content\/uploads\/2019\/05\/check.png\" \/> D\u1ecbch v\u1ee5 chuy\u00ean nghi\u1ec7p<\/span><\/h3>\n<p>L\u00e0 m\u1ed9t \u0111\u01a1n v\u1ecb uy t\u00edn c\u00f3 nhi\u1ec1u n\u0103m kinh nghi\u1ec7m trong l\u0129nh v\u1ef1c gi\u00fap vi\u1ec7c gia \u0111\u00ecnh n\u00ean khi s\u1eed d\u1ee5ng\u00a0<strong>d\u1ecbch v\u1ee5 gi\u00fap vi\u1ec7c nh\u00e0\u00a0<\/strong>kh\u00e1ch h\u00e0ng c\u00f3 th\u1ec3 ho\u00e0n to\u00e0n y\u00ean t\u00e2m v\u1ec1 t\u00ednh chuy\u00ean nghi\u1ec7p c\u1ee7a Tapvu247 \u1edf t\u1ea5t c\u1ea3 m\u1ecdi kh\u00e2u nh\u01b0: Ti\u1ebfp nh\u1eadn th\u00f4ng tin kh\u00e1ch h\u00e0ng, t\u01b0 v\u1ea5n d\u1ecbch v\u1ee5, quy tr\u00ecnh th\u1ef1c hi\u1ec7n c\u00e1c c\u00f4ng vi\u1ec7c khi d\u1ecdn d\u1eb9p nh\u00e0 cho kh\u00e1ch h\u00e0ng\u2026<\/p>\n<\/div>\n<\/div>\n<\/div>\n<p><strong><em>\u0110\u1ed9i ng\u0169 gi\u00fap vi\u1ec7c chuy\u00ean nghi\u1ec7p, nhi\u1ec7t t\u00ecnh<\/em><\/strong><\/p>\n<p>\u0110\u1ebfn v\u1edbi d\u1ecbch v\u1ee5\u00a0<strong>gi\u00fap vi\u1ec7c theo th\u00e1ng\u00a0<\/strong>hay b\u1ea5t c\u1ee9 d\u1ecbch v\u1ee5 gi\u00fap vi\u1ec7c n\u00e0o c\u1ee7a Tapvu247 kh\u00e1ch h\u00e0ng c\u00f3 th\u1ec3 ho\u00e0n to\u00e0n y\u00ean t\u00e2m b\u1edfi \u0111\u1ed9i ng\u0169 nh\u00e2n vi\u00ean l\u00e0m vi\u1ec7c chuy\u00ean nghi\u1ec7p, nhi\u1ec7t t\u00ecnh. T\u1ea5t c\u1ea3 nh\u00e2n vi\u00ean,\u00a0<strong>ng\u01b0\u1eddi gi\u00fap vi\u1ec7c<\/strong>\u00a0c\u1ee7a Tapvu247 \u0111\u1ec1u \u0111\u01b0\u1ee3c \u0111\u00e0o t\u1ea1o b\u00e0i b\u1ea3n, t\u00e1c phong l\u00e0m vi\u1ec7c nhanh nh\u1eb9n bi\u1ebft s\u1eafp x\u1ebfp c\u00f4ng vi\u1ec7c nh\u00e0 m\u1ed9t c\u00e1ch khoa h\u1ecdc \u0111\u1ec3 \u0111\u1ea3m b\u1ea3o ch\u1ea5t l\u01b0\u1ee3ng c\u00f4ng vi\u1ec7c t\u1ed1t nh\u1ea5t.<\/p>\n<p>\u0110\u1eb7c bi\u1ec7t,\u00a0<strong>ng\u01b0\u1eddi gi\u00fap vi\u1ec7c nh\u00e0<\/strong>\u00a0c\u1ee7a Tapvu247 \u0111\u1ec1u l\u00e0 nh\u1eefng ng\u01b0\u1eddi c\u00f3 l\u00fd l\u1ecbch r\u00f5 r\u00e0ng, kh\u1ecfe m\u1ea1nh, ch\u0103m ch\u1ec9, th\u1eadt th\u00e0 n\u00ean kh\u00f4ng bao gi\u1edd x\u1ea3y ra t\u00ecnh tr\u1ea1ng m\u1ea5t \u0111\u1ed3 c\u1ee7a kh\u00e1ch h\u00e0ng trong th\u1eddi gian l\u00e0m vi\u1ec7c.<\/p>\n\t\t<\/div>\n\t<\/div>\n\n\t\n<\/div>\n\t\t<\/div>\n\n\t\t\n<style scope=\"scope\">\n\n#section_1970637393 {\n  padding-top: 30px;\n  padding-bottom: 30px;\n  background-color: rgb(244, 244, 244);\n}\n<\/style>\n\t<\/section>\n\t\n\t<section class=\"section\" id=\"section_334772655\">\n\t\t<div class=\"bg section-bg fill bg-fill  bg-loaded\" >\n\n\t\t\t\n\t\t\t\n\t\t\t\n\n\t\t<\/div>\n\n\t\t<div class=\"section-content relative\">\n\t\t\t\n<div class=\"row\"  id=\"row-712032655\">\n\n\t<div class=\"col medium-6 small-12 large-6\"  >\n\t\t<div class=\"col-inner\"  >\n\t\t\t\n\t\t\t\n<h3><span style=\"color: #00a859;\"><strong><img loading=\"lazy\" class=\"alignnone wp-image-670 lazy-load-active\" src=\"https:\/\/tapvu247.com\/wp-content\/uploads\/2019\/05\/check.png\" alt=\"\" width=\"17\" height=\"17\" data-src=\"https:\/\/tapvu247.com\/wp-content\/uploads\/2019\/05\/check.png\" \/>\u00a0Gi\u00e1 c\u1ea3 h\u1ee3p l\u00fd<\/strong><\/span><\/h3>\n<p>M\u1eb7c d\u00f9 ch\u1ea5t l\u01b0\u1ee3ng d\u1ecbch v\u1ee5 gi\u00fap vi\u1ec7c h\u1eb1ng ng\u00e0y c\u1ee7a Tapvu247 \u0111\u01b0\u1ee3c \u0111\u00f4ng \u0111\u1ea3o kh\u00e1ch h\u00e0ng \u0111\u00e1nh gi\u00e1 cao nh\u01b0ng gi\u00e1 th\u00e0nh v\u00f4 c\u00f9ng c\u1ea1nh tranh. Gi\u00e1 d\u1ecbch v\u1ee5 \u0111\u01b0\u1ee3c nh\u00e2n vi\u00ean Tapvu247 t\u01b0 v\u1ea5n cho kh\u00e1ch h\u00e0ng ngay t\u1eeb khi ti\u1ebfp nh\u1eadn th\u00f4ng tin. B\u1edfi v\u1eady, d\u1ef1a tr\u00ean c\u01a1 s\u1edf \u0111\u00f3 kh\u00e1ch h\u00e0ng c\u00f3 th\u1ec3 \u0111i so s\u00e1nh v\u1edbi c\u00e1c \u0111\u01a1n v\u1ecb c\u00f9ng cung c\u1ea5p d\u1ecbch v\u1ee5 kh\u00e1c tr\u00ean th\u1ecb tr\u01b0\u1eddng. Tuy nhi\u00ean, ch\u00fang t\u00f4i \u0111\u1ea3m b\u1ea3o d\u1ecbch v\u1ee5 gi\u00fap vi\u1ec7c Tapvu247 c\u1ea1nh tranh nh\u1ea5t.<\/p>\n<p>\u0110\u1eb7c bi\u1ec7t, trong su\u1ed1t qu\u00e1 tr\u00ecnh l\u00e0m vi\u1ec7c kh\u00f4ng c\u00f3 b\u1ea5t c\u1ee9 chi ph\u00ed ph\u00e1t sinh n\u00e0o n\u00ean kh\u00e1ch h\u00e0ng c\u00f3 th\u1ec3 ho\u00e0n to\u00e0n y\u00ean t\u00e2m.<\/p>\n\t\t<\/div>\n\t<\/div>\n\n\t\n\n\t<div class=\"col medium-6 small-12 large-6\"  >\n\t\t<div class=\"col-inner\"  >\n\t\t\t\n\t\t\t\n<h3><span style=\"color: #00a859;\"><img loading=\"lazy\" class=\"alignnone wp-image-670 lazy-load-active\" src=\"https:\/\/tapvu247.com\/wp-content\/uploads\/2019\/05\/check.png\" alt=\"\" width=\"17\" height=\"17\" data-src=\"https:\/\/tapvu247.com\/wp-content\/uploads\/2019\/05\/check.png\" \/>\u00a0Gi\u00e1 c\u1ea3 h\u1ee3p l\u00fd<\/span><\/h3>\n<p>M\u1eb7c d\u00f9 ch\u1ea5t l\u01b0\u1ee3ng d\u1ecbch v\u1ee5 gi\u00fap vi\u1ec7c h\u1eb1ng ng\u00e0y c\u1ee7a Tapvu247 \u0111\u01b0\u1ee3c \u0111\u00f4ng \u0111\u1ea3o kh\u00e1ch h\u00e0ng \u0111\u00e1nh gi\u00e1 cao nh\u01b0ng gi\u00e1 th\u00e0nh v\u00f4 c\u00f9ng c\u1ea1nh tranh. Gi\u00e1 d\u1ecbch v\u1ee5 \u0111\u01b0\u1ee3c nh\u00e2n vi\u00ean Tapvu247 t\u01b0 v\u1ea5n cho kh\u00e1ch h\u00e0ng ngay t\u1eeb khi ti\u1ebfp nh\u1eadn th\u00f4ng tin. B\u1edfi v\u1eady, d\u1ef1a tr\u00ean c\u01a1 s\u1edf \u0111\u00f3 kh\u00e1ch h\u00e0ng c\u00f3 th\u1ec3 \u0111i so s\u00e1nh v\u1edbi c\u00e1c \u0111\u01a1n v\u1ecb c\u00f9ng cung c\u1ea5p d\u1ecbch v\u1ee5 kh\u00e1c tr\u00ean th\u1ecb tr\u01b0\u1eddng. Tuy nhi\u00ean, ch\u00fang t\u00f4i \u0111\u1ea3m b\u1ea3o d\u1ecbch v\u1ee5 gi\u00fap vi\u1ec7c Tapvu247 c\u1ea1nh tranh nh\u1ea5t.<\/p>\n<p>\u0110\u1eb7c bi\u1ec7t, trong su\u1ed1t qu\u00e1 tr\u00ecnh l\u00e0m vi\u1ec7c kh\u00f4ng c\u00f3 b\u1ea5t c\u1ee9 chi ph\u00ed ph\u00e1t sinh n\u00e0o n\u00ean kh\u00e1ch h\u00e0ng c\u00f3 th\u1ec3 ho\u00e0n to\u00e0n y\u00ean t\u00e2m.<\/p>\n\t\t<\/div>\n\t<\/div>\n\n\t\n<\/div>\n\t\t<\/div>\n\n\t\t\n<style scope=\"scope\">\n\n#section_334772655 {\n  padding-top: 30px;\n  padding-bottom: 30px;\n}\n<\/style>\n\t<\/section>\n\t\n\t<section class=\"section\" id=\"section_873241299\">\n\t\t<div class=\"bg section-bg fill bg-fill  bg-loaded\" >\n\n\t\t\t\n\t\t\t\n\t\t\t\n\n\t\t<\/div>\n\n\t\t<div class=\"section-content relative\">\n\t\t\t\n<div class=\"row\"  id=\"row-1875561056\">\n\n\t<div class=\"col small-12 large-12\"  >\n\t\t<div class=\"col-inner\"  >\n\t\t\t\n\t\t\t\n<h3><span style=\"color: #00a859;\"><img loading=\"lazy\" class=\"alignnone wp-image-670 lazy-load-active\" src=\"https:\/\/tapvu247.com\/wp-content\/uploads\/2019\/05\/check.png\" alt=\"\" width=\"17\" height=\"17\" data-src=\"https:\/\/tapvu247.com\/wp-content\/uploads\/2019\/05\/check.png\" \/> Cam k\u1ebft c\u1ee7a Tap247 v\u1ec1 d\u1ecbch v\u1ee5 gi\u00fap vi\u1ec7c h\u1eb1ng ng\u00e0y<\/span><\/h3>\n<p><em>Tapvu247 cam k\u1ebft cung c\u1ea5p d\u1ecbch v\u1ee5 gi\u00fap vi\u1ec7c h\u1eb1ng ng\u00e0y ch\u1ea5t l\u01b0\u1ee3ng<br \/>\n<\/em>\u0110\u1ec3 kh\u1eb3ng \u0111\u1ecbnh ch\u1ea5t l\u01b0\u1ee3ng d\u1ecbch v\u1ee5 c\u0169ng nh\u01b0 s\u1ef1 uy t\u00edn c\u1ee7a Tapvu247 v\u00e0 l\u1ee3i \u00edch c\u1ee7a kh\u00e1ch h\u00e0ng khi s\u1eed d\u1ee5ng d\u1ecbch v\u1ee5, Tapvu247 cam k\u1ebft:<\/p>\n<ul>\n<li>Cung c\u1ea5p d\u1ecbch v\u1ee5 gi\u00fap vi\u1ec7c nh\u00e0 v\u1edbi ch\u1ea5t l\u01b0\u1ee3ng t\u1ed1t nh\u1ea5t.<\/li>\n<li>Tuy\u1ec7t \u0111\u1ed1i kh\u00f4ng x\u1ea3y ra t\u00ecnh tr\u1ea1ng m\u1ea5t c\u1eafp \u0111\u1ed3 \u0111\u1ea1c trong qu\u00e1 tr\u00ecnh th\u1ef1c hi\u1ec7n d\u1ecbch v\u1ee5.<\/li>\n<li>Gi\u00e1 d\u1ecbch v\u1ee5 \u0111\u1ea3m b\u1ea3o c\u1ea1nh tranh nh\u1ea5t.<\/li>\n<li>Th\u1eddi gian th\u1ef1c hi\u1ec7n c\u00e1c c\u00f4ng vi\u1ec7c nh\u00e0 nhanh ch\u00f3ng, khoa h\u1ecdc.<\/li>\n<li>Nh\u00e2n vi\u00ean gi\u00fap vi\u1ec7c \u1ed5n \u0111\u1ecbnh.<\/li>\n<li>\u0110\u1ec1n b\u00f9 thi\u1ec7t h\u1ea1i n\u1ebfu x\u1ea3y ra t\u00ecnh tr\u1ea1ng h\u1ecfng h\u00f3c, m\u1ea5t c\u1eafp.<\/li>\n<\/ul>\n<p>Qu\u00fd kh\u00e1ch c\u00f3 nhu c\u1ea7u\u00a0<strong>t\u00ecm ng\u01b0\u1eddi gi\u00fap vi\u1ec7c<\/strong>\u00a0h\u00e3y li\u00ean h\u1ec7 ngay v\u1edbi hotline\u00a0 Tapvu247\u00a0<strong>0907.082.999<\/strong>\u00a0\u0111\u1ec3 \u0111\u01b0\u1ee3c t\u01b0 v\u1ea5n v\u00e0 h\u1ed7 tr\u1ee3 t\u1ed1t nh\u1ea5t.<\/p>\n\t\t<\/div>\n\t<\/div>\n\n\t\n<\/div>\n\t\t<\/div>\n\n\t\t\n<style scope=\"scope\">\n\n#section_873241299 {\n  padding-top: 30px;\n  padding-bottom: 30px;\n  background-color: rgb(244, 244, 244);\n}\n<\/style>\n\t<\/section>\n\t\n","protected":false},"excerpt":{"rendered":"","protected":false},"author":2,"featured_media":0,"parent":0,"menu_order":0,"comment_status":"closed","ping_status":"closed","template":"page-blank.php","meta":[],"_links":{"self":[{"href":"https:\/\/webmaibinh.com\/w\/vesinh2011\/wp-json\/wp\/v2\/pages\/440"}],"collection":[{"href":"https:\/\/webmaibinh.com\/w\/vesinh2011\/wp-json\/wp\/v2\/pages"}],"about":[{"href":"https:\/\/webmaibinh.com\/w\/vesinh2011\/wp-json\/wp\/v2\/types\/page"}],"author":[{"embeddable":true,"href":"https:\/\/webmaibinh.com\/w\/vesinh2011\/wp-json\/wp\/v2\/users\/2"}],"replies":[{"embeddable":true,"href":"https:\/\/webmaibinh.com\/w\/vesinh2011\/wp-json\/wp\/v2\/comments?post=440"}],"version-history":[{"count":0,"href":"https:\/\/webmaibinh.com\/w\/vesinh2011\/wp-json\/wp\/v2\/pages\/440\/revisions"}],"wp:attachment":[{"href":"https:\/\/webmaibinh.com\/w\/vesinh2011\/wp-json\/wp\/v2\/media?parent=440"}],"curies":[{"name":"wp","href":"https:\/\/api.w.org\/{rel}","templated":true}]}}