{"id":423,"date":"2019-05-20T16:19:13","date_gmt":"2019-05-20T09:19:13","guid":{"rendered":"https:\/\/vesinhcongnghiep.khowebseotop.vn\/?page_id=423"},"modified":"2019-05-20T16:19:13","modified_gmt":"2019-05-20T09:19:13","slug":"dich-vu-ve-sinh-benh-vien","status":"publish","type":"page","link":"https:\/\/webmaibinh.com\/w\/vesinh2011\/dich-vu-ve-sinh-benh-vien\/","title":{"rendered":"D\u1ecbch v\u1ee5 v\u1ec7 sinh b\u1ec7nh vi\u1ec7n"},"content":{"rendered":"<div><strong>D\u1ecbch v\u1ee5 v\u1ec7 sinh b\u1ec7nh vi\u1ec7n<\/strong>\u00a0ng\u00e0y c\u00e0ng \u0111\u01b0\u1ee3c l\u1ef1a ch\u1ecdn b\u1edfi y\u00eau c\u1ea7u c\u1ee7a ch\u1ea5t l\u01b0\u1ee3ng v\u1ec7 sinh r\u1ea5t cao. V\u00ec b\u1ec7nh vi\u1ec7n \u0111\u01b0\u1ee3c bi\u1ebft \u0111\u1ebfn l\u00e0 m\u1ed9t m\u00f4i tr\u01b0\u1eddng s\u1ea1ch s\u1ebd, trong l\u00e0nh \u0111\u1ec3 t\u1ea1o \u0111i\u1ec1u ki\u1ec7n t\u1ed1t nh\u1ea5t cho s\u1ee9c kh\u1ecfe c\u1ee7a b\u1ec7nh nh\u00e2n \u0111\u01b0\u1ee3c c\u1ea3i thi\u1ec7n, ph\u1ee5c h\u1ed3i. M\u00e0 b\u1ec7nh vi\u1ec7n, c\u00e1c trung t\u00e2m y t\u1ebf l\u00e0 m\u00f4i tr\u01b0\u1eddng d\u1ec5 b\u1ecb l\u00e2y b\u1ec7nh nh\u1ea5t. V\u00ec th\u1ebf, c\u00f4ng vi\u1ec7c\u00a0<strong>v\u1ec7 sinh b\u1ec7nh vi\u00ean<\/strong>\u00a0s\u1ea1ch s\u1ebd h\u00e0ng ng\u00e0y l\u00e0 c\u00f4ng vi\u1ec7c b\u1eaft bu\u1ed9c v\u00e0 y\u00eau c\u1ea7u cao. Ngo\u00e0i ra, t\u1ea1i b\u1ec7nh vi\u1ec7n, ng\u01b0\u1eddi \u0111i qua l\u1ea1i li\u00ean t\u1ee5c, \u0111\u00f4ng \u0111\u00fac n\u00ean c\u00f4ng vi\u1ec7c v\u1ec7 sinh c\u1ea7n nhanh g\u1ecdn, \u0111\u1ea3m b\u1ea3o duy tr\u00ec \u0111\u01b0\u1ee3c s\u1ea1ch s\u1ebd.\u00a0C\u00f4ng ty v\u1ec7 sinh Cleanhouse mu\u1ed1n chung tay gi\u00fap ng\u01b0\u1eddi b\u1ec7nh c\u00f3 m\u1ed9t m\u00f4i tr\u01b0\u1eddng h\u1ed3i s\u1ee9c t\u1ed1t nh\u1ea5t b\u1eb1ng c\u00e1ch \u0111\u00e0o t\u1ea1o m\u1ed9t \u0111\u1ed9i ng\u0169 nh\u00e2n vi\u00ean, chuy\u00ean vi\u00ean tuy\u1ec7t v\u1eddi nh\u1ea5t.<\/div>\n<div>\n<h2><strong>Chuy\u00ean m\u00f4n c\u1ee7a nh\u00e2n vi\u00ean v\u1ec7 sinh b\u1ec7nh vi\u1ec7n<\/strong><\/h2>\n<p>Nh\u00e2n vi\u00ean v\u1ec7 sinh b\u1ec7nh vi\u1ec7n \u0111\u01b0\u1ee3c \u0111\u00e0o t\u1ea1o chuy\u00ean nghi\u1ec7p tr\u01b0\u1edbc khi \u0111i v\u00e0o l\u00e0m vi\u1ec7c. Ch\u00fang t\u00f4i cung c\u1ea5p m\u1ed9t gi\u00e1o tr\u00ecnh \u0111\u1ea7y \u0111\u1ee7, to\u00e0n di\u1ec7n v\u1ec1 l\u00fd thuy\u1ebft li\u00ean quan \u0111\u1ebfn to\u00e0n b\u1ed9 t\u1ea5t c\u1ea3 c\u00e1c v\u1ea5n \u0111\u1ec1, kh\u00eda c\u1ea1nh c\u1ee7a c\u00f4ng vi\u1ec7c v\u1ec7 sinh trong m\u1ea3ng T\u1ea1p v\u1ee5 b\u1ec7nh vi\u1ec7n. Sau \u0111\u00f3, c\u00e1c nh\u00e2n vi\u00ean s\u1ebd \u0111\u01b0\u1ee3c th\u1eed vi\u1ec7c, b\u1eaft tay v\u00e0o tr\u1ea3i nghi\u1ec7m nh\u1eefng ki\u1ebfn th\u1ee9c m\u00ecnh \u0111\u00e3 \u0111\u01b0\u1ee3c h\u1ecdc. Cleanhouse lu\u00f4n d\u00f5i theo t\u1eebng b\u01b0\u1edbc t\u1eebng b\u01b0\u1edbc trong qu\u00e1 tr\u00ecnh nh\u00e2n vi\u00ean c\u1ee7a m\u00ecnh th\u1ef1c t\u1eadp \u0111\u1ec3 c\u00f3 th\u1ec3 \u0111i\u1ec1u ch\u1ec9nh h\u1ee3p l\u00fd, k\u1ecbp th\u1eddi, b\u1eaft k\u1ecbp xu h\u01b0\u1edbng th\u1eddi \u0111\u1ea1i v\u1ec1 s\u1eed d\u1ee5ng m\u00e1y m\u00f3c thi\u1ebft b\u1ecb c\u0169ng nh\u01b0 c\u00e1c lo\u1ea1i h\u00f3a ch\u1ea5t.<\/p>\n<h3><strong>Quy tr\u00ecnh v\u1ec7 sinh b\u1ec7nh vi\u1ec7n:<\/strong><\/h3>\n<\/div>\n<div>T\u00f9y theo m\u1ee9c \u0111\u1ed9 l\u00e2y nhi\u1ec5m m\u00e0 khu v\u1ef1c c\u1ea7n l\u00e0m v\u1ec7 sinh \u0111\u01b0\u1ee3c chia th\u00e0nh:<br \/>\n&#8211; Khu v\u1ef1c c\u00f4ng c\u1ed9ng b\u00ean ngo\u00e0i: Khu v\u1ef1c s\u00e2n, khu khu v\u1ef1c \u0111\u1ec3 xe, l\u1ed1i ra v\u00e0o,<br \/>\n&#8211; Khu v\u1ef1c b\u00ean trong: h\u00e0nh lang, thang m\u00e1y, khu v\u1ef1c ng\u1ed3i ch\u1edd l\u1ea5y x\u00e9t nghi\u1ec7m,<br \/>\n&#8211; Khu v\u1ef1c l\u00e2y nhi\u1ec5m th\u1ea5p: Khu v\u1ef1c c\u00e1c ph\u00f2ng kh\u1ed1i h\u00e0nh ch\u00ednh, ph\u00f2ng k\u1ef9 thu\u1eadt, ph\u00f2ng kh\u00e1m, ph\u00f2ng y b\u00e1c s\u0129, nh\u00e0 thu\u1ed1c,&#8230;<br \/>\n&#8211; Khu v\u1ef1c l\u00e2y nhi\u1ec5m cao: Khu c\u1ea5p c\u1ee9u, ph\u00f2ng sanh, ph\u00f2ng m\u1ed5, ph\u00f2ng h\u1ed3i s\u1ee9c, ph\u00f2ng ch\u0103m s\u00f3c \u0111\u1eb7c bi\u1ec7t, ph\u00f2ng b\u1ec7nh nh\u00e2n, khu x\u00e9t nghi\u1ec7m, X quang<\/p>\n<div><img loading=\"lazy\" title=\"D\u1ecbch v\u1ee5 Vi\u1ec7n huy\u1ebft h\u1ecdc truy\u1ec1n m\u00e1u trung \u01b0\u01a1ng\" src=\"http:\/\/media.cleanhouse.com.vn\/js\/tiny_mce\/plugins\/imagemanager\/files\/benh-vien-huyet-hoc-1.jpg\" alt=\"D\u1ecbch v\u1ee5 Vi\u1ec7n huy\u1ebft h\u1ecdc truy\u1ec1n m\u00e1u trung \u01b0\u01a1ng\" width=\"400\" height=\"267\" \/><\/p>\n<h3><strong style=\"font-size: 23.04px;\">C\u00f4ng c\u1ee5 d\u1ee5ng c\u1ee5 v\u00e0 h\u00f3a ch\u1ea5t v\u1ec7 sinh b\u1ec7nh vi\u1ec7n<\/strong><\/h3>\n<\/div>\n<p>&#8211; M\u00e1y m\u00f3c, c\u00f4ng c\u1ee5 d\u1ee5ng c\u1ee5 <strong>v\u1ec7 sinh\u00a0b\u1ec7nh vi\u1ec7n\u00a0<\/strong>: M\u00e1y ch\u00e0 s\u00e0n, m\u00e1y gi\u1eb7t th\u1ea3m, m\u00e1y h\u00fat b\u1ee5i, m\u00e1y th\u1ed5i kh\u00f4 s\u00e0n th\u1ea9m,.. V\u00e0 c\u00e1c d\u1ee5ng c\u1ee5 v\u1ec7 sinh kh\u00e1c: g\u1ea1t k\u00ednh, kh\u0103n lau, gi\u1ecf v\u1eaft, ch\u1ed5i,..<br \/>\n&#8211; H\u00f3a ch\u1ea5t v\u1ec7 sinh: H\u00f3a ch\u1ea5t lau s\u00e0n, lau k\u00ednh, \u2026 v\u00e0 c\u00e1c h\u00f3a ch\u1ea5t l\u00e0m s\u1ea1ch chuy\u00ean d\u1ee5ng kh\u00e1c. H\u00f3a ch\u1ea5t \u0111\u01b0\u1ee3c cleanhouse vi\u1ec7t nam s\u1eed d\u1ee5ng l\u00e0 nh\u1eefng h\u00f3a ch\u1ea5t chuy\u00ean d\u1ee5ng \u0111\u01b0\u1ee3c nh\u1eadp kh\u1ea9u mang th\u01b0\u01a1ng hi\u1ec7u klenco, c\u00f3 t\u00e1c d\u1ee5ng t\u1ea9y s\u1ea1ch v\u00e0 gi\u1eef \u0111\u1ed9 s\u1ea1ch b\u00f3ng, th\u01a1m l\u00e2u, kh\u00f4ng g\u00e2y h\u1ea1i cho kh\u00f4ng gian s\u1ed1ng c\u1ee7a con ng\u01b0\u1eddi.<\/p>\n<div><strong>\u00a0<\/strong><\/div>\n<div><strong><img loading=\"lazy\" src=\"http:\/\/media.cleanhouse.com.vn\/js\/tiny_mce\/plugins\/imagemanager\/files\/nha-khoa-sai-gon-hn-2.jpg\" alt=\"\" width=\"400\" height=\"287\" \/><\/strong><\/div>\n<h3><strong>V\u1ec7 sinh t\u1ea1i Nha khoa S\u00e0i G\u00f2n<\/strong><\/h3>\n<\/div>\n<p><strong>Cam k\u1ebft c\u1ee7a Cleanhouse trong d\u1ecbch v\u1ee5 v\u1ec7 sinh b\u1ec7nh vi\u1ec7n<\/strong><\/p>\n<div>\n<p>C\u00f4ng ty v\u1ec7 sinh Cleanhouse lu\u00f4n t\u1ef1 h\u00e0o v\u00ec ch\u00fang t\u00f4i \u0111\u00e3 t\u1ea1o \u0111\u01b0\u1ee3c ni\u1ec1m tin y\u00eau v\u00f4 c\u00f9ng c\u1ee7a qu\u00fd kh\u00e1ch h\u00e0ng trong m\u1ea3ng T\u1ed5ng v\u1ec7 sinh b\u1ec7n vi\u1ec7n b\u1eb1ng ch\u00ednh nh\u1eefng n\u1ed7 l\u1ef1c th\u1ef1c s\u1ef1 c\u1ee7a m\u00ecnh. Ch\u00fang t\u00f4i cung c\u1ea5p cho kh\u00e1ch h\u00e0ng\u00a0<strong>d\u1ecbch v\u1ee5\u00a0v\u1ec7 sinh b\u1ec7nh vi\u1ec7n<\/strong>\u00a0t\u1ed1t nh\u1ea5t, ch\u1ea5t l\u01b0\u1ee3ng nh\u1ea5t, \u0111\u00fang nh\u01b0 nh\u1eefng g\u00ec ch\u00fang t\u00f4i cam k\u1ebft:<\/p>\n<p>Cam k\u1ebft t\u1ea5t c\u1ea3 c\u00e1c m\u00e1y m\u00f3c, thi\u1ebft b\u1ecb h\u1ed7 tr\u1ee3 trong qu\u00e1 tr\u00ecnh v\u1ec7 sinh b\u1ec7nh vi\u1ec7n 100% l\u00e0 nh\u1eefng m\u00e1y m\u00f3c, thi\u1ebft b\u1ecb ti\u00ean ti\u1ebfn h\u00e0ng \u0111\u1ea7u th\u1ebf gi\u1edbi. Vi\u1ec7c l\u1ef1a ch\u1ecdn h\u00f3a ch\u1ea5t c\u1ee7a C\u00f4ng ty lu\u00f4n tu\u00e2n th\u1ee7 nguy\u00ean t\u1eafc: An to\u00e0n, th\u00e2n thi\u1ec7n. \u0110\u1ed9i ng\u0169 nh\u00e2n vi\u00ean v\u1ec7 sinh l\u00e0 nh\u1eefng ng\u01b0\u1eddi l\u00e0nh ngh\u1ec1, v\u1eefng chuy\u00ean m\u00f4n, \u0111\u00e3 \u0111\u01b0\u1ee3c \u0111\u00e0o t\u1ea1o b\u00e0i b\u1ea3n, c\u00f3 \u0111\u1ea1o \u0111\u1ee9c t\u1ed1t, t\u1eadn t\u1ee5y, y\u00eau ngh\u1ec1, v\u00e0 v\u00f4 c\u00f9ng nhi\u1ec7t t\u00ecnh. Cam k\u1ebft lu\u00f4n \u0111\u1ea7u t\u01b0, m\u1edf r\u1ed9ng th\u1ecb tr\u01b0\u1eddng nghi\u00ean c\u1ee9u v\u1ec1 c\u00f4ng c\u1ee5, c\u00e1ch th\u1ee9c \u0111\u1ec3 c\u00f3 th\u1ec3 cung c\u1ea5p cho kh\u00e1ch h\u00e0ng nh\u1eefng d\u1ecbch v\u1ee5 t\u1ed1i \u01b0u nh\u1ea5t v\u1edbi gi\u00e1 c\u1ea3 h\u1ee3p l\u00fd nh\u1ea5t. Tu\u00e2n th\u1ee7 t\u00f4n ch\u1ec9 ho\u1ea1t \u0111\u1ed9ng c\u1ee7a C\u00f4ng ty: Kh\u00e1ch h\u00e0ng l\u00e0 th\u01b0\u1ee3ng \u0111\u1ebf. S\u1ef1 h\u00e0i l\u00f2ng c\u1ee7a b\u1ea1n ch\u00ednh l\u00e0 \u0111\u1ed9ng l\u1ef1c th\u00fac \u0111\u1ea9y ch\u00fang t\u00f4i c\u1ed1 g\u1eafng l\u00e0m vi\u1ec7c kh\u00f4ng ng\u1eebng ngh\u1ec9.<\/p>\n<p><strong>T\u1ed5ng v\u1ec7 sinh b\u1ec7nh vi\u1ec7n<\/strong>\u00a0lu\u00f4n l\u00e0 m\u1ed9t trong nh\u1eefng m\u1ea3ng \u0111\u01b0\u1ee3c C\u00f4ng ty v\u1ec7 sinh Cleanhouse cam k\u1ebft ch\u1ea5t l\u01b0\u1ee3ng v\u00e0 th\u1ef1c hi\u1ec7n cam k\u1ebft \u0111\u00f3 m\u1ed9t c\u00e1ch tri\u1ec7t \u0111\u1ec3 nh\u1ea5t \u0111\u1ec3 c\u00f3 th\u1ec3 mang l\u1ea1i m\u1ed9t d\u1ecbch v\u1ee5 T\u1ed5ng v\u1ec7 sinh b\u1ec7nh vi\u1ec7n t\u1ed1t nh\u1ea5t.<\/p>\n<table border=\"1\" cellspacing=\"1\" cellpadding=\"1\" align=\"center\">\n<caption><strong>Danh s\u00e1ch kh\u00e1ch h\u00e0ng v\u1ec7 sinh b\u1ec7nh vi\u1ec7n h\u00e0ng ng\u00e0y<\/strong><br \/>\n<\/caption>\n<tbody>\n<tr>\n<td><strong>T\u00ean b\u1ec7nh vi\u1ec7n<\/strong><\/td>\n<td><strong>\u0110\u1ecba ch\u1ec9 b\u1ec7nh vi\u1ec7n<\/strong><\/td>\n<\/tr>\n<tr>\n<td>B\u1ec7nh vi\u1ec7n Y h\u1ecdc d\u00e2n t\u1ed9c H\u00e0 n\u1ed9i<\/td>\n<td>Km9, X.Thu\u1ef7, Mai D\u1ecbch, C\u1ea7u Gi\u1ea5y, HN<\/td>\n<\/tr>\n<tr>\n<td>\nTrung t\u00e2m l\u1ecdc m\u00e1u v\u00e0 Th\u1eadn nh\u00e2n t\u1ea1o &#8211; B\u1ec7nh vi\u1ec7n B\u1ea1ch Mai<\/td>\n<td>78 Gi\u1ea3i ph\u00f3ng, Hai B\u00e0 Tr\u01b0ng, H\u00e0 N\u1ed9i<\/td>\n<\/tr>\n<tr>\n<td>Vi\u1ec7n c\u00e1c b\u1ec7nh truy\u1ec1n nhi\u1ec5m v\u00e0 nhi\u1ec7t \u0111\u1edbi Qu\u1ed1c gia &#8211; B\u1ec7nh vi\u1ec7n B\u1ea1ch Mai<\/td>\n<td>78 Gi\u1ea3i ph\u00f3ng, Hai B\u00e0 Tr\u01b0ng, H\u00e0 N\u1ed9i<\/td>\n<\/tr>\n<tr>\n<td>Trung t\u00e2m kh\u00e1m ch\u1eefa b\u1ec7nh \u0110i\u1ec7n Bi\u00ean Ph\u1ee7<\/td>\n<td>28, \u0110i\u1ec7n Bi\u1ec7n Ph\u1ee7, H\u00e0 N\u1ed9i<\/td>\n<\/tr>\n<tr>\n<td>Trung t\u00e2m gi\u00e1m \u0111\u1ecbnh y khoa H\u00e0 T\u00e2y<\/td>\n<td>\u0110\u01b0\u1eddng Quang Trung, th\u1ecb x\u00e3 H\u00e0 \u0110\u00f4ng<\/td>\n<\/tr>\n<tr>\n<td>B\u1ec7nh vi\u1ec7n K74 Ph\u00fac Y\u00ean, T\u1ec9nh V\u0129nh Ph\u00fac<\/td>\n<td>Ph\u00fac Th\u1eafng, Tx V\u0129nh Y\u00ean V\u0129nh Ph\u00fac<\/td>\n<\/tr>\n<tr>\n<td>B\u1ec7nh vi\u1ec7n \u0110K Tuy\u00ean Quang<\/td>\n<td>Ph\u01b0\u1eddng \u1ef6 La, th\u1ecb x\u00e3 Tuy\u00ean Quang<\/td>\n<\/tr>\n<tr>\n<td>Vi\u1ec7n Tim M\u1ea1ch \u2013 B\u1ec7nh vi\u1ec7n B\u1ea1ch Mai<\/td>\n<td>78 \u0110\u01b0\u1eddng Gi\u1ea3i ph\u00f3ng, H\u00e0 N\u1ed9i<\/td>\n<\/tr>\n<tr>\n<td>B\u1ec7nh vi\u1ec7n Nhi Thanh Ho\u00e1<\/td>\n<td>\u0110\u00f4ng V\u1ec7, TP Thanh Ho\u00e1<\/td>\n<\/tr>\n<tr>\n<td>B\u1ec7nh vi\u1ec7n \u0110a Khoa T\u1ec9nh V\u0129nh Ph\u00fac<\/td>\n<td>TP V\u0129nh Y\u00ean, T\u1ec9nh V\u0129nh Ph\u00fac<\/td>\n<\/tr>\n<tr>\n<td>B\u1ec7nh vi\u1ec7n Lao &amp; B\u1ec7nh ph\u1ed5i T Tuy\u00ean Quang<\/td>\n<td>Th\u1ecb x\u00e3 Tuy\u00ean Quang, T\u1ec9nh Tuy\u00ean Quang<\/td>\n<\/tr>\n<tr>\n<td>\nB\u1ec7nh vi\u1ec7n Y h\u1ecdc c\u1ed5 truy\u1ec1n Tuy\u00ean Quang<\/td>\n<td>Th\u1ecb X\u00e3 Tuy\u00ean Quang<\/td>\n<\/tr>\n<tr>\n<td>&#8230;.<\/td>\n<td>&#8230;.<\/td>\n<\/tr>\n<\/tbody>\n<\/table>\n<p><strong>\u00a0\u00a0\u00a0<\/strong><br \/>\nCleanhouse Viet Nam v\u1edbi trang thi\u1ebft b\u1ecb chuy\u00ean d\u1ee5ng v\u00e0 \u0111\u1ed9i ng\u0169 c\u00f4ng nh\u00e2n l\u00e0nh ngh\u1ec1 \u0111\u00e3 v\u00e0 \u0111ang ph\u1ee5c v\u1ee5 tr\u00ean to\u00e0n qu\u1ed1c.<br \/>\nCh\u1ec9 c\u00f3\u00a0<strong>C\u00f4ng ty v\u1ec7 sinh<\/strong>\u00a0c\u00f4ng nghi\u1ec7p Cleanhouse m\u1edbi l\u00e0 ng\u01b0\u1eddi b\u1ea1n \u0111\u1ed3ng h\u00e0nh x\u1ee9ng \u0111\u00e1ng nh\u1ea5t c\u1ee7a b\u1ea1n trong\u00a0<strong>qu\u00e1 tr\u00ecnh v\u1ec7 sinh b\u1ec7nh vi\u1ec7n<\/strong>. S\u1ee9c kh\u1ecfe c\u1ee7a con ng\u01b0\u1eddi ch\u00ednh l\u00e0 \u0111i\u1ec1u \u0111\u00e1ng qu\u00fd nh\u1ea5t. \u0110\u1eebng ch\u1ea7n ch\u1eeb g\u00ec n\u1eefa, h\u00e3y li\u00ean h\u1ec7 v\u1edbi ch\u00fang t\u00f4i ngay khi b\u1ea1n c\u1ea7n m\u1ed9t d\u1ecbch v\u1ee5 v\u1ec7 sinh An to\u00e0n \u2013 Chuy\u00ean nghi\u1ec7p \u2013 Ch\u1ea5t l\u01b0\u1ee3ng nh\u1ea5t Vi\u1ec7t Nam.<\/p>\n<\/div>\n","protected":false},"excerpt":{"rendered":"<p>D\u1ecbch v\u1ee5 v\u1ec7 sinh b\u1ec7nh vi\u1ec7n\u00a0ng\u00e0y c\u00e0ng \u0111\u01b0\u1ee3c l\u1ef1a ch\u1ecdn b\u1edfi y\u00eau c\u1ea7u c\u1ee7a ch\u1ea5t l\u01b0\u1ee3ng v\u1ec7 sinh r\u1ea5t cao. V\u00ec b\u1ec7nh vi\u1ec7n \u0111\u01b0\u1ee3c bi\u1ebft \u0111\u1ebfn l\u00e0 m\u1ed9t m\u00f4i tr\u01b0\u1eddng s\u1ea1ch s\u1ebd, trong l\u00e0nh \u0111\u1ec3 t\u1ea1o \u0111i\u1ec1u ki\u1ec7n t\u1ed1t nh\u1ea5t cho s\u1ee9c kh\u1ecfe c\u1ee7a b\u1ec7nh nh\u00e2n \u0111\u01b0\u1ee3c c\u1ea3i thi\u1ec7n, ph\u1ee5c h\u1ed3i. M\u00e0 b\u1ec7nh vi\u1ec7n, c\u00e1c &#8230;<\/p>\n","protected":false},"author":2,"featured_media":0,"parent":0,"menu_order":0,"comment_status":"closed","ping_status":"closed","template":"page-right-sidebar.php","meta":[],"_links":{"self":[{"href":"https:\/\/webmaibinh.com\/w\/vesinh2011\/wp-json\/wp\/v2\/pages\/423"}],"collection":[{"href":"https:\/\/webmaibinh.com\/w\/vesinh2011\/wp-json\/wp\/v2\/pages"}],"about":[{"href":"https:\/\/webmaibinh.com\/w\/vesinh2011\/wp-json\/wp\/v2\/types\/page"}],"author":[{"embeddable":true,"href":"https:\/\/webmaibinh.com\/w\/vesinh2011\/wp-json\/wp\/v2\/users\/2"}],"replies":[{"embeddable":true,"href":"https:\/\/webmaibinh.com\/w\/vesinh2011\/wp-json\/wp\/v2\/comments?post=423"}],"version-history":[{"count":0,"href":"https:\/\/webmaibinh.com\/w\/vesinh2011\/wp-json\/wp\/v2\/pages\/423\/revisions"}],"wp:attachment":[{"href":"https:\/\/webmaibinh.com\/w\/vesinh2011\/wp-json\/wp\/v2\/media?parent=423"}],"curies":[{"name":"wp","href":"https:\/\/api.w.org\/{rel}","templated":true}]}}