{"id":359,"date":"2019-05-20T13:37:26","date_gmt":"2019-05-20T06:37:26","guid":{"rendered":"https:\/\/vesinhcongnghiep.khowebseotop.vn\/?page_id=359"},"modified":"2019-05-20T13:45:53","modified_gmt":"2019-05-20T06:45:53","slug":"dich-vu-ve-sinh-nha-o","status":"publish","type":"page","link":"https:\/\/webmaibinh.com\/w\/vesinh2011\/dich-vu-ve-sinh-nha-o\/","title":{"rendered":"D\u1ecbch v\u1ee5 v\u1ec7 sinh nh\u00e0 \u1edf"},"content":{"rendered":"\n  <div class=\"banner has-hover\" id=\"banner-461636823\">\n          <div class=\"banner-inner fill\">\n        <div class=\"banner-bg fill\" >\n            <div class=\"bg fill bg-fill \"><\/div>\n                                    \n                    <\/div>\n        <div class=\"banner-layers container\">\n            <div class=\"fill banner-link\"><\/div>            \n   <div id=\"text-box-96769916\" class=\"text-box banner-layer x100 md-x100 lg-x100 y50 md-y50 lg-y50 res-text\">\n                                <div class=\"text dark\">\n              \n              <div class=\"text-inner text-left\">\n                  \n<h3 class=\"uppercase\" style=\"text-align: left;\"><strong><span style=\"color: #000000;\">D\u1ecbch v\u1ee5 v\u1ec7 sinh nh\u00e0 \u1edf<\/span><\/strong><\/h3>\n<p style=\"text-align: left;\"><span style=\"color: #000000;\">M\u00e1y m\u00f3c hi\u1ec7n \u0111\u1ea1i, c\u00f4ng ngh\u1ec7 h\u00e0ng \u0111\u1ea7u<\/span><\/p>\n<p style=\"text-align: left;\"><span style=\"color: #000000;\">Tuy\u1ec7t \u0111\u1ed1i uy t\u00edn v\u00e0 an to\u00e0n<\/span><\/p>\n<p style=\"text-align: left;\"><span style=\"color: #000000;\">Tr\u00e1ch nhi\u1ec7m v\u1edbi c\u00f4ng vi\u1ec7c cao, lau d\u1ecdn s\u1ea1ch s\u1ebd<\/span><\/p>\n<a class=\"button primary lowercase reveal-icon\"  style=\"border-radius:99px;\">\n    <span>G\u1ecdi ngay: 0972.123.456<\/span>\n  <i class=\"icon-phone\" ><\/i><\/a>\n\n              <\/div>\n           <\/div>\n                            \n<style scope=\"scope\">\n\n#text-box-96769916 {\n  width: 60%;\n}\n#text-box-96769916 .text {\n  font-size: 100%;\n}\n\n\n@media (min-width:550px) {\n\n  #text-box-96769916 {\n    width: 40%;\n  }\n\n}\n<\/style>\n    <\/div>\n \n        <\/div>\n      <\/div>\n\n              <div class=\"height-fix is-invisible\"><img width=\"1920\" height=\"534\" src=\"https:\/\/webmaibinh.com\/w\/vesinh2011\/wp-content\/uploads\/2019\/05\/ve-sinh-nha-o.jpg\" class=\"attachment-original size-original\" alt=\"\" loading=\"lazy\" srcset=\"https:\/\/webmaibinh.com\/w\/vesinh2011\/wp-content\/uploads\/2019\/05\/ve-sinh-nha-o.jpg 1920w, https:\/\/webmaibinh.com\/w\/vesinh2011\/wp-content\/uploads\/2019\/05\/ve-sinh-nha-o-300x83.jpg 300w, https:\/\/webmaibinh.com\/w\/vesinh2011\/wp-content\/uploads\/2019\/05\/ve-sinh-nha-o-768x214.jpg 768w, https:\/\/webmaibinh.com\/w\/vesinh2011\/wp-content\/uploads\/2019\/05\/ve-sinh-nha-o-1024x285.jpg 1024w\" sizes=\"(max-width: 1920px) 100vw, 1920px\" \/><\/div>\n            \n<style scope=\"scope\">\n\n#banner-461636823 .bg.bg-loaded {\n  background-image: url(https:\/\/webmaibinh.com\/w\/vesinh2011\/wp-content\/uploads\/2019\/05\/ve-sinh-nha-o.jpg);\n}\n<\/style>\n  <\/div>\n\n\n\t<section class=\"section\" id=\"section_1598381873\">\n\t\t<div class=\"bg section-bg fill bg-fill  bg-loaded\" >\n\n\t\t\t\n\t\t\t\n\t\t\t\n\n\t\t<\/div>\n\n\t\t<div class=\"section-content relative\">\n\t\t\t\n<div class=\"row\"  id=\"row-1053095111\">\n\n\t<div class=\"col small-12 large-12\"  >\n\t\t<div class=\"col-inner\"  >\n\t\t\t\n\t\t\t\n<h2>D\u1ecbch v\u1ee5 d\u1ecdn d\u1eb9p nh\u00e0 \u1edf chuy\u00ean nghi\u1ec7p<\/h2>\n<p><em>Qu\u00fd kh\u00e1ch \u0111ang ph\u00e2n v\u00e2n mu\u1ed1n t\u00ecm m\u1ed9t \u0111\u01a1n v\u1ecb chuy\u00ean cung c\u1ea5p d\u1ecbch v\u1ee5 gi\u00fap vi\u1ec7c t\u1ea1i nh\u00e0? Tr\u00ean th\u1ecb tr\u01b0\u1eddng hi\u1ec7n xu\u1ea5t hi\u1ec7n r\u1ea5t nhi\u1ec1u \u0111\u01a1n v\u1ecb gi\u00fap vi\u1ec7c khi\u1ebfn cho nhi\u1ec1u ng\u01b0\u1eddi ph\u00e2n v\u00e2n kh\u00f4ng bi\u1ebft n\u00ean l\u1ef1a ch\u1ecdn nh\u01b0 th\u1ebf n\u00e0o? Tapvu247 chuy\u00ean cung c\u1ea5p c\u00e1c d\u1ecbch v\u1ee5\u00a0<strong>gi\u00fap vi\u1ec7c nh\u00e0\u00a0<\/strong>uy t\u00edn tr\u00ean th\u1ecb tr\u01b0\u1eddng, \u0111\u1ea3m b\u1ea3o c\u00f3 th\u1ec3 l\u00e0m h\u00e0i l\u00f2ng Qu\u00fd kh\u00e1ch trong qu\u00e1 tr\u00ecnh s\u1eed d\u1ee5ng. Ch\u00fang t\u00f4i cung c\u1ea5p d\u1ecbch v\u1ee5 theo \u0111\u00fang y\u00eau c\u1ea7u c\u1ee7a kh\u00e1ch h\u00e0ng v\u1edbi nh\u1eefng \u01b0u \u0111i\u1ec3m n\u1ed5i b\u1eadt sau:<\/em><\/p>\n\t\t<\/div>\n\t<\/div>\n\n\t\n<\/div>\n<div class=\"row row-small\"  id=\"row-1771622941\">\n\n\t<div class=\"col medium-4 small-12 large-4\"  >\n\t\t<div class=\"col-inner\"  >\n\t\t\t\n\t\t\t\n\t<div class=\"img has-hover x md-x lg-x y md-y lg-y\" id=\"image_89254515\">\n\t\t\t\t\t\t\t\t<div class=\"img-inner dark\" >\n\t\t\t<img width=\"400\" height=\"267\" src=\"https:\/\/webmaibinh.com\/w\/vesinh2011\/wp-content\/uploads\/2019\/05\/giup-viec-nha-co-be-day-kinh-nghiem.jpg\" class=\"attachment-original size-original\" alt=\"\" loading=\"lazy\" srcset=\"https:\/\/webmaibinh.com\/w\/vesinh2011\/wp-content\/uploads\/2019\/05\/giup-viec-nha-co-be-day-kinh-nghiem.jpg 400w, https:\/\/webmaibinh.com\/w\/vesinh2011\/wp-content\/uploads\/2019\/05\/giup-viec-nha-co-be-day-kinh-nghiem-300x200.jpg 300w\" sizes=\"(max-width: 400px) 100vw, 400px\" \/>\t\t\t\t\t\t\n\t\t\t\t\t<\/div>\n\t\t\t\t\t\t\t\t\n<style scope=\"scope\">\n\n#image_89254515 {\n  width: 100%;\n}\n<\/style>\n\t<\/div>\n\t\n\t\t<\/div>\n\t<\/div>\n\n\t\n\n\t<div class=\"col medium-8 small-12 large-8\"  >\n\t\t<div class=\"col-inner\"  >\n\t\t\t\n\t\t\t\n<h3><strong><img loading=\"lazy\" class=\"alignnone wp-image-670 lazy-load-active\" src=\"https:\/\/tapvu247.com\/wp-content\/uploads\/2019\/05\/check.png\" alt=\"\" width=\"17\" height=\"17\" data-src=\"https:\/\/tapvu247.com\/wp-content\/uploads\/2019\/05\/check.png\" \/><span style=\"color: #00a859; font-size: 95%;\"> Gi\u00fap vi\u1ec7c nh\u00e0 c\u00f3 b\u1ec1 d\u00e0y kinh nghi\u1ec7m<\/span><\/strong><\/h3>\n<p><strong>Tapvu247<\/strong> lu\u00f4n c\u00f3 nh\u1eefng nh\u00e2n vi\u00ean v\u1edbi b\u1ec1 d\u00e0y kinh nghi\u1ec7m trong vi\u1ec7c d\u1ecdn d\u1eb9p nh\u00e0 c\u1eeda ch\u1eafc ch\u1eafn c\u00f3 th\u1ec3 l\u00e0m h\u00e0i l\u00f2ng Qu\u00fd kh\u00e1ch trong qu\u00e1 tr\u00ecnh s\u1eed d\u1ee5ng. T\u1ea5t c\u1ea3 nh\u00e2n vi\u00ean thu\u1ed9c c\u00f4ng ty ch\u00fang t\u00f4i \u0111\u1ec1u kh\u00f4ng ng\u1eebng \u0111\u01b0\u1ee3c \u0111\u00e0o t\u1ea1o, n\u00e2ng cao k\u1ef9 thu\u1eadt nghi\u1ec7p v\u1ee5 \u0111\u1ea3m b\u1ea3o mang \u0111\u1ebfn cho Qu\u00fd kh\u00e1ch ch\u1ea5t l\u01b0\u1ee3ng d\u1ecbch v\u1ee5 t\u1ed1t nh\u1ea5t.<\/p>\n<p><span style=\"color: #00a859;\"><em>\u201cD\u1ecbch v\u1ee5 gi\u00fap vi\u1ec7c nh\u00e0 hi\u1ec7n \u0111ang tr\u1edf n\u00ean c\u1ef1c k\u1ef3 ph\u1ed5 bi\u1ebfn\u201d<\/em><\/span><\/p>\n<p>H\u1ea7u h\u1ebft, c\u00e1c gia \u0111\u00ecnh \u0111\u1ec1u tin t\u01b0\u1edfng l\u1ef1a ch\u1ecdn d\u1ecbch v\u1ee5 c\u1ee7a ch\u00fang t\u00f4i v\u00ec \u0111\u1ed9i ng\u0169 gi\u00fap vi\u1ec7c nh\u00e0 c\u1ee7a c\u00f4ng ty lu\u00f4n mang \u0111\u1ebfn s\u1ef1 h\u00e0i l\u00f2ng cho kh\u00e1ch h\u00e0ng. C\u00f9ng v\u1edbi \u0111\u00f3, Qu\u00fd kh\u00e1ch ho\u00e0n to\u00e0n y\u00ean t\u00e2m v\u1ec1 \u0111\u1ed9 s\u1ea1ch s\u1ebd. N\u1ebfu kh\u00f4ng \u0111\u00fang nh\u01b0 mong mu\u1ed1n, c\u00e1c Qu\u00fd kh\u00e1ch c\u00f3 th\u1ec3 y\u00eau c\u1ea7u nh\u00e2n vi\u00ean c\u00f4ng ty l\u00e0m l\u1ea1i.<\/p>\n\t\t<\/div>\n\t<\/div>\n\n\t\n\n<style scope=\"scope\">\n\n<\/style>\n<\/div>\n<div class=\"row\"  id=\"row-1887665590\">\n\n\t<div class=\"col medium-8 small-12 large-8\"  >\n\t\t<div class=\"col-inner\"  >\n\t\t\t\n\t\t\t\n<h3><span style=\"font-size: 95%;\"><strong><img loading=\"lazy\" class=\"alignnone wp-image-670 lazy-load-active\" src=\"https:\/\/tapvu247.com\/wp-content\/uploads\/2019\/05\/check.png\" alt=\"\" width=\"17\" height=\"17\" data-src=\"https:\/\/tapvu247.com\/wp-content\/uploads\/2019\/05\/check.png\" \/><span style=\"color: #00a859;\"> C\u00f4ng ngh\u1ec7 h\u00e0ng \u0111\u1ea7u<\/span><\/strong><\/span><\/h3>\n<p>C\u00e1c d\u1ecbch v\u1ee5 gi\u00fap vi\u1ec7c nh\u00e0 do c\u00f4ng ty ch\u00fang t\u00f4i cung c\u1ea5p \u0111\u1ec1u s\u1eed d\u1ee5ng nh\u1eefng c\u00f4ng ngh\u1ec7 l\u00e0m s\u1ea1ch h\u00e0ng \u0111\u1ea7u. Ch\u00ednh v\u00ec v\u1eady, kh\u00e1ch h\u00e0ng ho\u00e0n to\u00e0n y\u00ean t\u00e2m khi s\u1eed d\u1ee5ng d\u1ecbch v\u1ee5 c\u1ee7a ch\u00fang t\u00f4i. Tapvu247 lu\u00f4n s\u1eed d\u1ee5ng c\u00e1c thi\u1ebft b\u1ecb hi\u1ec7n \u0111\u1ea1i h\u00e0ng \u0111\u1ea7u, \u0111\u1ea3m b\u1ea3o mang \u0111\u1ebfn cho Qu\u00fd kh\u00e1ch ch\u1ea5t l\u01b0\u1ee3ng d\u1ecbch v\u1ee5 t\u1ed1t nh\u1ea5t. Ch\u00fang t\u00f4i s\u1eed d\u1ee5ng c\u00e1c ch\u1ea5t t\u1ea9y r\u1eeda c\u00f3 \u0111\u1ed9 an to\u00e0n cao, kh\u00f4ng l\u00e0m \u1ea3nh h\u01b0\u1edfng \u0111\u1ebfn kh\u00f4ng kh\u00ed hay qu\u00e1 tr\u00ecnh sinh ho\u1ea1t c\u1ee7a gia \u0111\u00ecnh Qu\u00fd kh\u00e1ch.<\/p>\n<p><span style=\"color: #00a859;\"><em>\u201cD\u1ecdn d\u1eb9p nhanh ch\u00f3ng \u0111\u1ea3m b\u1ea3o l\u00e0m h\u00e0i l\u00f2ng kh\u00e1ch h\u00e0ng\u201d<\/em><\/span><\/p>\n<p>B\u00ean c\u1ea1nh \u0111\u00f3, Tapvu247 c\u00f2n s\u1eed d\u1ee5ng kh\u0103n lau s\u1ee3i nh\u1ecf \u0111\u1ec3 gi\u1ea3m \u00f4 nhi\u1ec5m ch\u00e9o nh\u1eb1m \u0111\u1ea3m b\u1ea3o mang \u0111\u1ebfn cho Qu\u00fd kh\u00e1ch m\u00f4i tr\u01b0\u1eddng trong l\u00e0nh nh\u1ea5t c\u00f3 th\u1ec3. Ch\u00fang t\u00f4i th\u1ef1c hi\u1ec7n d\u1ecdn d\u1eb9p v\u1ec7 sinh t\u1ea1i nh\u00e0 nh\u01b0ng v\u1eabn lu\u00f4n \u0111\u1ec1 cao v\u1ea5n \u0111\u1ec1 b\u1ea3o v\u1ec7 m\u00f4i tr\u01b0\u1eddng, h\u1ea1n ch\u1ebf nh\u1eefng ch\u1ea5t x\u1ea3 th\u1ea3i ra b\u00ean ngo\u00e0i \u1ea3nh h\u01b0\u1edfng v\u00e0 l\u00e0m \u00f4 nhi\u1ec5m m\u1ecdi th\u1ee9 xung quanh. Lu\u00f4n \u0111\u1eb7t t\u00f4n ch\u1ec9 d\u1ecdn d\u1eb9p s\u1ea1ch s\u1ebd cho kh\u00e1ch h\u00e0ng nh\u01b0ng c\u0169ng th\u1ef1c hi\u1ec7n b\u1ea3o v\u1ec7 m\u00f4i tr\u01b0\u1eddng kh\u00f4ng g\u00e2y ra c\u00e1c lo\u1ea1i \u00f4 nhi\u1ec5m.<\/p>\n\t\t<\/div>\n\t<\/div>\n\n\t\n\n\t<div class=\"col medium-4 small-12 large-4\"  >\n\t\t<div class=\"col-inner\"  >\n\t\t\t\n\t\t\t\n\t<div class=\"img has-hover x md-x lg-x y md-y lg-y\" id=\"image_1967692616\">\n\t\t\t\t\t\t\t\t<div class=\"img-inner image-cover dark\" style=\"padding-top:97%;\">\n\t\t\t<img width=\"400\" height=\"266\" src=\"https:\/\/webmaibinh.com\/w\/vesinh2011\/wp-content\/uploads\/2019\/05\/giup-viec-nha-1024x683.jpg\" class=\"attachment-original size-original\" alt=\"\" loading=\"lazy\" srcset=\"https:\/\/webmaibinh.com\/w\/vesinh2011\/wp-content\/uploads\/2019\/05\/giup-viec-nha-1024x683.jpg 400w, https:\/\/webmaibinh.com\/w\/vesinh2011\/wp-content\/uploads\/2019\/05\/giup-viec-nha-1024x683-300x200.jpg 300w\" sizes=\"(max-width: 400px) 100vw, 400px\" \/>\t\t\t\t\t\t\n\t\t\t\t\t<\/div>\n\t\t\t\t\t\t\t\t\n<style scope=\"scope\">\n\n#image_1967692616 {\n  width: 100%;\n}\n<\/style>\n\t<\/div>\n\t\n\t\t<\/div>\n\t<\/div>\n\n\t\n<\/div>\n<div class=\"row\"  id=\"row-1439053400\">\n\n\t<div class=\"col medium-4 small-12 large-4\"  >\n\t\t<div class=\"col-inner\"  >\n\t\t\t\n\t\t\t\n\t<div class=\"img has-hover x md-x lg-x y md-y lg-y\" id=\"image_1775447986\">\n\t\t\t\t\t\t\t\t<div class=\"img-inner dark\" >\n\t\t\t<img width=\"400\" height=\"283\" src=\"https:\/\/webmaibinh.com\/w\/vesinh2011\/wp-content\/uploads\/2019\/05\/123.jpg\" class=\"attachment-large size-large\" alt=\"\" loading=\"lazy\" srcset=\"https:\/\/webmaibinh.com\/w\/vesinh2011\/wp-content\/uploads\/2019\/05\/123.jpg 400w, https:\/\/webmaibinh.com\/w\/vesinh2011\/wp-content\/uploads\/2019\/05\/123-300x212.jpg 300w\" sizes=\"(max-width: 400px) 100vw, 400px\" \/>\t\t\t\t\t\t\n\t\t\t\t\t<\/div>\n\t\t\t\t\t\t\t\t\n<style scope=\"scope\">\n\n#image_1775447986 {\n  width: 100%;\n}\n<\/style>\n\t<\/div>\n\t\n\t\t<\/div>\n\t<\/div>\n\n\t\n\n\t<div class=\"col medium-8 small-12 large-8\"  >\n\t\t<div class=\"col-inner\"  >\n\t\t\t\n\t\t\t\n<h3><strong><span style=\"font-size: 95%;\"><img loading=\"lazy\" class=\"alignnone wp-image-670 lazy-load-active\" src=\"https:\/\/tapvu247.com\/wp-content\/uploads\/2019\/05\/check.png\" alt=\"\" width=\"17\" height=\"17\" data-src=\"https:\/\/tapvu247.com\/wp-content\/uploads\/2019\/05\/check.png\" \/><span style=\"color: #00a859;\"> D\u1ecbch v\u1ee5 \u0111a d\u1ea1ng<\/span><\/span><\/strong><\/h3>\n<p>Tapvu247 cung c\u1ea5p c\u00e1c d\u1ecbch v\u1ee5 gi\u00fap vi\u1ec7c nh\u00e0 \u0111a d\u1ea1ng, v\u1edbi c\u00e1c h\u00ecnh th\u1ee9c kh\u00e1c nhau \u0111\u1ec3 kh\u00e1ch h\u00e0ng c\u00f3 th\u1ec3 t\u00f9y \u00fd l\u1ef1a ch\u1ecdn sao cho thu\u1eadn ti\u1ec7n nh\u1ea5t c\u00f3 th\u1ec3. C\u00e1c d\u1ecbch v\u1ee5 do Tapvu247 cung c\u1ea5p bao g\u1ed3m:<\/p>\n<ul>\n<li>D\u1ecdn d\u1eb9p t\u1ea1i nh\u00e0 theo gi\u1edd<\/li>\n<li>D\u1ecdn d\u1eb9p t\u1ea1i nh\u00e0 theo ng\u00e0y<\/li>\n<li>D\u1ecdn d\u1eb9p theo y\u00eau c\u1ea7u kh\u00e1ch h\u00e0ng<\/li>\n<\/ul>\n\t\t<\/div>\n\t<\/div>\n\n\t\n<\/div>\n<div class=\"row\"  id=\"row-1743717867\">\n\n\t<div class=\"col small-12 large-12\"  >\n\t\t<div class=\"col-inner\"  >\n\t\t\t\n\t\t\t\n<p>T\u00f9y thu\u1ed9c v\u00e0o m\u00f4 h\u00ecnh sinh ho\u1ea1t gia \u0111\u00ecnh, Qu\u00fd kh\u00e1ch c\u00f3 th\u1ec3 l\u1ef1a ch\u1ecdn c\u00e1c d\u1ecbch v\u1ee5 ph\u00f9 h\u1ee3p. N\u1ebfu kh\u00f4ng c\u00f3 qu\u00e1 nhi\u1ec1u y\u00eau c\u1ea7u th\u00ec d\u1ecbch v\u1ee5 gi\u00fap vi\u1ec7c nh\u00e0 theo gi\u1edd \u0111\u00e1ng \u0111\u1ec3 cho Qu\u00fd kh\u00e1ch l\u1ef1a ch\u1ecdn v\u00ec v\u1eeba ti\u1ebft ki\u1ec7m chi ph\u00ed l\u1ea1i kh\u00f4ng t\u1ed1n qu\u00e1 nhi\u1ec1u th\u1eddi gian.<\/p>\n<p><strong><em>\u201cCh\u1ea5t l\u01b0\u1ee3ng d\u1ecbch v\u1ee5 l\u00e0m h\u00e0i l\u00f2ng kh\u00e1ch h\u00e0ng\u201d<\/em><\/strong><\/p>\n<p>S\u1eed d\u1ee5ng d\u1ecbch v\u1ee5 d\u1ecdn d\u1eb9p Tapvu247 Qu\u00fd kh\u00e1ch c\u00f3 th\u1ec3 ho\u00e0n to\u00e0n y\u00ean t\u00e2m v\u1ec1 kh\u00f4ng gian nh\u00e0. Ch\u00fang t\u00f4i cam k\u1ebft mang \u0111\u1ebfn cho Qu\u00fd kh\u00e1ch kh\u00f4ng gian xanh l\u00fd t\u01b0\u1edfng \u0111\u1ec3 sinh ho\u1ea1t gia \u0111\u00ecnh v\u00e0 th\u1ef1c hi\u1ec7n b\u1ea5t k\u1ef3 ho\u1ea1t \u0111\u1ed9ng n\u00e0o.<\/p>\n<p>H\u00e3y li\u00ean h\u1ec7 ngay Tapvu247 khi Qu\u00fd kh\u00e1ch c\u00f3 nhu c\u1ea7u s\u1eed d\u1ee5ng, vui l\u00f2ng g\u1ecdi:\u00a0<strong>0907 082 999<\/strong><\/p>\n\t\t<\/div>\n\t<\/div>\n\n\t\n<\/div>\n\t\t<\/div>\n\n\t\t\n<style scope=\"scope\">\n\n#section_1598381873 {\n  padding-top: 30px;\n  padding-bottom: 30px;\n}\n<\/style>\n\t<\/section>\n\t\n","protected":false},"excerpt":{"rendered":"","protected":false},"author":2,"featured_media":0,"parent":0,"menu_order":0,"comment_status":"closed","ping_status":"closed","template":"page-blank.php","meta":[],"_links":{"self":[{"href":"https:\/\/webmaibinh.com\/w\/vesinh2011\/wp-json\/wp\/v2\/pages\/359"}],"collection":[{"href":"https:\/\/webmaibinh.com\/w\/vesinh2011\/wp-json\/wp\/v2\/pages"}],"about":[{"href":"https:\/\/webmaibinh.com\/w\/vesinh2011\/wp-json\/wp\/v2\/types\/page"}],"author":[{"embeddable":true,"href":"https:\/\/webmaibinh.com\/w\/vesinh2011\/wp-json\/wp\/v2\/users\/2"}],"replies":[{"embeddable":true,"href":"https:\/\/webmaibinh.com\/w\/vesinh2011\/wp-json\/wp\/v2\/comments?post=359"}],"version-history":[{"count":0,"href":"https:\/\/webmaibinh.com\/w\/vesinh2011\/wp-json\/wp\/v2\/pages\/359\/revisions"}],"wp:attachment":[{"href":"https:\/\/webmaibinh.com\/w\/vesinh2011\/wp-json\/wp\/v2\/media?parent=359"}],"curies":[{"name":"wp","href":"https:\/\/api.w.org\/{rel}","templated":true}]}}