


{"id":2511,"date":"2018-03-30T16:49:17","date_gmt":"2018-03-30T09:49:17","guid":{"rendered":"https:\/\/bizhostvn.com\/w\/vape\/?post_type=product&#038;p=2511"},"modified":"2018-03-30T16:49:17","modified_gmt":"2018-03-30T09:49:17","slug":"ziggs-rdta-by-advken-gtek-suilh-made-in-kore","status":"publish","type":"product","link":"https:\/\/webmaibinh.com\/w\/vape\/san-pham\/ziggs-rdta-by-advken-gtek-suilh-made-in-kore\/","title":{"rendered":"Ziggs RDTA by Advken Gtek Suilh Made in Kore"},"content":{"rendered":"<p><strong>Ziggs RDTA<\/strong> c\u1ee7a Advken c\u00f3 \u0111\u01b0\u1eddng k\u00ednh 24mm v\u00e0 dung t\u00edch 2.5mm. Ziggs RDTA c\u00f3 thi\u1ebft k\u1ebf ch\u00e2n build d\u1ea1ng l\u01b0\u1ee1i k\u1eb9p v\u1edbi ph\u1ea7n l\u1ed7 b\u00f4ng h\u1edf, h\u1ec7 th\u1ed1ng l\u1ed7 gi\u00f3 t\u00f9y ch\u1ec9nh b\u00ean h\u00f4ng v\u1edbi 3 l\u1ed7 gi\u00f3 v\u00e0 ph\u1ea7n bu\u1ed3ng build h\u1eb9p \u0111\u1ec3 \u0111\u1ea3m b\u1ea3o kh\u1ea3 n\u0103ng l\u00ean v\u1ecb.<\/p>\n<p><strong>Th\u00f4ng s\u1ed1:<\/strong><\/p>\n<p>+ Lo\u1ea1i \u0111\u1ea7u \u0111\u1ed1t: RDTA (v\u1eeba ch\u1ea5m h\u00fat, v\u1eeba c\u00f3 bu\u1ed3ng ch\u1ee9a tinh d\u1ea7u)<\/p>\n<p>+ Lo\u1ea1i l\u00f5i \u0111\u1ed1t: RBA (can thi\u1ec7p \u0111\u01b0\u1ee3c d\u00e2y \u0111\u00f4t,\u00a0b\u00f4ng)<\/p>\n<p>+ K\u00edch th\u01b0\u1edbc: 24mm\u00a0x 26mm<\/p>\n<p>+ Dung t\u00edch bu\u1ed3ng ch\u1ee9a: 2.5ml<\/p>\n<p>+ V\u1eadt li\u1ec7u: SS + k\u00ednh\u00a0Pyrex<\/p>\n<p>+ Ch\u00e2n ren: 510<\/p>\n<p><strong>\u0110\u00e1nh gi\u00e1 nhanh:<\/strong><\/p>\n<p>+ Ziggs l\u00e0 rdta \u0111\u00edch th\u1ef1c, nh\u01b0ng k\u00edch c\u1ee1, v\u1ebb ngo\u00e0i\u00a0ch\u1ec9 t\u01b0\u01a1ng \u0111\u01b0\u01a1ng rda, Advken \u0111\u00e3 gi\u1ea3i quy\u1ebft \u0111\u01b0\u1ee3c v\u1ea5n \u0111\u1ec1 tr\u01b0\u1edbc gi\u1edd c\u1ee7a rdta truy\u1ec1n th\u1ed1ng\u00a0l\u00e0 s\u1ef1 c\u1ed3ng k\u1ec1nh, kh\u00f3 k\u1ebft h\u1ee3p v\u1edbi c\u00e1c th\u00e2n m\u00e1y v\u1ec1 m\u1eb7t th\u1ea9m m\u0129.<\/p>\n<p>+ V\u1ebb ngo\u00e0i c\u00e1c s\u1ea3n ph\u1ea9m c\u1ee7a Advken r\u1ea5t l\u1ecbch thi\u1ec7p\u00a0v\u00e0 sang tr\u1ecdng, Ziggs rdta c\u0169ng kh\u00f4ng ngo\u1ea1i l\u1ec7. Ch\u1ec9 \u0111\u01a1n gi\u1ea3n \u1edf c\u00e1i t\u00ean Ziggs \u0111\u01b0\u1ee3c kh\u1eafc v\u00e0o v\u1ecf\u00a0c\u00f9ng vi\u1ec1n b\u00e1nh r\u0103ng n\u1eafp \u0111\u1ed5 tinh d\u1ea7u l\u00e0 \u0111\u1ee7.<\/p>\n<p>+ \u0110\u1ebf build 2 c\u1ecdc d\u1ecdc t\u00e1ch bi\u1ec7t, \u0111\u1ed3ng th\u1eddi c\u00f3 l\u1ed7 gi\u00f3 ngang,\u00a0c\u00f3 v\u1ebb nh\u00e0 thi\u1ebft k\u1ebf ch\u00fa \u00fd t\u1edbi vi\u1ec7c tr\u1ed9n l\u00e0m t\u0103ng l\u01b0\u1ee3ng kh\u00f3i. L\u1ed7 ch\u1ed1t \u1ed1c \u0111\u01b0\u1ee3c gia c\u00f4ng h\u1edf t\u0103ng kh\u00f4ng gian bu\u1ed3ng, \u0111\u1ed3ng th\u1eddi khoe kh\u00e9o\u00a0kh\u1ea3 n\u0103ng gia c\u00f4ng \u0111\u1eb3ng c\u1ea5p c\u1ee7a Advken.<\/p>\n<p>+ Advken r\u1ea5t chu \u0111\u00e1o khi k\u00e8m theo 1 tua v\u00edt c\u00f3 ch\u1ea5t m\u1ec1m h\u01a1n so v\u1edbi \u1ed1c, vi\u1ec7c n\u00e0y \u0111\u1ea3m b\u1ea3o trong qu\u00e1 tr\u00ecnh s\u1eed d\u1ee5ng n\u1ebfu c\u00f3 m\u1ea1nh tay th\u00ec ch\u1ec9 c\u00f3 tua v\u00edt b\u1ecb ch\u1eddn th\u00f4i ch\u1ee9 \u1ed1c kh\u00f4ng ch\u1eddn. L\u00e0 k\u0129 thu\u1eadt vi\u00ean n\u00ean m\u00ecnh r\u1ea5t kho\u00e1i chi ti\u1ebft n\u00e0y.<\/p>\n<p>+ N\u1eafp bu\u1ed3ng ng\u1eafn v\u00e0 c\u00f3 v\u00f2m t\u1ee5 tr\u00f2n n<\/p>\n","protected":false},"excerpt":{"rendered":"<p>Ziggs RDTA c\u1ee7a Advken c\u00f3 \u0111\u01b0\u1eddng k\u00ednh 24mm v\u00e0 dung t\u00edch 2.5mm. Ziggs RDTA c\u00f3 thi\u1ebft k\u1ebf ch\u00e2n build d\u1ea1ng l\u01b0\u1ee1i k\u1eb9p v\u1edbi ph\u1ea7n l\u1ed7 b\u00f4ng h\u1edf, h\u1ec7 th\u1ed1ng l\u1ed7 gi\u00f3 t\u00f9y ch\u1ec9nh b\u00ean h\u00f4ng v\u1edbi 3 l\u1ed7 gi\u00f3 v\u00e0 ph\u1ea7n bu\u1ed3ng build h\u1eb9p \u0111\u1ec3 \u0111\u1ea3m b\u1ea3o kh\u1ea3 n\u0103ng l\u00ean v\u1ecb.<\/p>\n","protected":false},"featured_media":2512,"comment_status":"open","ping_status":"closed","template":"","meta":[],"_links":{"self":[{"href":"https:\/\/webmaibinh.com\/w\/vape\/wp-json\/wp\/v2\/product\/2511"}],"collection":[{"href":"https:\/\/webmaibinh.com\/w\/vape\/wp-json\/wp\/v2\/product"}],"about":[{"href":"https:\/\/webmaibinh.com\/w\/vape\/wp-json\/wp\/v2\/types\/product"}],"replies":[{"embeddable":true,"href":"https:\/\/webmaibinh.com\/w\/vape\/wp-json\/wp\/v2\/comments?post=2511"}],"wp:featuredmedia":[{"embeddable":true,"href":"https:\/\/webmaibinh.com\/w\/vape\/wp-json\/wp\/v2\/media\/2512"}],"wp:attachment":[{"href":"https:\/\/webmaibinh.com\/w\/vape\/wp-json\/wp\/v2\/media?parent=2511"}],"curies":[{"name":"wp","href":"https:\/\/api.w.org\/{rel}","templated":true}]}}