{"id":280,"date":"2017-08-04T09:01:35","date_gmt":"2017-08-04T09:01:35","guid":{"rendered":"http:\/\/tracdia.khowebseotop.vn\/?post_type=product&#038;p=280"},"modified":"2017-08-04T09:02:03","modified_gmt":"2017-08-04T09:02:03","slug":"may-toan-dac-dien-tu-topcon-es-102","status":"publish","type":"product","link":"https:\/\/webmaibinh.com\/w\/tracdia2011\/san-pham\/may-toan-dac-dien-tu-topcon-es-102\/","title":{"rendered":"M\u00e1y to\u00e0n \u0111\u1ea1c \u0111i\u1ec7n t\u1eed Topcon ES-102"},"content":{"rendered":"<p>Ch\u1eafc h\u1eb3n r\u1eb1ng c\u00e1c k\u0129 s\u01b0 chuy\u00ean nghi\u1ec7p t\u1ea1i nh\u1eefng c\u00f4ng tr\u01b0\u1eddng \u0111\u00e3 qu\u00e1 quen thu\u1ed9c v\u1edbi d\u00f2ng m\u00e1y to\u00e0n \u0111\u1ea1c n\u00f3i chung v\u00e0 m\u00e1y to\u00e0n \u0111\u1ea1c Topcon n\u00f3i ri\u00eang. Nh\u1eefng th\u00e0nh c\u00f4ng t\u1eeb c\u00e1c model 220 v\u00e0 230 ch\u00ednh l\u00e0 \u0111\u1ed9ng l\u1ef1c \u0111\u1ec3 Topcon ti\u1ebfp t\u1ee5c nghi\u00ean c\u1ee9u v\u00e0 ph\u00e1t tri\u1ec3n n\u00ean d\u00f2ng m\u00e1y to\u00e0n \u0111\u1ea1c ES Series \u2013 v\u00e0 \u0111\u1eb7c tr\u01b0ng l\u00e0 <strong>may toan dac dien tu topcon es-102<\/strong>.<\/p>\n<p>S\u1ef1 ra \u0111\u1eddi n\u00e0y nh\u1eb1m \u0111\u00e1p \u1ee9ng cho nhu c\u1ea7u s\u1eed d\u1ee5ng <strong>may\u00a0do dac<\/strong>\u00a0v\u1edbi \u0111\u1ed9 ch\u00ednh x\u00e1c cao trong th\u1eddi \u0111\u1ea1i c\u00f4ng nghi\u1ec7p h\u00f3a v\u1edbi ng\u00e0nh x\u00e2y d\u1ef1ng ng\u00e0y nay.<\/p>\n<p>&nbsp;<\/p>\n<p><img title=\"may toan dac dien tu topcon es-102\" src=\"http:\/\/tracdia.khowebseotop.vn\/wp-content\/uploads\/2017\/08\/may-toan-dac-dien-tu-topcon-es-102-280.jpg\" alt=\"may toan dac dien tu topcon es-102\" \/><\/p>\n<h3><strong>Topcon v\u00e0 d\u00f2ng ES Series<\/strong><\/h3>\n<p>Nh\u1eefng c\u00f4ng ngh\u1ec7 m\u1edbi v\u00e0 ti\u1ebfn ti\u1ebfn nh\u1ea5t c\u1ee7a Topcon \u0111\u00e3 \u0111\u01b0\u1ee3c trang b\u1ecb cho ES Series c\u00f9ng v\u1edbi ki\u1ec3u d\u00e1ng g\u1ecdn nh\u1eb9.<\/p>\n<p>T\u1eeb nh\u1eefng ph\u00e9p \u0111o \u0111\u1ea7u ti\u00ean c\u1ee7a m\u00e1y s\u1ebd l\u00e0m cho ng\u01b0\u1eddi d\u00f9ng h\u00e0i l\u00f2ng. C\u00f4ng ngh\u1ec7 EDM hi\u1ec7n \u0111\u1ea1i cho ph\u00e9p ES c\u00f3 th\u1ec3 l\u00ean t\u1edbn 4 km v\u1edbi g\u01b0\u01a1ng chu\u1ea9n. Khi ti\u1ebfn h\u00e0nh \u0111o kh\u00f4ng g\u01b0\u01a1ng th\u00ec s\u1ebd \u0111\u1ea1t \u0111\u1ebfn 0,5 km c\u00f9ng \u0111\u1ed9 ch\u00ednh x\u00e1c c\u1ef1c cao (3 mm + 2 ppm).<\/p>\n<p>Ngo\u00e0i ra, ng\u01b0\u1eddi \u0111o c\u00f2n c\u00f3 th\u1ec3 x\u00e1c \u0111\u1ecbnh v\u1ecb tr\u00ed \u0111i\u1ec3m r\u1ea5t nhanh nh\u1edd c\u00f3 tia laser d\u1eabn \u0111\u01b0\u1eddng.<\/p>\n<h2><strong>C\u00e1c t\u00ednh n\u0103ng v\u01b0\u1ee3t tr\u1ed9i c\u1ee7a may toan dac dien tu topcon es-102:<\/strong><\/h2>\n<p><strong>*Ultra-c\u1ef1c kh\u1ecfe; n\u00e2ng cao EDM<\/strong><\/p>\n<p>+\u00a0V\u1edbi kh\u00f4ng g\u01b0\u01a1ng:\u00a00,5 km<\/p>\n<p>+ V\u01a1i\u00a0g\u01b0\u01a1ng \u0111\u01a1n: 4 km<\/p>\n<p>+ Ch\u1ec9 t\u1ed1n 1 gi\u00e2y \u0111\u1ec3 \u0111o tinh<\/p>\n<p><strong>*Li\u00ean k\u1ebft Longlink \u0111\u1ed9c quy\u1ec1n<\/strong><\/p>\n<p>\u0110i\u1ec3m \u0111\u1eb7c bi\u1ec7t c\u1ee7a d\u00f2ng Topcon ES Series so v\u1edbi nh\u1eefng chi\u1ebfc m\u00e1y to\u00e0n \u0111\u1ea1c th\u00f4ng th\u01b0\u1eddng \u0111\u00f3 ch\u00ednh l\u00e0 Li\u00ean k\u1ebft Longlink \u0111\u1ed9c quy\u1ec1n. B\u1ea1n c\u00f3 th\u1ec3 \u0111o thu th\u1eadp d\u1eef li\u1ec7u b\u1eb1ng ph\u00edm \u201c smart-spot\u201d\u00a0c\u1ee7a m\u00e1y,\u00a0s\u00e0o g\u01b0\u01a1ng V\u1edbi m\u1ed9t ph\u1ea1m vi 300m k\u1ebft n\u1ed1i kh\u00f4ng d\u00e2y b\u1eb1ng k\u1ebft n\u1ed1i Bluetooth b\u1eadc 1. Nh\u00e2n l\u1ef1c ch\u1ec9 v\u1edbi 2 ng\u01b0\u1eddi \u2013 c\u00f4ng ngh\u1ec7 m\u1edbi \u0111\u00e3 t\u0103ng s\u1ef1 linh ho\u1ea1t trong vi\u1ec7c \u0111o \u0111\u1ea1c \u1edf th\u1ef1c \u0111\u1ecba.<\/p>\n<p><strong>*H\u1ec7 th\u1ed1ng m\u00e3 h\u00f3a n\u00e2ng cao g\u00f3c:<\/strong><\/p>\n<p>+ \u0110\u1ed9 ch\u00ednh x\u00e1c khi \u0111o g\u00f3c: 1\u201d<\/p>\n<p>+ Model 1\u201d, 2\u201d \u0111\u00e3 \u0111\u01b0\u1ee3c k\u1ebft h\u1ee3p ch\u1eb7t ch\u1ebd \u0111\u1ed9c quy\u1ec1n IACS (Hi\u1ec7u ch\u1ec9nh h\u1ec7 th\u1ed1ng t\u1ef1 \u0111\u1ed9ng th\u00f4ng minh)<\/p>\n<p><strong>*Pin c\u00f3 th\u1ec3 ho\u1ea1t \u0111\u1ed9ng c\u1ef1c \u201ctr\u00e2u\u201d<\/strong><\/p>\n<p>+ Pin c\u1ee7a <strong>may toan dac dien tu topcon es-102<\/strong> c\u00f3 th\u1ec3 gi\u00fap m\u00e1y ho\u1ea1t \u0111\u1ed9ng \u0111\u1ebfn 36 ti\u1ebfng<\/p>\n<p>+ Kh\u00f4ng c\u1ea7n mang theo s\u1ea1c d\u1ef1 ph\u00f2ng, kh\u00f4ng c\u1ea7n ph\u1ea3i s\u1ea1c qua \u0111\u00eam.<\/p>\n<p>+ Kh\u00f4ng lo l\u1eafng pin ch\u1ebft khi l\u00e0m vi\u1ec7c gi\u1eefa ch\u1eebng.<\/p>\n<p><strong>*\u0110\u1ea1t ti\u00eau chu\u1ea9n IP66<\/strong><\/p>\n<p>+ Kh\u1ea3 n\u0103ng ch\u1ed1ng th\u1ea5m n\u01b0\u1edbc, ch\u1ed1ng b\u1ee5i gi\u00fap m\u00e1y ho\u1ea1t \u0111\u1ed9ng trong m\u00f4i tr\u01b0\u1eddng kh\u1eafc nghi\u1ec7t.<\/p>\n<p><strong>*Thi\u1ebft k\u1ebf c\u1ee9ng c\u00e1p<\/strong><\/p>\n<p>+ Nh\u1edd s\u1eed d\u1ee5ng h\u1ee3p kim magie cho ph\u1ea7n v\u1ecf m\u00e0 chi\u1ebfc <strong>may toan dac dien tu topcon es-102<\/strong> r\u1ea5t c\u1ee9ng c\u00e1p, gi\u00fap \u1ed5n \u0111\u1ecbnh m\u00e1y t\u1ed1t v\u00e0 cho ra k\u1ebft qu\u1ea3 \u0111o g\u00f3c c\u1ef1c k\u00ec ch\u00ednh x\u00e1c.<\/p>\n<p><strong>*Kh\u00e1c<\/strong><\/p>\n<p>+ B\u1ed9 nh\u1edb USB 2.0 d\u1ec5 d\u00e0ng truy c\u1eadp<\/p>\n<p>+\u00a0\u0110\u01b0\u1ee3c b\u1ea3o v\u1ec7 v\u1edbi m\u00f4i tr\u01b0\u1eddng<\/p>\n<p>+ T\u01b0\u01a1ng th\u00edch v\u1edbi nh\u1eefng d\u00e2y c\u00e1p v\u00e0 ph\u1ee5 ki\u1ec7n ti\u00eau chu\u1ea9n c\u00f4ng nghi\u1ec7p<\/p>\n<h2><strong>Th\u00f4ng s\u1ed1 k\u1ef9 thu\u1eadt may toan dac dien tu topcon es-102<\/strong><\/h2>\n<table border=\"1\" cellspacing=\"0\" cellpadding=\"0\">\n<tbody>\n<tr>\n<td><strong>* \u1ed0ng k\u00ednh:<\/strong><\/td>\n<\/tr>\n<tr>\n<td>&#8211; Chi\u1ec1u d\u00e0i c\u1ee7a n\u00f3 l\u00e0: 171mm<\/p>\n<p>&#8211; \u1ed0ng ng\u1eafm s\u01a1 b\u1ed9 l\u00e0: 45mm<\/p>\n<p>&#8211; C\u00f3 \u0111\u1ed9 ph\u00f3ng \u0111\u1ea1i: 30X<\/p>\n<p>&#8211; \u0110\u1ed9 ph\u00e2n gi\u1ea3i c\u1ee7a \u1ed1ng k\u00ednh: 2,5\u2019<\/p>\n<p>&#8211; Tr\u01b0\u1eddng ng\u1eafm l\u00e0: 90\u2019<\/p>\n<p>&#8211; Khoa\u0309ng ca\u0301ch \u0111i\u00ea\u0300u ti\u00eau nh\u1ecf nh\u1ea5t l\u00e0: 1,3m<\/p>\n<p>&#8211; Cho \u1ea3nh: thu\u1eadn<\/td>\n<\/tr>\n<tr>\n<td><strong>* \u0110o g\u00f3c:<\/strong><\/td>\n<\/tr>\n<tr>\n<td>&#8211; \u0110\u1ed9 ph\u00e2n gi\u1ea3i hi\u1ec3n th\u1ecb l\u00e0: 1&#8243;\/5&#8243;<\/p>\n<p>&#8211; C\u00f3 \u0111\u1ed9 ch\u00ednh x\u00e1c: 2&#8243;<\/p>\n<p>&#8211; C\u00e1c ch\u1ebf \u0111\u1ed9 \u0111o:<\/p>\n<p>+ H: Ng\u01b0\u1ee3c chi\u1ec1u \/ c\u00f9ng chi\u1ec1u v\u1edbi kim \u0111\u1ed3ng h\u1ed3, \u0111\u1eb7t v\u1ec1 0, \u0111o l\u1eb7p v\u00e0 nh\u1eadp g\u00f3c<\/p>\n<p>+ V: G\u00f3c thi\u00ean \u0111\u1ec9nh 0, \u0111\u1ed9 d\u1ed1c % v\u00e0 ngang 0<\/p>\n<p>&#8211; Kh\u1ea3 n\u0103ng t\u1ef1 \u0111\u1ed9ng b\u00f9 xi\u00ean:<\/p>\n<p>+ B\u00f9 nghi\u00eang 2 tr\u1ee5c<\/p>\n<p>+ Ph\u1ea1m vi b\u00f9 l\u00e0: \u00b1 06\u2019<\/td>\n<\/tr>\n<tr>\n<td><strong>* \u0110o c\u1ea1nh:<\/strong><\/td>\n<\/tr>\n<tr>\n<td>&#8211; D\u00f9ng tia laser \u0111\u1ecf v\u00e0 c\u00f4ng ngh\u1ec7 Pha<\/p>\n<p>&#8211; \u0110\u01a1n v\u1ecb: US food, US food + inch, Meter, food, food + inch<\/p>\n<p>&#8211; Kho\u1ea3ng c\u00e1ch \u0111o:<\/p>\n<p>+ Laser: t\u1eeb 0.3m t\u1edbi 500m<\/p>\n<p>+ V\u1edbi g\u01b0\u01a1ng gi\u1ea5y:<\/p>\n<p>\u201c\u1ede RS90N-K: t\u1eeb 1.3 t\u1edbi 500m<\/p>\n<p>\u201c \u1ede RS50N-K: t\u1eeb 1.3 t\u1edbi 300m<\/p>\n<p>\u201c \u1ede RS10N-K: t\u1eeb 1.3 t\u1edbi 100m<\/p>\n<p>+ V\u1edbi G\u01b0\u01a1ng mini: t\u1eeb 1.3 t\u1edbi 500m<\/p>\n<p>+ \u1ede 1 g\u01b0\u01a1ng AP:<\/p>\n<p>\u201c Trong \u0111i\u1ec1u ki\u1ec7n b\u00ecnh th\u01b0\u1eddng: t\u1eeb 1.3 t\u1edbi 4,000 m<\/p>\n<p>\u201c Trong \u0111i\u1ec1u ki\u1ec7n t\u1ed1t: t\u1eeb 1.3 t\u1edbi 5,000 m<\/p>\n<p>+ \u1ede 3 g\u01b0\u01a1ng AP:<\/p>\n<p>\u201c Trong \u0111i\u1ec1u ki\u1ec7n b\u00ecnh th\u01b0\u1eddng l\u00e0: 5,000m<\/p>\n<p>\u201c Trong \u0111i\u1ec1u ki\u1ec7n t\u1ed1t l\u00e0: 6,000m<\/p>\n<p>&#8211; \u0110\u1ed9 ch\u00ednh x\u00e1c khi \u0111o:<\/p>\n<p>+ \u0110\u1ed1i v\u1edbi Laser:<\/p>\n<p>\u201c T\u1eeb 0.3 t\u1edbi 200m: \u00b1(3+2ppm x D)mm<\/p>\n<p>\u201c T\u1eeb 200 t\u1edbi 350m: \u00b1(5+10ppm x D)mm<\/p>\n<p>\u201c T\u1eeb 350 t\u1edbi 500m: \u00b1(10+10ppm x D)mm<\/p>\n<p>+ \u0110\u1ed1i v\u1edbi g\u01b0\u01a1ng gi\u1ea5y: (3+2ppm x D)mm<\/p>\n<p>+ \u0110\u1ed1i v\u1edbi g\u01b0\u01a1ng AP\/CP: (2+2ppm x D)mm<\/p>\n<p>&#8211; V\u1ec1 \u0111\u1ed9 ph\u00e2n gi\u1ea3i:<\/p>\n<p>+ \u0110\u1ed1i v\u1edbi \u0111o Rapid\/Fine: 0.001m<\/p>\n<p>+ \u0110\u1ed1i v\u1edbi \u0111o Tracking: 0.01m<\/p>\n<p>&#8211; Th\u1eddi gian \u0111o:<\/p>\n<p>+ V\u1edbi Fine: 0.9 gi\u00e2y<\/p>\n<p>+ V\u1edbi Rapid: 0.7 gi\u00e2y<\/p>\n<p>+ V\u1edbi Tracking: 0.3 gi\u00e2y<\/td>\n<\/tr>\n<tr>\n<td><strong>* M\u00e0n h\u00ecnh v\u00e0 b\u1ed9 nh\u1edb:<\/strong><\/td>\n<\/tr>\n<tr>\n<td>&#8211; M\u00e0n h\u00ecnh: g\u1ed3m 02 m\u00e0n h\u00ecnh LCD (ph\u00e2n gi\u1ea3i 192&#215;80 ch\u1ea5m r\u1ea5t r\u00f5 n\u00e9t) \u0111\u01b0\u1ee3c \u0111i\u1ec1u ch\u1ec9nh \u0111\u1ed9 t\u01b0\u01a1ng ph\u1ea3n, \u0111\u01b0\u1ee3c r\u1ecdi s\u00e1ng<\/p>\n<p>&#8211; B\u00e0n ph\u00edm: Tr\u00ean\u00a02 m\u1eb7t c\u00f3 25 ph\u00edm<\/p>\n<p>&#8211; V\u1ec1 b\u1ed9 nh\u1edb:<\/p>\n<p>+ \u1ede b\u1ed9 nh\u1edb trong: 10,000 \u0111i\u1ec3m<\/p>\n<p>+ \u1ede b\u1ed9 nh\u1edb ngo\u00e0i: tu\u1ef3 ch\u1ecdn th\u1ebb SDHC hay SD USB (4GB) \/ (4GB)<\/p>\n<p>&#8211; Giao di\u1ec7n m\u00e1y: Serial RS-232C ( C\u00f3 t\u1ed1c \u0111\u1ed9 truy\u1ec1n l\u00e0: 1,200 \u0111\u1ebfn 38,400bps)<\/p>\n<p>&#8211; C\u1ed5ng k\u1ebft n\u1ed1i kh\u00f4ng d\u00e2y Bluetooth: Bluetooth Class 2, Ver.1.2.<\/p>\n<p>&#8211; C\u00f4ng ngh\u1ec7 truy\u1ec1n SFX: C\u00f4ng ngh\u1ec7 truy\u1ec1n d\u1eef li\u1ec7u SFX th\u00f4ng qua c\u1ed5ng Bluetooth c\u1ee7a \u0111i\u1ec7n tho\u1ea1i c\u00f3 3G<\/td>\n<\/tr>\n<tr>\n<td><strong>* Th\u00f4ng s\u1ed1 kh\u00e1c:<\/strong><\/td>\n<\/tr>\n<tr>\n<td>&#8211; Guide light: 2 m\u00e0u \u0111\u1ecf v\u00e0 xanh,<\/p>\n<p>&#8211; Ph\u1ea1m vi ho\u1ea1t \u0111\u1ed9ng: t\u1eeb 1.3 t\u1edbi 500m v\u00e0 LED Class 1<\/p>\n<p>&#8211; V\u1edbi b\u1ecdt n\u01b0\u1edbc c\u00e2n b\u1eb1ng:<\/p>\n<p>+ B\u1ecdt thu\u1ef7 tr\u00f2n l\u00e0: 30&#8243;\/2mm<\/p>\n<p>&#8211; D\u1ecdi t\u00e2m laser (tu\u1ef3 ch\u1ecdn): v\u1edbi ch\u1ea5m \u0111\u1ecf laze (635nm \u00b1 10nm)<\/p>\n<p>&#8211; \u1ed0ng ng\u1eafm s\u01a1 b\u1ed9:<\/p>\n<p>\u201c C\u00f3 \u0111\u1ed9 ph\u00f3ng \u0111\u1ea1i: 3X<\/p>\n<p>\u201cKho\u1ea3ng ng\u1eafm min l\u00e0: 0.3m<\/p>\n<p>&#8211; Ti\u00eau chu\u1ea9n IP66: ch\u1ed1ng b\u1ee5i v\u00e0 ch\u1ed1ng n\u01b0\u1edbc<\/p>\n<p>&#8211; K\u00edch th\u01b0\u1edbc acquy v\u00e0 tay c\u1ea7m: W91x D181x H348mm<\/p>\n<p>&#8211; Chi\u1ebfc <strong>may toan dac dien tu topcon es-102<\/strong> n\u1eb7ng: 5.6kg<\/p>\n<p>&#8211; Ngu\u1ed3n pin:<\/p>\n<p>+ V\u1edbi acquy ngo\u00e0i BDC70: Li-on: 2.4Ah, 7.2V<\/p>\n<p>+ BDC70 c\u00f3 th\u1eddi gian ho\u1ea1t \u0111\u1ed9ng: l\u00ean \u0111\u1ebfn 36 ti\u1ebfng<\/p>\n<p>+ \u0110i\u1ec7n \u00e1p c\u1ee7a \u0111\u1ea7u v\u00e0o: t\u1eeb 6.0 cho t\u1edbi 8.0V DC<\/p>\n<p>+ Kh\u1ea3 n\u0103ng t\u1ef1 \u0111\u1ed9ng t\u1eaft ngu\u1ed3n:<\/p>\n<p>\u201c \u0110\u01b0\u1ee3c t\u00f9y ch\u1ecdn c\u00e1c m\u1ed1c th\u1eddi gian: 5\/10\/15\/30 ph\u00fat<\/p>\n<p>&#8211; Ph\u1ea7n m\u1ec1m:<\/p>\n<p>+ Ch\u01b0\u01a1ng tr\u00ecnh ngo\u00e0i: \u0110o kho\u1ea3ng c\u00e1ch gi\u00e1n ti\u1ebfp MLM, \u0111o cao gi\u00e1n ti\u1ebfp REM, t\u00ednh di\u1ec7n t\u00edch, \u0111o b\u00f9 kho\u1ea3ng c\u00e1ch ng\u1eafn, \u0111o giao h\u1ed9i ngh\u1ecbch, \u0111o to\u1ea1 \u0111\u1ed9 3D, \u0111o c\u1eafm \u0111i\u1ec3m, b\u1ed1 tr\u00ed \u0111\u01b0\u1eddng th\u1eb3ng, \u0111o c\u1eafm \u0111\u01b0\u1eddng cong, chi\u1ebfu \u0111i\u1ec3m, \u0111a gi\u00e1c, \u0111o ki\u1ec3m tra l\u01b0\u1edbi \u0111\u01b0\u1eddng chuy\u1ec1n, \u0111o b\u00f9 kho\u1ea3ng c\u00e1ch gi\u1eefa hai \u0111i\u1ec3m, \u0111o b\u00f9 g\u00f3c.<\/td>\n<\/tr>\n<\/tbody>\n<\/table>\n<p>&nbsp;<\/p>\n","protected":false},"excerpt":{"rendered":"<p><strong>*B\u1ed9 ph\u1ee5 ki\u1ec7n ch\u00ednh h\u00e3ng g\u1ed3m:<\/strong><\/p>\n<ol>\n<li>1) 01 M\u00e1y trong h\u1ed9p k\u00e8m ph\u1ee5 t\u00f9ng chu\u1ea9n.<\/li>\n<li>2) 01 Ch\u00e2n nh\u00f4m to\u00e0n \u0111\u1ea1c.<\/li>\n<li>3) 02\u00a0G\u01b0\u01a1ng \u0111\u01a1n.<\/li>\n<li>4) 02\u00a0S\u00e0o g\u01b0\u01a1ng c\u00f3 g\u1eafn b\u1ecdt th\u1ee7y, t\u00fai \u0111\u1ef1ng s\u00e0o g\u01b0\u01a1ng.<\/li>\n<li>5) 01 Ch\u00e2n ba k\u1eb9p s\u00e0o, t\u00fai \u0111\u1ef1ng k\u1eb9p s\u00e0o.<\/li>\n<li>6) 01 H\u01b0\u1edbng d\u1eabn s\u1eed d\u1ee5ng Anh &#8211; Vi\u1ec7t.<\/li>\n<li>7) 01 Ba l\u00f4 \u0111eo m\u00e1y.<\/li>\n<li>8) Gi\u1ea5y hi\u1ec7u chu\u1ea9n mi\u1ec5n ph\u00ed 1 n\u0103m.<\/li>\n<\/ol>\n","protected":false},"featured_media":281,"comment_status":"open","ping_status":"closed","template":"","meta":[],"_links":{"self":[{"href":"https:\/\/webmaibinh.com\/w\/tracdia2011\/wp-json\/wp\/v2\/product\/280"}],"collection":[{"href":"https:\/\/webmaibinh.com\/w\/tracdia2011\/wp-json\/wp\/v2\/product"}],"about":[{"href":"https:\/\/webmaibinh.com\/w\/tracdia2011\/wp-json\/wp\/v2\/types\/product"}],"replies":[{"embeddable":true,"href":"https:\/\/webmaibinh.com\/w\/tracdia2011\/wp-json\/wp\/v2\/comments?post=280"}],"wp:featuredmedia":[{"embeddable":true,"href":"https:\/\/webmaibinh.com\/w\/tracdia2011\/wp-json\/wp\/v2\/media\/281"}],"wp:attachment":[{"href":"https:\/\/webmaibinh.com\/w\/tracdia2011\/wp-json\/wp\/v2\/media?parent=280"}],"curies":[{"name":"wp","href":"https:\/\/api.w.org\/{rel}","templated":true}]}}