{"id":277,"date":"2017-08-04T08:58:54","date_gmt":"2017-08-04T08:58:54","guid":{"rendered":"http:\/\/tracdia.khowebseotop.vn\/?post_type=product&#038;p=277"},"modified":"2017-08-04T08:58:56","modified_gmt":"2017-08-04T08:58:56","slug":"may-toan-dac-dien-tu-topcon-es-105","status":"publish","type":"product","link":"https:\/\/webmaibinh.com\/w\/tracdia2011\/san-pham\/may-toan-dac-dien-tu-topcon-es-105\/","title":{"rendered":"M\u00e1y to\u00e0n \u0111\u1ea1c \u0111i\u1ec7n t\u1eed Topcon ES-105"},"content":{"rendered":"<p>M\u1ed9t trong nh\u1eefng t\u1eadp \u0111o\u00e0n c\u00f3 s\u1ee9c \u1ea3nh h\u01b0\u1edfng to\u00e0n c\u1ea7u \u0111\u1ebfn ng\u00e0nh Tr\u1eafc \u0110\u1ecba ch\u00ednh l\u00e0 Topcon. T\u1ea1o ra nh\u1eefng d\u00f2ng may toan dac \u0111\u1ec3 ph\u1ee5c v\u1ee5 cho nhi\u1ec1u \u0111\u1ed1i t\u01b0\u1ee3ng ng\u01b0\u1eddi d\u00f9ng ch\u00ednh l\u00e0 \u0111i\u1ec1u m\u00e0 Topcon hi\u1ec7n \u0111ang h\u01b0\u1edbng \u0111\u1ebfn. Ch\u00ednh v\u00ec th\u1ebf, t\u1eadp \u0111o\u00e0n n\u00e0y \u0111\u00e3 cho ra \u0111\u1eddi d\u00f2ng s\u1ea3n ph\u1ea9m ES Series v\u00e0 \u0111\u1eb7c bi\u1ec7t ch\u00ednh l\u00e0 <strong>may toan dac dien tu topcon es-105<\/strong>.<\/p>\n<p><img title=\"may toan dac dien tu topcon es-105\" src=\"http:\/\/tracdia.khowebseotop.vn\/wp-content\/uploads\/2017\/08\/may-toan-dac-dien-tu-topcon-es-105-277.jpg\" alt=\"may toan dac dien tu topcon es-105\" \/><\/p>\n<p>&nbsp;<\/p>\n<h3><strong>Topcon ES Series c\u00f3 g\u00ec \u0111\u1eb7c bi\u1ec7t?<\/strong><\/h3>\n<p>Nh\u1eefng chi\u1ebfc may toan dac leica (t\u1eadp \u0111o\u00e0n Leica \u2013 m\u1ed9t trong nh\u1eefng \u0111\u1ed1i th\u1ee7 tr\u1ef1c ti\u1ebfp c\u1ee7a Topcon) th\u01b0\u1eddng \u0111\u01b0\u1ee3c gi\u00e1 cao h\u01a1n c\u1ee7a Topcon. Tuy nhi\u00ean, d\u00f2ng <b>m\u00e1y \u0111o \u0111\u1ea1c<\/b>Topcon ES Series n\u00e0y \u0111\u00e3 l\u00e0m thay \u0111\u1ed5i to\u00e0n b\u1ed9 \u201cc\u1ee5c di\u1ec7n\u201d. H\u00e3y c\u00f9ng t\u00ecm hi\u1ec3u xem s\u1ef1 c\u1ea3i ti\u1ebfn c\u1ee7a d\u00f2ng s\u1ea3n ph\u1ea9m m\u1edbi n\u00e0y c\u1ee7a Topcon b\u00ean d\u01b0\u1edbi \u0111\u00e2y!<\/p>\n<h2><strong>Nh\u1eefng \u0111i\u1ec1u \u201cth\u1ea7n k\u00ec\u201d c\u1ee7a may toan dac dien tu topcon es-105<\/strong><\/h2>\n<h3><strong>\u0110o Laser kh\u00f4ng g\u01b0\u01a1ng \u0111\u1ebfn 0,5 km<\/strong><\/h3>\n<p>Chi\u1ebfc <strong>may toan dac dien tu topcon es-105<\/strong> c\u00f3 th\u1ec3 \u0111o kh\u00f4ng g\u01b0\u01a1ng trong ph\u1ea1m vi 500 m nh\u1edd c\u00f4ng ngh\u1ec7 EDM th\u1ebf h\u1ec7 m\u1edbi. C\u00f2n \u0111\u1ed1i v\u1edbi g\u01b0\u01a1ng \u0111\u01a1n 4 000 m\u00e9t, th\u00eam v\u00e0o \u0111\u00f3 l\u00e0 c\u00f3 th\u1eddi gian \u0111o r\u1ea5t nhanh. Ngo\u00e0i ra, chi\u1ebfc m\u00e1y c\u00f2n trang b\u1ecb pin \u201ckh\u1ee7ng\u201d, cho th\u1eddi gian ho\u1ea1t \u0111\u1ed9ng c\u1ee7a m\u00e1y l\u00ean \u0111\u1ebfn 36 ti\u1ebfng.<\/p>\n<h3><strong>\u0110\u1ea7u t\u01b0 v\u00e0o tr\u1ea3i nghi\u1ec7m ng\u01b0\u1eddi d\u00f9ng<\/strong><\/h3>\n<p>D\u00f2ng Topcon ES ra \u0111\u1eddi \u0111\u00e3 \u0111\u01b0\u1ee3c th\u01b0\u01a1ng hi\u1ec7u n\u00e0y ch\u00fa \u00fd v\u00e0 \u0111\u00e2u t\u01b0 k\u0129 l\u01b0\u1ee1ng \u0111\u1ebfn c\u1ea3m gi\u00e1c, tr\u1ea3i nghi\u1ec7m c\u1ee7a ng\u01b0\u1eddi s\u1eed d\u1ee5ng. Chi\u1ebfc m\u00e1y d\u1ec5 thao t\u00e1c g\u1ea5p 2 l\u1ea7n nh\u1edd b\u1ed5 sung ph\u00edm t\u1eaft ch\u1ee9c n\u0103ng.<\/p>\n<p>Tr\u00ean m\u00e0n h\u00ecnh \u0111i\u1ec1u khi\u1ec3n c\u1ee7a <strong>m\u00e1y to\u00e0n \u0111\u1ea1c \u0111i\u1ec7n t\u1eed<\/strong>\u00a0\u0111\u01b0\u1ee3c k\u1ebft h\u1ee3p b\u1ed5 sung 4 ph\u00edm ch\u1ee9c n\u0103ng ti\u1ec7n d\u1ee5ng \u0111\u01b0\u1ee3c l\u00e0m n\u1ed5i. \u0110i\u1ec1u \u0111\u1eb7c bi\u1ec7t kh\u00e1c, 4 ph\u00edm n\u00e0y ch\u00ednh l\u00e0 F1-F2-F3-F4 (Esc- B.S \u2013 Shift \u2013 Func) v\u00f4 c\u00f9ng quen thu\u1ed9c v\u00e0 kinh \u0111i\u1ec3n v\u1edbi ng\u01b0\u1eddi d\u00f9ng. Ch\u1ec9 v\u1edbi m\u1ed9t v\u00e0i thao t\u00e1c ph\u00edm b\u1ea5m v\u00f4 c\u00f9ng \u0111\u01a1n gi\u1ea3n v\u00e0 tr\u1ef1c quan th\u00ec b\u1ea1n \u0111\u00e3 c\u00f3 th\u1ec3 tho\u00e1t trang, l\u1eadt trang, x\u00f3a trang, c\u0169ng nh\u01b0 l\u00e0 \u0111\u0103ng nh\u1eadp v\u00e0o b\u1ea5t k\u00ec m\u1ed9t ch\u1ee9c n\u0103ng n\u00e0o r\u1ea5t d\u1ec5 d\u00e0ng.<\/p>\n<h3><strong>C\u00f4ng ngh\u1ec7 giao ti\u1ebfp qua Bluetooth \u2013 Longlink \u2122 \u0111\u1ed9c quy\u1ec1n<\/strong><\/h3>\n<p>Th\u1eddi gian thao t\u00e1c cho vi\u1ec7c truy\u1ec1n d\u1eef li\u1ec7u \u0111\u01b0\u1ee3c \u0111\u01a1n gi\u1ea3n v\u00e0 t\u1ed1i \u01b0u h\u00f3a m\u1ed9t c\u00e1ch r\u00f5 r\u1ec7t. Nh\u1eefng l\u1ed7i th\u01b0\u1eddng g\u1eb7p trong l\u00fac truy\u1ec1n d\u1eef li\u1ec7u theo c\u00f4ng ngh\u1ec7 tr\u00fat c\u1ed5ng c\u1eafm USB \u0111\u00e3 \u0111\u01b0\u1ee3c kh\u1eafc ph\u1ee5c ho\u00e0n to\u00e0n. V\u1edbi Smart \u2013 Spot b\u1ea1n c\u00f3 th\u1ec3 d\u00f9ng c\u00f4ng ngh\u1ec7 giao ti\u1ebfp kh\u00f4ng d\u00e2y Bluetooth trong ph\u1ea1m vi 0,3 km.<\/p>\n<h2><strong>Th\u00f4ng s\u1ed1 k\u0129 thu\u1eadt may toan dac dien tu topcon es-105<\/strong><\/h2>\n<p>&nbsp;<\/p>\n<table border=\"1\" cellspacing=\"0\" cellpadding=\"0\">\n<tbody>\n<tr>\n<td><strong>* \u1ed0ng k\u00ednh:<\/strong><\/td>\n<\/tr>\n<tr>\n<td>&#8211; V\u1edbi chi\u1ec1u d\u00e0i l\u00e0: 171mm<\/p>\n<p>&#8211; C\u00f3 \u1ed1ng ng\u1eafm s\u01a1 b\u1ed9 l\u00e0: 45mm<\/p>\n<p>&#8211; S\u1edf h\u1eefu \u0111\u1ed9 ph\u00f3ng \u0111\u1ea1i: 30X<\/p>\n<p>&#8211; \u0110\u1ed9 ph\u00e2n gi\u1ea3i \u1ed1ng k\u00ednh l\u00e0: 2,5\u2019<\/p>\n<p>&#8211; C\u00f3 tr\u01b0\u1eddng ng\u1eafm: 90\u2019<\/p>\n<p>&#8211; Khoa\u0309ng ca\u0301ch \u0111i\u00ea\u0300u ti\u00eau nh\u1ecf nh\u1ea5t l\u00e0: 1,3m<\/p>\n<p>&#8211; Cho h\u00ecnh a\u0309nh: thu\u1eadn<\/td>\n<\/tr>\n<tr>\n<td><strong>* \u0110o g\u00f3c:<\/strong><\/td>\n<\/tr>\n<tr>\n<td>&#8211; \u0110\u1ed9 ph\u00e2n gi\u1ea3i hi\u1ec3n th\u1ecb l\u00e0: 1&#8243;\/5&#8243;<\/p>\n<p>&#8211; V\u1edbi \u0111\u1ed9 ch\u00ednh x\u00e1c: 5&#8243;<\/p>\n<p>&#8211; Nh\u1eefng ch\u1ebf \u0111\u1ed9 \u0111o:<\/p>\n<p>+ V\u1edbi H: Ng\u01b0\u1ee3c chi\u1ec1u \/ C\u00f9ng chi\u1ec1u kim \u0111\u1ed3ng h\u1ed3, nh\u1eadp g\u00f3c, \u0111o l\u1eb7p, \u0111\u1eb7t v\u1ec1 0<\/p>\n<p>+ V\u1edbi V: G\u00f3c thi\u00ean \u0111\u1ec9nh 0, \u0111\u1ed9 d\u1ed1c %, ngang 0<\/p>\n<p>&#8211; Kh\u1ea3 n\u0103ng t\u1ef1 \u0111\u1ed9ng b\u00f9 xi\u00ean:<\/p>\n<p>+ B\u00f9 nghi\u00eang: 2 tr\u1ee5c<\/p>\n<p>+ C\u00f3 ph\u1ea1m vi b\u00f9: \u00b1 06\u2019<\/td>\n<\/tr>\n<tr>\n<td><strong>* \u0110o c\u1ea1nh:<\/strong><\/td>\n<\/tr>\n<tr>\n<td>&#8211; S\u1eed d\u1ee5ng c\u00f4ng ngh\u1ec7 tia laser \u0111\u1ecf v\u00e0 Pha<\/p>\n<p>&#8211; \u0110\u01a1n v\u1ecb: US food + inch, Meter, food, food + inch, US food<\/p>\n<p>&#8211; Kho\u1ea3ng c\u00e1ch \u0111o:<\/p>\n<p>+ \u0110\u1ed1i v\u1edbi Laser: t\u1eeb 0.3 t\u1edbi 500m<\/p>\n<p>+ \u0110\u1ed1i v\u1edbi G\u01b0\u01a1ng gi\u1ea5y:<\/p>\n<p>\u2018 RS90N-K: 1.3 t\u1edbi 500m<\/p>\n<p>\u2018 RS50N-K: 1.3 t\u1edbi 300m<\/p>\n<p>\u2018 RS10N-K: 1.3 t\u1edbi 100m<\/p>\n<p>+ \u0110\u1ed1i v\u1edbi g\u01b0\u01a1ng mini: 1.3 t\u1edbi 500m<\/p>\n<p>+ \u0110\u1ed1i v\u1edbi 1 g\u01b0\u01a1ng AP:<\/p>\n<p>\u2018Trong \u0111i\u1ec1u ki\u1ec7n b\u00ecnh th\u01b0\u1eddng: t\u1eeb 1.3 t\u1edbi 4.000m<\/p>\n<p>\u2018 \u0110i\u1ec1u ki\u1ec7n t\u1ed1t: t\u1eeb 1.3 t\u1edbi 5.000m<\/p>\n<p>+ \u0110\u1ed1i v\u1edbi 3 g\u01b0\u01a1ng AP:<\/p>\n<p>\u2018 \u1ede \u0111i\u1ec1u ki\u1ec7n b\u00ecnh th\u01b0\u1eddng: 5 km<\/p>\n<p>\u2018 \u1ede\u0110i\u1ec1u ki\u1ec7n t\u1ed1t: 6 km<\/p>\n<p>&#8211; \u0110\u1ed9 ch\u00ednh x\u00e1c khi \u0111o:<\/p>\n<p>+ \u0110\u1ed1i v\u1edbi Laser:<\/p>\n<p>\u2018 t\u1eeb 0.3 t\u1edbi 200m: \u00b1(3+2ppm x D)mm<\/p>\n<p>\u2018 t\u1eeb 200 t\u1edbi 350m: \u00b1(5+10ppm x D)mm<\/p>\n<p>\u2018 t\u1eeb 350 t\u1edbi 500m: \u00b1(10+10ppm x D)mm<\/p>\n<p>+ \u0110\u1ed1i v\u1edbi g\u01b0\u01a1ng gi\u1ea5y: (3+2ppm x D)mm<\/p>\n<p>+ \u0110\u1ed1i v\u1edbi g\u01b0\u01a1ng AP\/CP: (2+2ppm x D)mm<\/p>\n<p>&#8211; \u0110\u1ed9 ph\u00e2n gi\u1ea3i l\u00e0:<\/p>\n<p>\u2018 \u1ede \u0111o Fine v\u00e0 Rapid l\u00e0: 0.001m<\/p>\n<p>\u2018 \u1ede \u0111o Tracking l\u00e0: 0.01m<\/p>\n<p>&#8211; Nh\u1eefng th\u1eddi gian \u0111o:<\/p>\n<p>\u2018 \u0110\u1ed1i v\u1edbi Fine: 0.9 gi\u00e2y<\/p>\n<p>\u2018 \u0110\u1ed1i v\u1edbi Rapid: 0.7 gi\u00e2y<\/p>\n<p>\u2018 \u0110\u1ed1i v\u1edbi Tracking: 0.3 gi\u00e2y<\/td>\n<\/tr>\n<tr>\n<td><strong>* M\u00e0n h\u00ecnh v\u00e0 b\u1ed9 nh\u1edb:<\/strong><\/td>\n<\/tr>\n<tr>\n<td>&#8211; M\u00e0n h\u00ecnh: <strong>may toan dac dien tu topcon es-105<\/strong> \u0111\u01b0\u1ee3c trang b\u1ecb 02 m\u00e0n h\u00ecnh LCD (\u0111\u1ed9 ph\u00e2n gi\u1ea3i 192&#215;80 s\u1eafc n\u00e9t) c\u00f3 th\u1ec3 \u0111i\u1ec1u ch\u1ec9nh \u0111\u1ed9 t\u01b0\u01a1ng ph\u1ea3n, \u0111\u01b0\u1ee3c r\u1ecdi s\u00e1ng<\/p>\n<p>&#8211; B\u00e0n ph\u00edm: tr\u00ean\u00a02 m\u1eb7t c\u00f3 25 ph\u00edm<\/p>\n<p>&#8211; \u0110\u1ed1i v\u1edbi b\u1ed9 nh\u1edb:<\/p>\n<p>+ \u1ede b\u1ed9 nh\u1edb trong: \u0111\u01b0\u1ee3c 10,000 \u0111i\u1ec3m<\/p>\n<p>+ \u1ede b\u1ed9 nh\u1edb ngo\u00e0i: tu\u1ef3 ch\u1ecdn th\u1ebb SDHC ho\u1eb7c SD hay USB (4GB) \/ (4GB)<\/p>\n<p>&#8211; Giao di\u1ec7n:<\/p>\n<p>+ Serial RS-232C (C\u00f3 t\u1ed1c \u0111\u1ed9 truy\u1ec1n l\u00e0: 1,200 \u0111\u1ebfn 38,400bps)<\/p>\n<p>&#8211; Bluetooth: Bluetooth Class 2, Ver.1.2.<\/p>\n<p>&#8211; C\u00f4ng ngh\u1ec7 truy\u1ec1n SFX: C\u00f4ng ngh\u1ec7 truy\u1ec1n d\u1eef li\u1ec7u SFX th\u00f4ng qua c\u1ed5ng Bluetooth c\u1ee7a m\u00e1y \u0111i\u1ec7n tho\u1ea1i c\u00f3 trang b\u1ecb 3G<\/td>\n<\/tr>\n<tr>\n<td><strong>* Th\u00f4ng s\u1ed1 kh\u00e1c:<\/strong><\/td>\n<\/tr>\n<tr>\n<td>&#8211; Guide light: 2 m\u00e0u \u0111\u1ecf &amp; xanh, LED Class 1<\/p>\n<p>+ Ph\u1ea1m vi ho\u1ea1t \u0111\u1ed9ng: t\u1eeb 1.3 t\u1edbi 500 m<\/p>\n<p>&#8211; V\u1ec1 b\u1ecdt n\u01b0\u1edbc c\u00e2n b\u1eb1ng:<\/p>\n<p>+ V\u1edbi b\u1ecdt thu\u1ef7 tr\u00f2n: 30&#8243;\/2mm<\/p>\n<p>&#8211; Kh\u1ea3 n\u0103ng d\u1ecdi t\u00e2m tia laser (tu\u1ef3 ch\u1ecdn): v\u1edbi ch\u1ea5m laze m\u00e0u \u0111\u1ecf (635nm \u00b1 10nm)<\/p>\n<p>&#8211; \u1ede \u1ed1ng ng\u1eafm s\u01a1 b\u1ed9:<\/p>\n<p>+ C\u00f3 \u0111\u1ed9 ph\u00f3ng \u0111\u1ea1i: 3X<\/p>\n<p>+ Kho\u1ea3ng ng\u1eafm min: 0.3m<\/p>\n<p>&#8211; Ti\u00eau chu\u1ea9n IP66: kh\u1ea3 n\u0103ng ch\u1ed1ng n\u01b0\u1edbc, ch\u1ed1ng b\u1ee5i<\/p>\n<p>&#8211; K\u00edch th\u01b0\u1edbc acquy &amp; tay c\u1ea7m: W91x D181x H348mm<\/p>\n<p>&#8211; M\u00e1y n\u1eb7ng: 5.6kg<\/p>\n<p>&#8211; Ngu\u1ed3n pin:<\/p>\n<p>+ \u0110\u1ed1i v\u1edbi acquy ngo\u00e0i BDC70: Li-on: 7.2V, 2.4Ah&#8221;<\/p>\n<p>+ Th\u1eddi gian v\u1eadn h\u00e0nh c\u1ee7a BDC70 l\u00ean \u0111\u1ebfn: 36 ti\u1ebfng<\/p>\n<p>+ \u0110i\u1ec7n \u00e1p c\u1ee7a \u0111\u1ea7u v\u00e0o: t\u1eeb 6.0 t\u1edbi 8.0V DC<\/p>\n<p>+ Kh\u1ea3 n\u0103ng t\u1ef1 \u0111\u1ed9ng t\u1eaft ngu\u1ed3n: T\u00f9y ch\u1ecdn trong c\u00e1c m\u1ed1c 5\/10\/15\/30 ph\u00fat<\/p>\n<p>&#8211; Ph\u1ea7n m\u1ec1m:<\/p>\n<p>+ Ch\u01b0\u01a1ng tr\u00ecnh ngo\u00e0i: B\u1ed1 tr\u00ed \u0111\u01b0\u1eddng th\u1eb3ng, \u0111o c\u1eafm \u0111\u01b0\u1eddng cong, chi\u1ebfu \u0111i\u1ec3m, \u0111a gi\u00e1c, \u0111o ki\u1ec3m tra l\u01b0\u1edbi \u0111\u01b0\u1eddng chuy\u1ec1n, \u0111o b\u00f9 g\u00f3c, \u0111o kho\u1ea3ng c\u00e1ch gi\u00e1n ti\u1ebfp MLM, \u0111o cao gi\u00e1n ti\u1ebfp REM, \u0111o b\u00f9 kho\u1ea3ng c\u00e1ch ng\u1eafn, \u0111o b\u00f9 kho\u1ea3ng c\u00e1ch gi\u1eefa hai \u0111i\u1ec3m, t\u00ednh di\u1ec7n t\u00edch, \u0111o giao h\u1ed9i ngh\u1ecbch, \u0111o to\u1ea1 \u0111\u1ed9 3D, \u0111o c\u1eafm \u0111i\u1ec3m.<\/p>\n<p>&nbsp;<\/td>\n<\/tr>\n<\/tbody>\n<\/table>\n<p>&nbsp;<\/p>\n","protected":false},"excerpt":{"rendered":"<p><strong>*B\u1ed9 ph\u1ee5 ki\u1ec7n ch\u00ednh h\u00e3ng g\u1ed3m:<\/strong><\/p>\n<ol>\n<li>1) 01 M\u00e1y trong h\u1ed9p k\u00e8m ph\u1ee5 t\u00f9ng chu\u1ea9n.<\/li>\n<li>2) 01 Ch\u00e2n nh\u00f4m to\u00e0n \u0111\u1ea1c.<\/li>\n<li>3) 02\u00a0G\u01b0\u01a1ng \u0111\u01a1n.<\/li>\n<li>4) 02\u00a0S\u00e0o g\u01b0\u01a1ng c\u00f3 g\u1eafn b\u1ecdt th\u1ee7y, t\u00fai \u0111\u1ef1ng s\u00e0o g\u01b0\u01a1ng.<\/li>\n<li>5) 01 Ch\u00e2n ba k\u1eb9p s\u00e0o, t\u00fai \u0111\u1ef1ng k\u1eb9p s\u00e0o.<\/li>\n<li>6) 01 H\u01b0\u1edbng d\u1eabn s\u1eed d\u1ee5ng Anh &#8211; Vi\u1ec7t.<\/li>\n<li>7) 01 Ba l\u00f4 \u0111eo m\u00e1y.<\/li>\n<li>8) Gi\u1ea5y hi\u1ec7u chu\u1ea9n mi\u1ec5n ph\u00ed 1 n\u0103m.<\/li>\n<\/ol>\n","protected":false},"featured_media":278,"comment_status":"open","ping_status":"closed","template":"","meta":[],"_links":{"self":[{"href":"https:\/\/webmaibinh.com\/w\/tracdia2011\/wp-json\/wp\/v2\/product\/277"}],"collection":[{"href":"https:\/\/webmaibinh.com\/w\/tracdia2011\/wp-json\/wp\/v2\/product"}],"about":[{"href":"https:\/\/webmaibinh.com\/w\/tracdia2011\/wp-json\/wp\/v2\/types\/product"}],"replies":[{"embeddable":true,"href":"https:\/\/webmaibinh.com\/w\/tracdia2011\/wp-json\/wp\/v2\/comments?post=277"}],"wp:featuredmedia":[{"embeddable":true,"href":"https:\/\/webmaibinh.com\/w\/tracdia2011\/wp-json\/wp\/v2\/media\/278"}],"wp:attachment":[{"href":"https:\/\/webmaibinh.com\/w\/tracdia2011\/wp-json\/wp\/v2\/media?parent=277"}],"curies":[{"name":"wp","href":"https:\/\/api.w.org\/{rel}","templated":true}]}}