{"id":143,"date":"2019-06-15T07:37:49","date_gmt":"2019-06-15T07:37:49","guid":{"rendered":"https:\/\/toyota1.khowebseotop.vn\/?page_id=143"},"modified":"2019-06-15T15:06:49","modified_gmt":"2019-06-15T15:06:49","slug":"gioi-thieu","status":"publish","type":"page","link":"https:\/\/webmaibinh.com\/w\/toyota12011\/gioi-thieu\/","title":{"rendered":"Gi\u1edbi thi\u1ec7u"},"content":{"rendered":"<div class=\"content\">\n<p style=\"text-align: center;\"><strong><span style=\"font-size: 26px;\">\u0110\u1ea0I L\u00dd TOYOTA \u0110\u00c0 N\u1eb4NG<\/span><\/strong><\/p>\n<p style=\"text-align: center;\"><span style=\"font-size: 22px;\">K\u00cdNH CH\u00c0O QU\u00dd KH\u00c1CH\u00a0<\/span><\/p>\n<p style=\"text-align: center;\"><img src=\"\/wp-content\/uploads\/2019\/06\/gioi-thieu-143.jpg\" alt=\"Toyota \u0110\u00e0 N\u1eb5ng\" width=\"3872\" \/><\/p>\n<p>N\u0103m 1993, Tr\u1ea1m b\u1ea3o d\u01b0\u1ee1ng, s\u1eeda ch\u1eefa xe \u00f4 t\u00f4 du l\u1ecbch \u0110\u00e0 N\u1eb5ng \u0111\u01b0\u1ee3c kh\u1edfi \u0111\u1ed9ng \u0111\u1ec3 \u0111\u00e1p \u1ee9ng nhu c\u1ea7u ho\u00e0n to\u00e0n m\u1edbi m\u1ebb t\u1ea1i th\u1ecb tr\u01b0\u1eddng mi\u1ec1n Trung. H\u01a1n n\u0103m sau \u0111\u00f3, tr\u1ea1m s\u1eeda ch\u1eefa \u0111\u00e3 tr\u1edf th\u00e0nh m\u1ed9t \u0111\u1ecba ch\u1ec9 l\u1edbn v\u00e0 uy t\u00edn v\u1ec1 d\u1ecbch v\u1ee5 s\u1eeda ch\u1eefa xe t\u1ea1i \u0110\u00e0 N\u1eb5ng, v\u00e0 \u0111\u01b0\u1ee3c C\u00f4ng ty \u00f4 t\u00f4 Toyota Vi\u1ec7t Nam (TMV) c\u00f4ng nh\u1eadn l\u00e0 \u201cTr\u1ea1m d\u1ecbch v\u1ee5 \u1ee6y quy\u1ec1n c\u1ee7a Toyota t\u1ea1i mi\u1ec1n Trung\u201d \u2013 TASS. C\u00f9ng v\u1edbi \u0111\u00f3, TMV c\u00f2n t\u00edch c\u1ef1c h\u1ed7 tr\u1ee3 \u0111\u00e0o t\u1ea1o c\u00e1n b\u1ed9 v\u00e0 nh\u00e2n vi\u00ean k\u1ef9 thu\u1eadt theo \u0111\u1ecbnh k\u1ef3 v\u00e0 cung c\u1ea5p trang thi\u1ebft b\u1ecb, \u0111\u1eb7c bi\u1ec7t l\u00e0 trang thi\u1ebft b\u1ecb chuy\u00ean d\u00f9ng ph\u1ee5c v\u1ee5 cho vi\u1ec7c s\u1eeda ch\u1eefa c\u00e1c lo\u1ea1i \u00f4 t\u00f4 hi\u1ec7n \u0111\u1ea1i theo \u0111\u00fang ti\u00eau chu\u1ea9n c\u1ee7a Toyota to\u00e0n c\u1ea7u.<\/p>\n<p>Ti\u1ebfp theo \u0111\u00e0 ph\u00e1t tri\u1ec3n n\u00e0y, ng\u00e0y 20\/12\/2000, X\u00ed nghi\u1ec7p Toyota Da Nang ch\u00ednh th\u1ee9c \u0111\u01b0\u1ee3c khai tr\u01b0\u01a1ng t\u1ea1i \u0111\u1ecba ch\u1ec9 151 &#8211; 153 L\u00ea \u0110\u00ecnh L\u00fd, Qu\u1eadn H\u1ea3i Ch\u00e2u, Th\u00e0nh ph\u1ed1 \u0110\u00e0 N\u1eb5ng. V\u1edbi t\u1ed5ng v\u1ed1n \u0111\u1ea7u t\u01b0 ban \u0111\u1ea7u h\u01a1n 7,7 t\u1ef7 \u0111\u1ed3ng, Toyota \u0110\u00e0 N\u1eb5ng c\u00f3 khu nh\u00e0 x\u01b0\u1edfng khang trang, s\u1ea1ch s\u1ebd tr\u00ean l\u00f4 \u0111\u1ea5t r\u1ed9ng 3.800 m2. Ban \u0111\u1ea7u, to\u00e0n x\u00ed nghi\u1ec7p ch\u1ec9 c\u00f3 26 c\u00e1n b\u1ed9 nh\u00e2n vi\u00ean, song t\u1ea5t c\u1ea3 \u0111\u1ec1u l\u00e0 nh\u1eefng ng\u01b0\u1eddi c\u00f3 t\u00e2m huy\u1ebft, nhi\u1ec7t t\u00ecnh v\u00e0 tinh th\u1ea7n h\u1ecdc h\u1ecfi. V\u1edbi nh\u1eefng n\u1ed7 l\u1ef1c c\u1ee7a t\u1eadp th\u1ec3 c\u00e1n b\u1ed9 nh\u00e2n vi\u00ean, s\u1ef1 ch\u1ec9 \u0111\u1ea1o c\u1ee7a Ban Gi\u00e1m \u0111\u1ed1c X\u00ed nghi\u1ec7p, s\u1ef1 h\u1ed7 tr\u1ee3 gi\u00fap \u0111\u1ee1 c\u1ee7a C\u00f4ng ty \u00f4 t\u00f4 Toyota Vi\u1ec7t Nam v\u00e0 \u0111\u01a1n v\u1ecb qu\u1ea3n l\u00fd tr\u1ef1c ti\u1ebfp l\u00e0 C\u00f4ng ty Ph\u00fa T\u00e0i &#8211; QK5, ch\u1ec9 sau h\u01a1n m\u1ed9t n\u0103m Toyota \u0110\u00e0 N\u1eb5ng \u0111\u00e3 ghi \u0111\u01b0\u1ee3c d\u1ea5u \u1ea5n khi doanh s\u1ed1 b\u00e1n h\u00e0ng \u0111\u1ea1t \u0111\u01b0\u1ee3c 181 xe v\u00e0 2.650 l\u01b0\u1ee3t xe d\u1ecbch v\u1ee5. \u0110\u00e2y l\u00e0 m\u1ed9t s\u1ef1 kh\u1edfi \u0111\u1ea7u nh\u1ecf cho m\u1ed9t th\u1ecb tr\u01b0\u1eddng mi\u1ec1n Trung \u0111\u01b0\u1ee3c \u0111\u00e1nh gi\u00e1 l\u00e0 c\u00f2n kh\u00e1 m\u1edbi m\u1ebb v\u00e0 kh\u00f3 kh\u0103n.<\/p>\n<p>Cu\u1ed1i n\u0103m 2003 doanh s\u1ed1 l\u0169y k\u1ebf ch\u1ea1m m\u1ed1c 1.000 xe v\u00e0 \u0111\u1ebfn th\u00e1ng 9 n\u0103m 2010, \u0111\u00fang 10 n\u0103m sau ng\u00e0y khai tr\u01b0\u01a1ng Toyota \u0110\u00e0 N\u1eb5ng \u0111\u1ea1t m\u1ed1c 5.000 xe, d\u1ecbch v\u1ee5 c\u0169ng \u0111\u00e3 \u0111\u1ea1t m\u1ee9c 2.300 l\u01b0\u1ee3t xe\/th\u00e1ng. C\u00f3 th\u1ec3 \u0111\u1ed1i v\u1edbi c\u00e1c \u0110\u1ea1i l\u00fd kh\u00e1c th\u00ec th\u1eddi gian \u0111\u1ea1t m\u1ed1c 5.000 xe th\u00ec m\u1ea5t \u0111\u1ebfn 10 n\u0103m l\u00e0 ch\u1eadm nh\u01b0ng \u0111\u1ed1i v\u1edbi th\u1ecb tr\u01b0\u1eddng Mi\u1ec1n Trung &#8211; T\u00e2y Nguy\u00ean th\u00ec \u0111\u00e2y l\u00e0 m\u1ed9t th\u00e0nh t\u00edch \u0111\u00e1ng k\u1ec3. Sau 10 n\u0103m, s\u1ea3n l\u01b0\u1ee3ng b\u00e1n h\u00e0ng c\u1ee7a Toyota \u0110\u00e0 N\u1eb5ng t\u0103ng h\u01a1n 6 l\u1ea7n (t\u0103ng tr\u01b0\u1edfng h\u01a1n 20% \/ n\u0103m).<\/p>\n<p>X\u00e1c \u0111\u1ecbnh r\u00f5 ni\u1ec1m tin c\u1ee7a kh\u00e1ch h\u00e0ng chinh l\u00e0 s\u1ee9c m\u1ea1nh c\u1ee7a doanh nghi\u1ec7p ,Toyota \u0110\u00e0 N\u1eb5ng r\u1ea5t ch\u00fa tr\u1ecdng \u0111\u1ebfn c\u00f4ng t\u00e1c ch\u0103m s\u00f3c kh\u00e1ch h\u00e0ng. Kh\u00f4ng ch\u1ec9 ti\u1ebfp \u0111\u00f3n t\u1eadn t\u00ecnh m\u1ecdi kh\u00e1ch h\u00e0ng \u0111\u1ebfn tham quan, mua s\u1ea3n ph\u1ea9m v\u00e0 s\u1eed d\u1ee5ng d\u1ecbch v\u1ee5 c\u1ee7a c\u00f4ng ty m\u00e0 Toyota \u0110\u00e0 N\u1eb5ng c\u00f2n th\u00e0nh l\u1eadp m\u1ed9t b\u1ed9 ph\u1eadn ri\u00eang l\u00e0m nhi\u1ec7m v\u1ee5 nh\u01b0 ch\u0103m s\u00f3c kh\u00e1ch h\u00e0ng, nh\u01b0 \u0111i\u1ec7n tho\u1ea1i, g\u1eedi th\u01b0 nh\u1eafc kh\u00e1ch h\u00e0ng l\u1ecbch b\u1ea3o d\u01b0\u1ee1ng xe, th\u00f4ng b\u00e1o c\u00e1c ch\u01b0\u01a1ng tr\u00ecnh khuy\u1ebfn m\u1ea1i \u01b0u \u0111\u00e3i, hay th\u0103m h\u1ecfi nh\u1eefng kh\u00e1ch h\u00e0ng c\u0169 nh\u01b0 nh\u1eefng ng\u01b0\u1eddi th\u00e2n c\u1ee7a gia \u0111\u00ecnh. Ngo\u00e0i c\u00e1c ch\u01b0\u01a1ng tr\u00ecnh chung c\u1ee7a TMV, Toyota \u0110\u00e0 N\u1eb5ng c\u00f2n th\u1ef1c hi\u1ec7n c\u00e1c ch\u01b0\u01a1ng tr\u00ecnh khuy\u1ebfn m\u1ea1i ri\u00eang \u0111\u1ec3 t\u1ea1o th\u00eam ni\u1ec1m vui cho t\u1eebng kh\u00e1ch h\u00e0ng.<\/p>\n<p>Ng\u00e0y 18 th\u00e1ng 8 n\u0103m 2013, Toyota \u0110\u00e0 N\u1eb5ng ch\u00ednh th\u1ee9c khai tr\u01b0\u01a1ng c\u01a1 s\u1edf m\u1edbi t\u1ea1i 69-71 Duy T\u00e2n, P.H\u00f2a Thu\u1eadn T\u00e2y, Q.H\u1ea3i Ch\u00e2u, TP.\u0110\u00e0 N\u1eb5ng. C\u01a1 s\u1edf m\u1edbi c\u00f3 di\u1ec7n t\u00edch 5.165m2, x\u00e2y d\u1ef1ng 4 t\u1ea7ng. T\u1ed5ng m\u1ee9c \u0111\u1ea7u t\u01b0 l\u00ean \u0111\u1ebfn 70 t\u1ef7 \u0111\u1ed3ng. C\u01a1 s\u1edf m\u1edbi \u0111\u01b0\u1ee3c \u0111\u1ea7u t\u01b0 khang trang hi\u1ec7n \u0111\u1ea1i theo ti\u00eau chu\u1ea9n c\u1ee7a Toyota Vi\u1ec7t Nam v\u1edbi c\u00f4ng su\u1ea5t thi\u1ebft k\u1ebf l\u00ean \u0111\u1ebfn 3.000 xe b\u00e1n v\u00e0 60.000 l\u01b0\u1ee3t xe d\u1ecbch v\u1ee5 \/n\u0103m.<\/p>\n<\/div>\n","protected":false},"excerpt":{"rendered":"<p>\u0110\u1ea0I L\u00dd TOYOTA \u0110\u00c0 N\u1eb4NG K\u00cdNH CH\u00c0O QU\u00dd KH\u00c1CH\u00a0 N\u0103m 1993, Tr\u1ea1m b\u1ea3o d\u01b0\u1ee1ng, s\u1eeda ch\u1eefa xe \u00f4 t\u00f4 du l\u1ecbch \u0110\u00e0 N\u1eb5ng \u0111\u01b0\u1ee3c kh\u1edfi \u0111\u1ed9ng \u0111\u1ec3 \u0111\u00e1p \u1ee9ng nhu c\u1ea7u ho\u00e0n to\u00e0n m\u1edbi m\u1ebb t\u1ea1i th\u1ecb tr\u01b0\u1eddng mi\u1ec1n Trung. H\u01a1n n\u0103m sau \u0111\u00f3, tr\u1ea1m s\u1eeda ch\u1eefa \u0111\u00e3 tr\u1edf th\u00e0nh m\u1ed9t \u0111\u1ecba ch\u1ec9 l\u1edbn v\u00e0&#8230;<\/p>\n","protected":false},"author":1,"featured_media":0,"parent":0,"menu_order":0,"comment_status":"closed","ping_status":"closed","template":"page-left-sidebar.php","meta":[],"_links":{"self":[{"href":"https:\/\/webmaibinh.com\/w\/toyota12011\/wp-json\/wp\/v2\/pages\/143"}],"collection":[{"href":"https:\/\/webmaibinh.com\/w\/toyota12011\/wp-json\/wp\/v2\/pages"}],"about":[{"href":"https:\/\/webmaibinh.com\/w\/toyota12011\/wp-json\/wp\/v2\/types\/page"}],"author":[{"embeddable":true,"href":"https:\/\/webmaibinh.com\/w\/toyota12011\/wp-json\/wp\/v2\/users\/1"}],"replies":[{"embeddable":true,"href":"https:\/\/webmaibinh.com\/w\/toyota12011\/wp-json\/wp\/v2\/comments?post=143"}],"version-history":[{"count":4,"href":"https:\/\/webmaibinh.com\/w\/toyota12011\/wp-json\/wp\/v2\/pages\/143\/revisions"}],"predecessor-version":[{"id":268,"href":"https:\/\/webmaibinh.com\/w\/toyota12011\/wp-json\/wp\/v2\/pages\/143\/revisions\/268"}],"wp:attachment":[{"href":"https:\/\/webmaibinh.com\/w\/toyota12011\/wp-json\/wp\/v2\/media?parent=143"}],"curies":[{"name":"wp","href":"https:\/\/api.w.org\/{rel}","templated":true}]}}