{"id":327,"date":"2018-10-10T15:33:24","date_gmt":"2018-10-10T15:33:24","guid":{"rendered":"http:\/\/tintuc2.khowebseotop.vn\/?page_id=327"},"modified":"2018-10-10T15:33:47","modified_gmt":"2018-10-10T15:33:47","slug":"gioi-thieu-chung","status":"publish","type":"page","link":"https:\/\/webmaibinh.com\/w\/tintuc22011\/gioi-thieu-chung\/","title":{"rendered":"Gi\u1edbi thi\u1ec7u chung"},"content":{"rendered":"<div class=\"article_title\"><strong><span style=\"color: #003366; font-family: Tahoma; font-size: small;\">I. GI\u1edaI THI\u1ec6U CHUNG<\/span><\/strong><strong><span style=\"color: #003366; font-family: Tahoma; font-size: small;\"><br \/>\n<\/span><\/strong><\/div>\n<div class=\"article_title\">Th\u1ecb x\u00e3 Ba \u0110\u1ed3n g\u1ed3m c\u00f3 16 \u0111\u01a1n v\u1ecb h\u00e0nh ch\u00ednh c\u1ea5p x\u00e3<\/div>\n<div class=\"article_summary_detail\">Ng\u00e0y 20\/12\/2013, Ch\u00ednh ph\u1ee7 \u0111\u00e3 ban h\u00e0nh Ngh\u1ecb quy\u1ebft s\u1ed1 125\/NQ-CP v\u1ec1 vi\u1ec7c \u0111i\u1ec1u ch\u1ec9nh \u0111\u1ecba gi\u1edbi h\u00e0nh ch\u00ednh huy\u1ec7n Qu\u1ea3ng Tr\u1ea1ch \u0111\u1ec3 th\u00e0nh l\u1eadp m\u1edbi th\u1ecb x\u00e3 Ba \u0110\u1ed3n v\u00e0 06 ph\u01b0\u1eddng thu\u1ed9c th\u1ecb x\u00e3 Ba \u0110\u1ed3n, t\u1ec9nh Qu\u1ea3ng B\u00ecnh.<\/div>\n<p align=\"center\"><em><img loading=\"lazy\" src=\"http:\/\/tintuc2.khowebseotop.vn\/wp-content\/uploads\/2018\/10\/gioi-thieu-chung-327.jpg\" alt=\"\" width=\"500\" height=\"333\" vspace=\"3\" \/><br \/>\nL\u1ec5 c\u00f4ng b\u1ed1 Ngh\u1ecb quy\u1ebft th\u00e0nh l\u1eadp th\u1ecb x\u00e3 Ba \u0110\u1ed3n<\/em><\/p>\n<p>Theo \u0111\u00f3, th\u1ecb x\u00e3 Ba \u0110\u1ed3n \u0111\u01b0\u1ee3c th\u00e0nh l\u1eadp tr\u00ean c\u01a1 s\u1edf \u0111i\u1ec1u ch\u1ec9nh 16.318,28ha di\u1ec7n t\u00edch t\u1ef1 nhi\u00ean, 115.196 nh\u00e2n kh\u1ea9u c\u1ee7a huy\u1ec7n Qu\u1ea3ng Tr\u1ea1ch (bao g\u1ed3m to\u00e0n b\u1ed9 di\u1ec7n t\u00edch t\u1ef1 nhi\u00ean, d\u00e2n s\u1ed1 c\u1ee7a th\u1ecb tr\u1ea5n Ba \u0110\u1ed3n v\u00e0 15 x\u00e3: Qu\u1ea3ng Long, Qu\u1ea3ng Phong, Qu\u1ea3ng Th\u1ecd, Qu\u1ea3ng Thu\u1eadn, Qu\u1ea3ng Ph\u00fac, Qu\u1ea3ng S\u01a1n, Qu\u1ea3ng Ti\u00ean, Qu\u1ea3ng Trung, Qu\u1ea3ng T\u00e2n, Qu\u1ea3ng Th\u1ee7y, Qu\u1ea3ng Minh, Qu\u1ea3ng L\u1ed9c, Qu\u1ea3ng H\u1ea3i, Qu\u1ea3ng H\u00f2a v\u00e0 Qu\u1ea3ng V\u0103n). Th\u1ecb x\u00e3 Ba \u0110\u1ed3n c\u00f3 16 \u0111\u01a1n v\u1ecb h\u00e0nh ch\u00ednh c\u1ea5p x\u00e3 (06 ph\u01b0\u1eddng v\u00e0 10 x\u00e3). \u0110\u1ecba gi\u1edbi h\u00e0nh ch\u00ednh th\u1ecb x\u00e3 Ba \u0110\u1ed3n c\u00f3 ph\u00eda \u0110\u00f4ng gi\u00e1p Bi\u1ec3n \u0110\u00f4ng, T\u00e2y gi\u00e1p huy\u1ec7n Tuy\u00ean H\u00f3a, Nam gi\u00e1p huy\u1ec7n B\u1ed1 Tr\u1ea1ch, B\u1eafc gi\u00e1p huy\u1ec7n Qu\u1ea3ng Tr\u1ea1ch.<\/p>\n<p>06 ph\u01b0\u1eddng thu\u1ed9c th\u1ecb x\u00e3 Ba \u0110\u1ed3n g\u1ed3m: Ba \u0110\u1ed3n (200,81 ha di\u1ec7n t\u00edch t\u1ef1 nhi\u00ean, 10.357 nh\u00e2n kh\u1ea9u); Qu\u1ea3ng Long (911,61 ha di\u1ec7n t\u00edch t\u1ef1 nhi\u00ean, 7.011 nh\u00e2n kh\u1ea9u); Qu\u1ea3ng Phong (470,04 ha di\u1ec7n t\u00edch t\u1ef1 nhi\u00ean, 6.705 nh\u00e2n kh\u1ea9u); Qu\u1ea3ng Th\u1ecd (916,74 ha di\u1ec7n t\u00edch t\u1ef1 nhi\u00ean, 13.788 nh\u00e2n kh\u1ea9u); Qu\u1ea3ng Thu\u1eadn (771,08 ha di\u1ec7n t\u00edch t\u1ef1 nhi\u00ean, 8.628 nh\u00e2n kh\u1ea9u); Qu\u1ea3ng Ph\u00fac (1.435,46 ha di\u1ec7n t\u00edch t\u1ef1 nhi\u00ean, 10.144 nh\u00e2n kh\u1ea9u).<\/p>\n<p>Sau khi \u0111i\u1ec1u ch\u1ec9nh \u0111\u1ecba gi\u1edbi h\u00e0nh ch\u00ednh huy\u1ec7n Qu\u1ea3ng Tr\u1ea1ch \u0111\u1ec3 th\u00e0nh l\u1eadp th\u1ecb x\u00e3 Ba \u0110\u1ed3n v\u00e0 06 ph\u01b0\u1eddng thu\u1ed9c th\u1ecb x\u00e3 Ba \u0110\u1ed3n, huy\u1ec7n Qu\u1ea3ng Tr\u1ea1ch c\u00f2n l\u1ea1i 45.070,22 ha di\u1ec7n t\u00edch t\u1ef1 nhi\u00ean, 95.542 nh\u00e2n kh\u1ea9u v\u00e0 c\u00f3 18 x\u00e3 (kh\u00f4ng c\u00f3 th\u1ecb tr\u1ea5n).<\/p>\n<p>&nbsp;<\/p>\n<p><strong><span style=\"color: #003366; font-family: Tahoma; font-size: small;\">II. TR\u1ee4 S\u1ede \u0110\u01a0N V\u1eca \u00a0\u00a0<\/span><\/strong><\/p>\n<table id=\"table9\" border=\"0\" width=\"100%\" cellspacing=\"0\" cellpadding=\"0\">\n<tbody>\n<tr>\n<td>\n<p align=\"center\"><span style=\"font-family: Tahoma;\"><img loading=\"lazy\" src=\"http:\/\/tintuc2.khowebseotop.vn\/wp-content\/uploads\/2018\/10\/gioi-thieu-chung-327-1.jpg\" alt=\"Huyen Quang Trach\" width=\"400\" height=\"266\" align=\"top\" border=\"0\" \/><\/span><\/p>\n<\/td>\n<\/tr>\n<tr>\n<td>\n<table id=\"table10\" border=\"0\" width=\"384\" cellspacing=\"0\" cellpadding=\"0\" align=\"center\">\n<tbody>\n<tr>\n<td align=\"right\" nowrap=\"nowrap\" width=\"10%\">\n<p align=\"left\"><b><span style=\"color: #000080; font-family: Tahoma; font-size: small;\">\u0110\u1ecba ch\u1ec9:<\/span><\/b><\/p>\n<\/td>\n<td width=\"76%\">84 H\u00f9ng V\u01b0\u01a1ng &#8211; Th\u1ecb x\u00e3 Ba \u0110\u1ed3n<\/td>\n<\/tr>\n<tr>\n<td align=\"right\" nowrap=\"nowrap\">\n<p align=\"left\"><b><span style=\"color: #000080; font-family: Tahoma; font-size: small;\">\u0110i\u1ec7n tho\u1ea1i:<\/span><\/b><\/p>\n<\/td>\n<td><span style=\"color: #000080; font-family: Tahoma; font-size: small;\">\u00a0(052) 3513123<\/span><\/td>\n<\/tr>\n<tr>\n<td align=\"right\">\n<p align=\"left\"><b><span style=\"color: #000080; font-family: Tahoma; font-size: small;\">Fax:<\/span><\/b><\/p>\n<\/td>\n<td><span style=\"color: #000080; font-family: Tahoma; font-size: small;\">\u00a0(052) 3515895<\/span><\/td>\n<\/tr>\n<tr>\n<td align=\"right\">\n<p align=\"left\"><span style=\"color: #000080; font-family: Tahoma; font-size: small;\"><b>Email<\/b>:<\/span><\/p>\n<\/td>\n<td><span style=\"color: #000080; font-family: Tahoma; font-size: small;\">\u00a0<a href=\"mailto:quangtrach@quangbinh.gov.vn\"><span style=\"color: #000080;\">badon<\/span>@quangbinh.gov.vn<\/a><\/span><\/td>\n<\/tr>\n<tr>\n<td align=\"right\">\n<p align=\"left\"><span style=\"color: #000080; font-family: Tahoma; font-size: small;\"><b>Website<\/b>:<\/span><\/p>\n<\/td>\n<td><span style=\"font-family: Tahoma; font-size: small;\"><a href=\"http:\/\/quangtrach.quangbinh.gov.vn\/\" target=\"_blank\" rel=\"noopener\">badon.quangbinh.gov.vn<\/a><\/span><\/td>\n<\/tr>\n<\/tbody>\n<\/table>\n<\/td>\n<\/tr>\n<\/tbody>\n<\/table>\n","protected":false},"excerpt":{"rendered":"<p>I. GI\u1edaI THI\u1ec6U CHUNG Th\u1ecb x\u00e3 Ba \u0110\u1ed3n g\u1ed3m c\u00f3 16 \u0111\u01a1n v\u1ecb h\u00e0nh ch\u00ednh c\u1ea5p x\u00e3 Ng\u00e0y 20\/12\/2013, Ch\u00ednh ph\u1ee7 \u0111\u00e3 ban h\u00e0nh Ngh\u1ecb quy\u1ebft s\u1ed1 125\/NQ-CP v\u1ec1 vi\u1ec7c \u0111i\u1ec1u ch\u1ec9nh \u0111\u1ecba gi\u1edbi h\u00e0nh ch\u00ednh huy\u1ec7n Qu\u1ea3ng Tr\u1ea1ch \u0111\u1ec3 th\u00e0nh l\u1eadp m\u1edbi th\u1ecb x\u00e3 Ba \u0110\u1ed3n v\u00e0 06 ph\u01b0\u1eddng thu\u1ed9c th\u1ecb x\u00e3 Ba \u0110\u1ed3n,&#8230;<\/p>\n","protected":false},"author":1,"featured_media":0,"parent":0,"menu_order":0,"comment_status":"closed","ping_status":"closed","template":"page-right-sidebar.php","meta":[],"_links":{"self":[{"href":"https:\/\/webmaibinh.com\/w\/tintuc22011\/wp-json\/wp\/v2\/pages\/327"}],"collection":[{"href":"https:\/\/webmaibinh.com\/w\/tintuc22011\/wp-json\/wp\/v2\/pages"}],"about":[{"href":"https:\/\/webmaibinh.com\/w\/tintuc22011\/wp-json\/wp\/v2\/types\/page"}],"author":[{"embeddable":true,"href":"https:\/\/webmaibinh.com\/w\/tintuc22011\/wp-json\/wp\/v2\/users\/1"}],"replies":[{"embeddable":true,"href":"https:\/\/webmaibinh.com\/w\/tintuc22011\/wp-json\/wp\/v2\/comments?post=327"}],"version-history":[{"count":1,"href":"https:\/\/webmaibinh.com\/w\/tintuc22011\/wp-json\/wp\/v2\/pages\/327\/revisions"}],"predecessor-version":[{"id":330,"href":"https:\/\/webmaibinh.com\/w\/tintuc22011\/wp-json\/wp\/v2\/pages\/327\/revisions\/330"}],"wp:attachment":[{"href":"https:\/\/webmaibinh.com\/w\/tintuc22011\/wp-json\/wp\/v2\/media?parent=327"}],"curies":[{"name":"wp","href":"https:\/\/api.w.org\/{rel}","templated":true}]}}