{"id":192,"date":"2018-05-25T06:48:12","date_gmt":"2018-05-25T06:48:12","guid":{"rendered":"http:\/\/tinhbotnghe.khowebseotop.vn\/?page_id=192"},"modified":"2018-05-25T06:57:36","modified_gmt":"2018-05-25T06:57:36","slug":"cach-uong-tinh-bot-nghe","status":"publish","type":"page","link":"https:\/\/webmaibinh.com\/w\/tinhbotnghe2011\/cach-uong-tinh-bot-nghe\/","title":{"rendered":"C\u00e1ch u\u1ed1ng tinh b\u1ed9t ngh\u1ec7"},"content":{"rendered":"\t<section class=\"section\" id=\"section_268475819\">\n\t\t<div class=\"bg section-bg fill bg-fill  \" >\n\n\t\t\t\n\t\t\t\n\t\t\t\n\n\t\t<\/div>\n\n\t\t<div class=\"section-content relative\">\n\t\t\t\n<h1 style=\"text-align: center;\"><span style=\"font-size: 140%; color: #99cc00;\">C\u00e1ch u\u1ed1ng tinh b\u1ed9t ngh\u1ec7<\/span><\/h1>\n\t\t<\/div>\n\n\t\t\n<style>\n#section_268475819 {\n  padding-top: 82px;\n  padding-bottom: 82px;\n}\n#section_268475819 .section-bg.bg-loaded {\n  background-image: url(https:\/\/webmaibinh.com\/w\/tinhbotnghe2011\/wp-content\/uploads\/2018\/05\/cach-uong-tinh-bot-nghe.png);\n}\n<\/style>\n\t<\/section>\n\t\n<div class=\"row\"  id=\"row-2089464720\">\n\n\t<div id=\"col-273448428\" class=\"col medium-9 small-12 large-9\"  >\n\t\t<div class=\"col-inner\"  >\n\t\t\t\n\t\t\t\n<div class=\"thrv_wrapper thrv_text_element tve_empty_dropzone\">\n<p><span class=\"italic_text\">Tinh b\u1ed9t ngh\u1ec7 l\u00e0 m\u1ed9t th\u1ef1c ph\u1ea9m t\u1ef1 nhi\u00ean nhi\u1ec1u c\u00f4ng d\u1ee5ng h\u1eefu \u00edch cho da v\u00e0 s\u1ee9c kh\u1ecfe nh\u01b0ng kh\u00f4ng ph\u1ea3i ai c\u0169ng bi\u1ebft\u00a0<span class=\"bold_text\">c\u00e1ch s\u1eed d\u1ee5ng tinh b\u1ed9t ngh\u1ec7 \u0111\u00fang c\u00e1ch<\/span>.\u00a0T\u1ed5ng h\u1ee3p\u00a0<a href=\"http:\/\/tinhbotngheanbinh.com\/cach-uong-tinh-bot-nghe\/\"><span class=\"bold_text\">c\u00e1ch u\u1ed1ng tinh b\u1ed9t ngh\u1ec7<\/span><\/a>\u00a0chu\u1ea9n nh\u1ea5t gi\u00fap b\u1ea1n s\u1eed d\u1ee5ng tinh b\u1ed9t ngh\u1ec7 hi\u1ec7u qu\u1ea3 h\u01a1n bao gi\u1edd h\u1ebft.\u00a0<span class=\"bold_text\">XEM NGAY<\/span>\u00a0\u0111\u1ec3 hi\u1ec3u c\u00e1ch d\u00f9ng tinh b\u1ed9t ngh\u1ec7 \u0111\u00fang c\u00e1ch.<\/span><\/p>\n<p>Tinh b\u1ed9t ngh\u1ec7 c\u00f3 r\u1ea5t nhi\u1ec1u nh\u1eefng c\u00f4ng d\u1ee5ng v\u00e0 ch\u1ee9c n\u0103ng c\u1ea3i thi\u1ec7n s\u1ee9c kh\u1ecfe c\u01a1 th\u1ec3 t\u1eeb b\u00ean trong \u0111\u1ebfn b\u00ean ngo\u00e0i. C\u1ee5 th\u1ec3 nh\u01b0 tinh b\u1ed9t ngh\u1ec7 \u0111\u01b0\u1ee3c \u0111\u00f3ng vai tr\u00f2 nh\u01b0 m\u1ed9t th\u1ef1c ph\u1ea9m ch\u1ee9c n\u0103ng ch\u1eefa tr\u1ecb v\u00e0 ng\u0103n ng\u1eeba c\u00e1c c\u01a1n b\u1ec7nh v\u1ec1 d\u1ea1 d\u00e0y, ung th\u01b0, c\u00e1c v\u1ea5n \u0111\u1ec1 v\u1ec1 tim m\u1ea1ch, c\u00f2n trong l\u0129nh v\u1ef1c l\u00e0m \u0111\u1eb9p th\u00ec c\u00f3 c\u00f4ng d\u1ee5ng tr\u1ecb m\u1ee5n, l\u00e0m s\u00e1ng &#8211; tr\u1eafng &#8211; t\u0103ng \u0111\u1ed9 \u1ea9m cho da.\u00a0<a href=\"http:\/\/tinhbotngheanbinh.com\/\" target=\"_blank\" rel=\"noopener\"><strong>Tinh b\u1ed9t ngh\u1ec7<\/strong><\/a>\u00a0v\u1eeba c\u00f3 th\u1ec3 d\u00f9ng \u0111\u1ec3 \u0111\u1eafp m\u1eb7t v\u1eeba c\u00f3 th\u1ec3 d\u00f9ng \u0111\u1ec3 u\u1ed1ng. Quy tr\u00ecnh \u0111\u1ec3 l\u00e0m ra m\u1ed9t tinh b\u1ed9t ngh\u1ec7 nguy\u00ean ch\u1ea5t l\u00e0 c\u1ea3 m\u1ed9t qu\u00e1 tr\u00ecnh t\u1eeb c\u1eaft, xay nhuy\u1ec5n, v\u1eaft l\u1ecdc n\u01b0\u1edbc c\u1ed1t ngh\u1ec7, v\u00e0 ph\u1ea3i \u0111\u1ee3i cho t\u1edbi khi tinh b\u1ed9t ngh\u1ec7 l\u1eafng \u0111\u1ed9ng xu\u1ed1ng d\u01b0\u1edbi \u0111\u00e1y. C\u00e1ch s\u1eed d\u1ee5ng tinh b\u1ed9t ngh\u1ec7 \u0111\u00fang c\u00e1ch l\u00e0 nh\u01b0 th\u1ebf n\u00e0o? B\u00e0i vi\u1ebft n\u00e0y s\u1ebd cung c\u1ea5p c\u00e1c c\u00e1ch s\u1eed d\u1ee5ng tinh b\u1ed9t ngh\u1ec7 v\u00e0 \u1ee9ng d\u1ee5ng c\u1ee7a tinh b\u1ed9t ngh\u1ec7 v\u00e0o c\u00e1c c\u00f4ng d\u1ee5ng l\u00e0m \u0111\u1eb9p v\u00e0 ch\u1eefa b\u1ec7nh hi\u1ec7n nay \u0111\u01b0\u1ee3c nhi\u1ec1u ng\u01b0\u1eddi tin t\u01b0\u1edfng \u00e1p d\u1ee5ng<\/p>\n<\/div>\n<div class=\"thrv_wrapper tve_image_caption\" data-css=\"tve-u-15f77f17a09\"><span class=\"tve_image_frame\"><img loading=\"lazy\" class=\"tve_image wp-image-958\" title=\"Khuy\u1ebfn m\u00e3i t\u1ebft c\u1ee7a tinh b\u1ed9t ngh\u1ec7 an b\u00ecnh\" src=\"https:\/\/tinhbotngheanbinh.com\/wp-content\/uploads\/2018\/01\/tinh-bot-nghe-an-binh-khuyen-mai-tet.jpg?8ea84f&amp;8ea84f&amp;8ea84f&amp;8ea84f\" sizes=\"(max-width: 800px) 100vw, 800px\" srcset=\"https:\/\/tinhbotngheanbinh.com\/wp-content\/uploads\/2018\/01\/tinh-bot-nghe-an-binh-khuyen-mai-tet.jpg 800w, https:\/\/tinhbotngheanbinh.com\/wp-content\/uploads\/2018\/01\/tinh-bot-nghe-an-binh-khuyen-mai-tet-150x94.jpg 150w, https:\/\/tinhbotngheanbinh.com\/wp-content\/uploads\/2018\/01\/tinh-bot-nghe-an-binh-khuyen-mai-tet-300x188.jpg 300w, https:\/\/tinhbotngheanbinh.com\/wp-content\/uploads\/2018\/01\/tinh-bot-nghe-an-binh-khuyen-mai-tet-768x480.jpg 768w, https:\/\/tinhbotngheanbinh.com\/wp-content\/uploads\/2018\/01\/tinh-bot-nghe-an-binh-khuyen-mai-tet-50x31.jpg 50w, https:\/\/tinhbotngheanbinh.com\/wp-content\/uploads\/2018\/01\/tinh-bot-nghe-an-binh-khuyen-mai-tet-250x156.jpg 250w, https:\/\/tinhbotngheanbinh.com\/wp-content\/uploads\/2018\/01\/tinh-bot-nghe-an-binh-khuyen-mai-tet-160x100.jpg 160w, https:\/\/tinhbotngheanbinh.com\/wp-content\/uploads\/2018\/01\/tinh-bot-nghe-an-binh-khuyen-mai-tet-320x200.jpg 320w, https:\/\/tinhbotngheanbinh.com\/wp-content\/uploads\/2018\/01\/tinh-bot-nghe-an-binh-khuyen-mai-tet-240x150.jpg 240w, https:\/\/tinhbotngheanbinh.com\/wp-content\/uploads\/2018\/01\/tinh-bot-nghe-an-binh-khuyen-mai-tet-739x462.jpg 739w, https:\/\/tinhbotngheanbinh.com\/wp-content\/uploads\/2018\/01\/tinh-bot-nghe-an-binh-khuyen-mai-tet-757x473.jpg 757w\" alt=\"Khuy\u1ebfn m\u00e3i t\u1ebft c\u1ee7a tinh b\u1ed9t ngh\u1ec7 an b\u00ecnh\" width=\"800\" height=\"500\" data-id=\"958\" \/><\/span><\/div>\n<div class=\"row\"  id=\"row-616447128\">\n\n\t<div id=\"col-694181168\" class=\"col small-12 large-12\"  >\n\t\t<div class=\"col-inner text-center\"  >\n\t\t\t\n\t\t\t\n<a href=\"#spu-144\" target=\"_self\" class=\"button primary\"  >\n    <span>\u0110\u1eb6T H\u00c0NG NGAY<\/span>\n  <\/a>\n\n\t\t<\/div>\n\t\t\t<\/div>\n\n\t\n<\/div>\n<div class=\"row row-bo-tron\"  id=\"row-657000004\">\n\n\t<div id=\"col-2049366336\" class=\"col col-tieu-de small-12 large-12\"  >\n\t\t<div class=\"col-inner\"  >\n\t\t\t\n\t\t\t\n<h3>U\u1ed1ng tinh b\u1ed9t ngh\u1ec7 l\u00fac n\u00e0o t\u1ed1t nh\u1ea5t ?<\/h3>\n\t\t<\/div>\n\t\t\t<\/div>\n\n\t\n\n\t<div id=\"col-1001790713\" class=\"col medium-6 small-12 large-6\"  >\n\t\t<div class=\"col-inner\"  >\n\t\t\t\n\t\t\t\n<p>Mu\u1ed1n tinh b\u1ed9t ngh\u1ec7 \u0111\u1ea1t \u0111\u01b0\u1ee3c hi\u1ec7u qu\u1ea3 cao th\u00ec c\u1ea7n ph\u1ea3i bi\u1ebft u\u1ed1ng tinh b\u1ed9t ngh\u1ec7 v\u00e0o l\u00fac n\u00e0o. Ch\u1ec9 n\u00ean u\u1ed1ng tinh b\u1ed9t ngh\u1ec7 v\u00e0o hai th\u1eddi \u0111i\u1ec3m sau trong ng\u00e0y nh\u01b0 tr\u01b0\u1edbc khi \u0103n 15 ph\u00fat v\u00e0 sau khi \u0103n 15 ph\u00fat, m\u1ed7i ng\u00e0y u\u1ed1ng 2-3 ly th\u00ec m\u1edbi \u0111\u1ea1t \u0111\u01b0\u1ee3c hi\u1ec7u qu\u1ea3 t\u1ed1t nh\u1ea5t.Ch\u00fang ta c\u1ea7n ph\u1ea3i l\u01b0u \u00fd nh\u1eefng \u0111i\u1ec1u n\u00e0y b\u1edfi v\u00ec u\u1ed1ng trong c\u00f9ng th\u1eddi \u0111i\u1ec3m \u0103n tinh b\u1ed9t ngh\u1ec7 kh\u00f4ng th\u1ec3 h\u1ea5p th\u1ee5 \u0111\u01b0\u1ee3c t\u1ed1t nh\u1ea5t, th\u1eadm ch\u00ed l\u00e0 ph\u1ea3n \u1ee9ng t\u00e1c d\u1ee5ng \u0111\u1ed1i v\u1edbi m\u1ed9t s\u1ed1 th\u1ef1c ph\u1ea9m. C\u1ea7n c\u00e2n \u0111\u1ed1i li\u1ec7u l\u01b0\u1ee3ng sao cho t\u1ed1t nh\u1ea5t, u\u1ed1ng qu\u00e1 \u0111\u1eadm ho\u1eb7c qu\u00e1 nh\u1ea1t s\u1ebd kh\u00f4ng \u0111\u1ea9y m\u1ea1nh \u0111\u01b0\u1ee3c t\u00e1c d\u1ee5ng c\u1ee7a tinh b\u1ed9t ngh\u1ec7. B\u1ea1n kh\u00f4ng n\u00ean l\u1ea1m d\u1ee5ng tinh b\u1ed9t ngh\u1ec7 qu\u00e1 nhi\u1ec1u s\u1ebd g\u00e2y ra c\u00e1c t\u00e1c h\u1ea1i nh\u01b0 \u0111au b\u1ee5ng, kh\u00f3 h\u1ea5p th\u1ee5, g\u00e2y ti\u00eau ch\u1ea3y v\u00e0 bu\u1ed3n n\u00f4n.<\/p>\n\t\t<\/div>\n\t\t\t<\/div>\n\n\t\n\n\t<div id=\"col-1207981457\" class=\"col medium-6 small-12 large-6\"  >\n\t\t<div class=\"col-inner\"  >\n\t\t\t\n\t\t\t\n\t<div class=\"img has-hover x md-x lg-x y md-y lg-y\" id=\"image_1082229045\">\n\t\t\t\t\t\t\t\t<div class=\"img-inner dark\" >\n\t\t\t<img width=\"600\" height=\"450\" src=\"https:\/\/webmaibinh.com\/w\/tinhbotnghe2011\/wp-content\/uploads\/2018\/05\/uong-tinh-bot-nghe-luc-nao-tot-nhat.jpg\" class=\"attachment-large size-large\" alt=\"\" loading=\"lazy\" srcset=\"https:\/\/webmaibinh.com\/w\/tinhbotnghe2011\/wp-content\/uploads\/2018\/05\/uong-tinh-bot-nghe-luc-nao-tot-nhat.jpg 600w, https:\/\/webmaibinh.com\/w\/tinhbotnghe2011\/wp-content\/uploads\/2018\/05\/uong-tinh-bot-nghe-luc-nao-tot-nhat-533x400.jpg 533w\" sizes=\"(max-width: 600px) 100vw, 600px\" \/>\t\t\t\t\t\t\n\t\t\t\t\t<\/div>\n\t\t\t\t\t\t\t\t\n<style>\n#image_1082229045 {\n  width: 100%;\n}\n<\/style>\n\t<\/div>\n\t\n\t\t<\/div>\n\t\t\t<\/div>\n\n\t\n<\/div>\n<div class=\"row row-bo-tron\"  id=\"row-1318536505\">\n\n\t<div id=\"col-1304920567\" class=\"col col-tieu-de small-12 large-12\"  >\n\t\t<div class=\"col-inner\"  >\n\t\t\t\n\t\t\t\n<h3>C\u00e1ch u\u1ed1ng tinh b\u1ed9t ngh\u1ec7 \u0111\u1ec3 gi\u1ea3m c\u00e2n<\/h3>\n\t\t<\/div>\n\t\t\t<\/div>\n\n\t\n\n\t<div id=\"col-1156449682\" class=\"col medium-6 small-12 large-6\"  >\n\t\t<div class=\"col-inner\"  >\n\t\t\t\n\t\t\t\n<p>Tinh b\u1ed9t ngh\u1ec7 c\u00f3 th\u1ec3 khi\u1ebfn cho m\u1ed9t ng\u01b0\u1eddi t\u1eeb c\u00e2n n\u1eb7ng 80kg tr\u1edf th\u00e0nh 50kg trong v\u00f2ng 3 th\u00e1ng k\u1ebft h\u1ee3p v\u1edbi vi\u1ec7c t\u1eadp th\u1ec3 d\u1ee5c v\u00e0 ch\u1ebf \u0111\u1ed9 \u0103n u\u1ed1ng ph\u00f9 h\u1ee3p. \u0110\u01b0\u1ee3c c\u00e1c ph\u1ea3n h\u1ed3i t\u1eeb 3 \u0111\u1ed1i t\u01b0\u1ee3ng kh\u00e1ch h\u00e0ng c\u00f3 m\u1ee9c c\u00e2n n\u1eb7ng 80kg kh\u00f4ng ph\u00e2n bi\u1ec7t gi\u1edbi t\u00ednh. V\u00e0 k\u1ebft qu\u1ea3 \u0111\u00e3 cho th\u1ea5y r\u1eb1ng tinh b\u1ed9t ngh\u1ec7 ho\u00e0n to\u00e0n c\u00f3 kh\u1ea3 n\u0103ng l\u00e0m gi\u1ea3m l\u01b0\u1ee3ng m\u1ee1 th\u1eeba do ho\u1ea1t ch\u1ea5t curcumin c\u00f3 trong tinh b\u1ed9t ngh\u1ec7 c\u00f3 c\u00f4ng d\u1ee5ng gi\u1ea3m c\u00e2n hi\u1ec7u qu\u1ea3. U\u1ed1ng tinh b\u1ed9t ngh\u1ec7 gi\u1ea3m c\u00e2n m\u1ed7i ng\u00e0y 3 l\u1ea7n, tinh b\u1ed9t ngh\u1ec7 l\u00e0nh t\u00ednh v\u00e0 ngu\u1ed3n g\u1ed1c t\u1ef1 nhi\u00ean h\u01a1n so v\u1edbi vi\u1ec7c s\u1eed d\u1ee5ng thu\u1ed1c gi\u1ea3m c\u00e2n trong khi \u0111\u00f3 l\u1ea1i kh\u00f4ng g\u00e2y ra t\u00e1c d\u1ee5ng ph\u1ee5 nh\u01b0 khi d\u00f9ng thu\u1ed1c. <\/p>\n\t\t<\/div>\n\t\t\t<\/div>\n\n\t\n\n\t<div id=\"col-1624376893\" class=\"col medium-6 small-12 large-6\"  >\n\t\t<div class=\"col-inner\"  >\n\t\t\t\n\t\t\t\n\t<div class=\"img has-hover x md-x lg-x y md-y lg-y\" id=\"image_2144872267\">\n\t\t\t\t\t\t\t\t<div class=\"img-inner dark\" >\n\t\t\t<img width=\"600\" height=\"450\" src=\"https:\/\/webmaibinh.com\/w\/tinhbotnghe2011\/wp-content\/uploads\/2018\/05\/cach-uong-tinh-bot-nghe-giam-can.jpg\" class=\"attachment-large size-large\" alt=\"\" loading=\"lazy\" srcset=\"https:\/\/webmaibinh.com\/w\/tinhbotnghe2011\/wp-content\/uploads\/2018\/05\/cach-uong-tinh-bot-nghe-giam-can.jpg 600w, https:\/\/webmaibinh.com\/w\/tinhbotnghe2011\/wp-content\/uploads\/2018\/05\/cach-uong-tinh-bot-nghe-giam-can-533x400.jpg 533w\" sizes=\"(max-width: 600px) 100vw, 600px\" \/>\t\t\t\t\t\t\n\t\t\t\t\t<\/div>\n\t\t\t\t\t\t\t\t\n<style>\n#image_2144872267 {\n  width: 100%;\n}\n<\/style>\n\t<\/div>\n\t\n\t\t<\/div>\n\t\t\t<\/div>\n\n\t\n<\/div>\n<div class=\"row row-bo-tron\"  id=\"row-1943233791\">\n\n\t<div id=\"col-1930791957\" class=\"col col-tieu-de small-12 large-12\"  >\n\t\t<div class=\"col-inner\"  >\n\t\t\t\n\t\t\t\n<h3>C\u00e1ch u\u1ed1ng tinh b\u1ed9t ngh\u1ec7 sau sinh<\/h3>\n\t\t<\/div>\n\t\t\t<\/div>\n\n\t\n\n\t<div id=\"col-2006945701\" class=\"col medium-6 small-12 large-6\"  >\n\t\t<div class=\"col-inner\"  >\n\t\t\t\n\t\t\t\n<p>\u0110\u1ed1i v\u1edbi nh\u1eefng ph\u1ee5 n\u1eef sau khi sinh lu\u00f4n lo l\u1eafng v\u00f2ng hai c\u1ee7a m\u00ecnh kh\u00f4ng \u0111\u01b0\u1ee3c thon g\u1ecdn nh\u01b0 tr\u01b0\u1edbc. Do trong qu\u00e1 tr\u00ecnh mang thai \u0103n nhi\u1ec1u khi\u1ebfn cho c\u01a1 th\u1ec3 kh\u00f4ng th\u1ec3 \u1ed1m l\u1ea1i ngay \u0111\u01b0\u1ee3c, nh\u1eefng b\u1ed9 qu\u1ea7n \u00e1o c\u0169 gi\u1edd c\u0169ng \u0111\u00e3 ch\u1eadt. Nh\u01b0ng m\u1ecdi \u0111i\u1ec1u lo l\u1eafng \u0111\u00f3 s\u1ebd ch\u1eb3ng c\u00f2n \u0111\u00e1ng ph\u1ea3i b\u1eadn t\u00e2m n\u1eefa, c\u00e1c m\u1eb9 ch\u1ec9 c\u1ea7n s\u1eed d\u1ee5ng tinh b\u1ed9t ngh\u1ec7 \u0111\u1ec3 u\u1ed1ng m\u1ed7i ng\u00e0y s\u1ebd c\u1ea3i thi\u1ec7n ngay \u0111\u01b0\u1ee3c v\u00f3c d\u00e1ng c\u1ee7a m\u00ecnh. K\u1ebft h\u1ee3p v\u1edbi s\u1eed d\u1ee5ng m\u1eadt ong ho\u1eb7c s\u1eefa t\u01b0\u01a1i h\u00f2a v\u1edbi tinh b\u1ed9t ngh\u1ec7 \u0111\u1ec3 hi\u1ec7u qu\u1ea3 \u0111\u01b0\u1ee3c n\u00e2ng cao h\u01a1n. Tuy nhi\u00ean m\u1ed7i ng\u00e0y ch\u1ec9 n\u00ean u\u1ed1ng 1 ly n\u1ebfu nh\u01b0 c\u00e1c m\u1eb9 c\u00f2n \u0111ang cho con b\u00fa v\u00e0 sau 2 tu\u1ea7n khi m\u1edbi v\u1eeba sinh xong. U\u1ed1ng tinh b\u1ed9t ngh\u1ec7 sau sinh m\u1ed9t th\u1eddi gian b\u1ea1n \u0111\u00e3 l\u1ea5y l\u1ea1i \u0111\u01b0\u1ee3c th\u00e2n h\u00ecnh tr\u01b0\u1edbc \u0111\u00e2y c\u1ee7a m\u00ecnh. <\/p>\n\t\t<\/div>\n\t\t\t<\/div>\n\n\t\n\n\t<div id=\"col-689016140\" class=\"col medium-6 small-12 large-6\"  >\n\t\t<div class=\"col-inner\"  >\n\t\t\t\n\t\t\t\n\t<div class=\"img has-hover x md-x lg-x y md-y lg-y\" id=\"image_1237454123\">\n\t\t\t\t\t\t\t\t<div class=\"img-inner dark\" >\n\t\t\t<img width=\"600\" height=\"450\" src=\"https:\/\/webmaibinh.com\/w\/tinhbotnghe2011\/wp-content\/uploads\/2018\/05\/uong-tinh-bot-nghe-sau-sinh.jpg\" class=\"attachment-large size-large\" alt=\"\" loading=\"lazy\" srcset=\"https:\/\/webmaibinh.com\/w\/tinhbotnghe2011\/wp-content\/uploads\/2018\/05\/uong-tinh-bot-nghe-sau-sinh.jpg 600w, https:\/\/webmaibinh.com\/w\/tinhbotnghe2011\/wp-content\/uploads\/2018\/05\/uong-tinh-bot-nghe-sau-sinh-533x400.jpg 533w\" sizes=\"(max-width: 600px) 100vw, 600px\" \/>\t\t\t\t\t\t\n\t\t\t\t\t<\/div>\n\t\t\t\t\t\t\t\t\n<style>\n#image_1237454123 {\n  width: 100%;\n}\n<\/style>\n\t<\/div>\n\t\n\t\t<\/div>\n\t\t\t<\/div>\n\n\t\n<\/div>\n<div class=\"row row-bo-tron\"  id=\"row-447136910\">\n\n\t<div id=\"col-1086818193\" class=\"col col-tieu-de small-12 large-12\"  >\n\t\t<div class=\"col-inner\"  >\n\t\t\t\n\t\t\t\n<h3>\nC\u00e1ch u\u1ed1ng tinh b\u1ed9t ngh\u1ec7 ch\u1eefa d\u1ea1 d\u00e0y<\/h3>\n\t\t<\/div>\n\t\t\t<\/div>\n\n\t\n\n\t<div id=\"col-512697659\" class=\"col medium-6 small-12 large-6\"  >\n\t\t<div class=\"col-inner\"  >\n\t\t\t\n\t\t\t\n<p>Ho\u1ea1t ch\u1ea5t Curcumin ch\u1ee9a trong tinh b\u1ed9t ngh\u1ec7 c\u00f3 th\u1ec3 xem nh\u01b0 l\u00e0 m\u1ed9t th\u1ea7n d\u01b0\u1ee3c. C\u00e2y ngh\u1ec7 \u0111\u00e3 \u0111\u01b0\u1ee3c s\u1eed d\u1ee5ng trong y h\u1ecdc c\u1ed5 truy\u1ec1n t\u1eeb v\u00e0i tr\u0103m n\u0103m nay v\u1edbi t\u00e1c d\u1ee5ng ch\u1ed1ng vi\u00eam, kh\u00e1ng khu\u1ea9n, gi\u1ea3i \u0111\u1ed9c gan, ch\u1ed1ng vi\u00eam lo\u00e9t d\u1ea1 d\u00e0y, \u0111\u1eb7c bi\u1ec7t l\u00e0 d\u00f9ng cho ph\u1ee5 n\u1eef sau sinh. \u0110\u1ebfn th\u1ebf k\u1ec9 20, c\u00e1c nh\u00e0 khoa h\u1ecdc \u0111\u00e3 t\u00ecm ra \u0111\u01b0\u1ee3c ho\u1ea1t ch\u1ea5t Curcumin. Qua c\u00e1c nghi\u00ean c\u1ee9u th\u1ef1c nghi\u1ec7m cho th\u1ea5y Curcumin c\u00f3 kh\u1ea3 n\u0103ng ch\u1eefa tr\u1ecb b\u1ec7nh d\u1ea1 d\u00e0y nh\u01b0ng kh\u00f4ng \u1ea3nh h\u01b0\u1edfng \u0111\u1ebfn t\u1ebf b\u00e0o trong c\u01a1 th\u1ec3 kh\u00e1c. Khi u\u1ed1ng tinh b\u1ed9t ngh\u1ec7 th\u00ec ho\u1ea1t ch\u1ea5t Curcumin kh\u00f4ng tan trong n\u01b0\u1edbc, d\u1ec5 b\u1ecb ph\u00e1 h\u1ee7y \u1edf ru\u1ed9t, chuy\u1ec3n h\u00f3a \u1edf gan v\u00e0 h\u1ea5p th\u1ee5 nhanh khi\u1ebfn cho vi\u1ec7c b\u1ec7nh \u0111au d\u1ea1 d\u00e0y trong th\u1eddi gian ng\u1eafn c\u00f3 th\u1ec3 \u0111\u01b0\u1ee3c ch\u1eefa kh\u1ecfi. U\u1ed1ng tinh b\u1ed9t ngh\u1ec7 ch\u1eefa \u0111\u00e2u d\u1ea1 d\u00e0y nhanh ch\u00f3ng ch\u1ec9 c\u1ea7n 2-3 ly 200-250ml m\u1ed7i ng\u00e0y m\u00e0 th\u00f4i. <\/p>\n\t\t<\/div>\n\t\t\t<\/div>\n\n\t\n\n\t<div id=\"col-1447660520\" class=\"col medium-6 small-12 large-6\"  >\n\t\t<div class=\"col-inner\"  >\n\t\t\t\n\t\t\t\n\t<div class=\"img has-hover x md-x lg-x y md-y lg-y\" id=\"image_141948013\">\n\t\t\t\t\t\t\t\t<div class=\"img-inner dark\" >\n\t\t\t<img width=\"600\" height=\"450\" src=\"https:\/\/webmaibinh.com\/w\/tinhbotnghe2011\/wp-content\/uploads\/2018\/05\/tinh-bot-nghe-chua-dau-da-day.jpg\" class=\"attachment-large size-large\" alt=\"\" loading=\"lazy\" srcset=\"https:\/\/webmaibinh.com\/w\/tinhbotnghe2011\/wp-content\/uploads\/2018\/05\/tinh-bot-nghe-chua-dau-da-day.jpg 600w, https:\/\/webmaibinh.com\/w\/tinhbotnghe2011\/wp-content\/uploads\/2018\/05\/tinh-bot-nghe-chua-dau-da-day-533x400.jpg 533w\" sizes=\"(max-width: 600px) 100vw, 600px\" \/>\t\t\t\t\t\t\n\t\t\t\t\t<\/div>\n\t\t\t\t\t\t\t\t\n<style>\n#image_141948013 {\n  width: 100%;\n}\n<\/style>\n\t<\/div>\n\t\n\t\t<\/div>\n\t\t\t<\/div>\n\n\t\n<\/div>\n\t\t<\/div>\n\t\t\t<\/div>\n\n\t\n\n\t<div id=\"col-834694372\" class=\"col medium-3 small-12 large-3\"  >\n\t\t<div class=\"col-inner\"  >\n\t\t\t\n\t\t\t\n<ul class=\"sidebar-wrapper ul-reset\"><aside id=\"search-3\" class=\"widget widget_search\"><span class=\"widget-title \"><span>T\u00ecm ki\u1ebfm<\/span><\/span><div class=\"is-divider small\"><\/div><form method=\"get\" class=\"searchform\" action=\"https:\/\/webmaibinh.com\/w\/tinhbotnghe2011\/\" role=\"search\">\n\t\t<div class=\"flex-row relative\">\n\t\t\t<div class=\"flex-col flex-grow\">\n\t   \t   <input type=\"search\" class=\"search-field mb-0\" name=\"s\" value=\"\" id=\"s\" placeholder=\"Search&hellip;\" \/>\n\t\t\t<\/div>\n\t\t\t<div class=\"flex-col\">\n\t\t\t\t<button type=\"submit\" class=\"ux-search-submit submit-button secondary button icon mb-0\" aria-label=\"Submit\">\n\t\t\t\t\t<i class=\"icon-search\" ><\/i>\t\t\t\t<\/button>\n\t\t\t<\/div>\n\t\t<\/div>\n    <div class=\"live-search-results text-left z-top\"><\/div>\n<\/form>\n<\/aside><aside id=\"nav_menu-2\" class=\"widget widget_nav_menu\"><span class=\"widget-title \"><span>Chuy\u00ean m\u1ee5c<\/span><\/span><div class=\"is-divider small\"><\/div><div class=\"menu-menu-sidebar-container\"><ul id=\"menu-menu-sidebar\" class=\"menu\"><li id=\"menu-item-208\" class=\"menu-item menu-item-type-post_type menu-item-object-page menu-item-208\"><a href=\"https:\/\/webmaibinh.com\/w\/tinhbotnghe2011\/cach-uong-tinh-bot-nghe\/\">C\u00e1ch u\u1ed1ng tinh b\u1ed9t ngh\u1ec7<\/a><\/li>\n<li id=\"menu-item-209\" class=\"menu-item menu-item-type-post_type menu-item-object-page menu-item-209\"><a href=\"https:\/\/webmaibinh.com\/w\/tinhbotnghe2011\/cong-dung-cua-tinh-bot-nghe\/\">C\u00f4ng d\u1ee5ng c\u1ee7a Tinh B\u1ed9t Ngh\u1ec7<\/a><\/li>\n<li id=\"menu-item-210\" class=\"menu-item menu-item-type-post_type menu-item-object-page menu-item-210\"><a href=\"https:\/\/webmaibinh.com\/w\/tinhbotnghe2011\/nano-curcumin\/\">Nano Curcumin<\/a><\/li>\n<li id=\"menu-item-211\" class=\"menu-item menu-item-type-post_type menu-item-object-post menu-item-211\"><a href=\"https:\/\/webmaibinh.com\/w\/tinhbotnghe2011\/cach-uong-tinh-bot-nghe-sau-sinh\/\">C\u00e1ch u\u1ed1ng tinh b\u1ed9t ngh\u1ec7 sau sinh<\/a><\/li>\n<\/ul><\/div><\/aside><aside id=\"text-3\" class=\"widget widget_text\">\t\t\t<div class=\"textwidget\"><br \/>\n<section class=\"section section-xanh dark\" id=\"section_1804570481\">\n<div class=\"bg section-bg fill bg-fill  bg-loaded\" ><\/div>\n<div class=\"section-content relative\">\n<div class=\"row\"  id=\"row-392123050\">\n<div id=\"col-610223509\" class=\"col small-12 large-12\"  >\n<div class=\"col-inner\"  >\n<p style=\"text-align: center;\"><span style=\"color: #ffffff;\"><strong><span style=\"font-size: 130%;\">T\u01af V\u1ea4N MI\u1ec4N PH\u00cd<\/span><\/strong><\/span><\/p>\n<div class=\"img has-hover x md-x lg-x y md-y lg-y\" id=\"image_956622345\">\n<div class=\"img-inner dark\" >\n\t\t\t<img width=\"189\" height=\"191\" src=\"https:\/\/webmaibinh.com\/w\/tinhbotnghe2011\/wp-content\/uploads\/2018\/05\/bs.jpg\" class=\"attachment-large size-large\" alt=\"\" loading=\"lazy\" \/>\n\t\t\t\t\t<\/div>\n<style>\n#image_956622345 {\n  width: 100%;\n}\n<\/style>\n<\/p><\/div>\n<p style=\"text-align: center;\">D\u01b0\u1ee3c S\u1ef9 v\u00e0 Chuy\u00ean Gia s\u1eb5n s\u00e0ng gi\u1ea3i \u0111\u00e1p m\u1ecdi th\u1eafc m\u1eafc.<\/p>\n<div role=\"form\" class=\"wpcf7\" id=\"wpcf7-f5-o1\" lang=\"vi\" dir=\"ltr\">\n<div class=\"screen-reader-response\">\n<p role=\"status\" aria-live=\"polite\" aria-atomic=\"true\">\n<ul><\/ul>\n<\/div>\n<form action=\"\/w\/tinhbotnghe2011\/wp-json\/wp\/v2\/pages\/192#wpcf7-f5-o1\" method=\"post\" class=\"wpcf7-form init\" novalidate=\"novalidate\" data-status=\"init\">\n<div style=\"display: none;\">\n<input type=\"hidden\" name=\"_wpcf7\" value=\"5\" \/><br \/>\n<input type=\"hidden\" name=\"_wpcf7_version\" value=\"5.3\" \/><br \/>\n<input type=\"hidden\" name=\"_wpcf7_locale\" value=\"vi\" \/><br \/>\n<input type=\"hidden\" name=\"_wpcf7_unit_tag\" value=\"wpcf7-f5-o1\" \/><br \/>\n<input type=\"hidden\" name=\"_wpcf7_container_post\" value=\"0\" \/><br \/>\n<input type=\"hidden\" name=\"_wpcf7_posted_data_hash\" value=\"\" \/>\n<\/div>\n<p><label><br \/>\n    <span class=\"wpcf7-form-control-wrap your-name\"><input type=\"text\" name=\"your-name\" value=\"\" size=\"40\" class=\"wpcf7-form-control wpcf7-text wpcf7-validates-as-required\" aria-required=\"true\" aria-invalid=\"false\" placeholder=\"H\u1ecd v\u00e0 t\u00ean:\" \/><\/span> <\/label><br \/>\n<label><br \/>\n    <span class=\"wpcf7-form-control-wrap your-email\"><input type=\"email\" name=\"your-email\" value=\"\" size=\"40\" class=\"wpcf7-form-control wpcf7-text wpcf7-email wpcf7-validates-as-required wpcf7-validates-as-email\" aria-required=\"true\" aria-invalid=\"false\" placeholder=\"\u0110\u1ecba ch\u1ec9 email:\" \/><\/span> <\/label><br \/>\n<label><br \/>\n    <span class=\"wpcf7-form-control-wrap dien-thoai\"><input type=\"tel\" name=\"dien-thoai\" value=\"\" size=\"40\" class=\"wpcf7-form-control wpcf7-text wpcf7-tel wpcf7-validates-as-required wpcf7-validates-as-tel\" aria-required=\"true\" aria-invalid=\"false\" placeholder=\"S\u1ed1 \u0111i\u1ec7n tho\u1ea1i:\" \/><\/span> <\/label><br \/>\n<input type=\"submit\" value=\"\u0110\u0103ng k\u00fd ngay\" class=\"wpcf7-form-control wpcf7-submit\" \/><\/p>\n<div class=\"wpcf7-response-output\" aria-hidden=\"true\"><\/div>\n<\/form>\n<\/div><\/div>\n<\/p><\/div>\n<\/div><\/div>\n<style>\n#section_1804570481 {\n  padding-top: 0px;\n  padding-bottom: 0px;\n  background-color: rgb(102, 153, 51);\n}\n<\/style>\n<\/section>\n<\/div>\n\t\t<\/aside><\/ul>\n\t\t<\/div>\n\t\t\t<\/div>\n\n\t\n<\/div>\n","protected":false},"excerpt":{"rendered":"","protected":false},"author":1,"featured_media":0,"parent":0,"menu_order":0,"comment_status":"closed","ping_status":"closed","template":"page-blank.php","meta":[],"_links":{"self":[{"href":"https:\/\/webmaibinh.com\/w\/tinhbotnghe2011\/wp-json\/wp\/v2\/pages\/192"}],"collection":[{"href":"https:\/\/webmaibinh.com\/w\/tinhbotnghe2011\/wp-json\/wp\/v2\/pages"}],"about":[{"href":"https:\/\/webmaibinh.com\/w\/tinhbotnghe2011\/wp-json\/wp\/v2\/types\/page"}],"author":[{"embeddable":true,"href":"https:\/\/webmaibinh.com\/w\/tinhbotnghe2011\/wp-json\/wp\/v2\/users\/1"}],"replies":[{"embeddable":true,"href":"https:\/\/webmaibinh.com\/w\/tinhbotnghe2011\/wp-json\/wp\/v2\/comments?post=192"}],"version-history":[{"count":4,"href":"https:\/\/webmaibinh.com\/w\/tinhbotnghe2011\/wp-json\/wp\/v2\/pages\/192\/revisions"}],"predecessor-version":[{"id":201,"href":"https:\/\/webmaibinh.com\/w\/tinhbotnghe2011\/wp-json\/wp\/v2\/pages\/192\/revisions\/201"}],"wp:attachment":[{"href":"https:\/\/webmaibinh.com\/w\/tinhbotnghe2011\/wp-json\/wp\/v2\/media?parent=192"}],"curies":[{"name":"wp","href":"https:\/\/api.w.org\/{rel}","templated":true}]}}