{"id":206,"date":"2019-06-30T23:37:11","date_gmt":"2019-06-30T16:37:11","guid":{"rendered":"https:\/\/thucphamchucnang2.khowebseotop.vn\/?post_type=product&#038;p=206"},"modified":"2019-07-01T03:27:45","modified_gmt":"2019-06-30T20:27:45","slug":"kem-body-thon-100gr","status":"publish","type":"product","link":"https:\/\/webmaibinh.com\/w\/thucpham92011\/san-pham\/kem-body-thon-100gr\/","title":{"rendered":"Kem BODY THON 100gr"},"content":{"rendered":"<p><strong><em>Sau tu\u1ed5i 30, ph\u1ee5 n\u1eef ph\u1ea3i \u0111\u1ed1i m\u1eb7t v\u1edbi t\u00ecnh tr\u1ea1ng l\u00e3o h\u00f3a da:<\/em><\/strong><\/p>\n<p>\u2013 Nh\u1eefng n\u1ebfp nh\u0103n v\u1ebft ch\u00e2n chim n\u01a1i kh\u00f3e m\u1eaft, kh\u00f3e mi\u1ec7ng, v\u00f9ng tr\u00e1n.<\/p>\n<p>\u2013 Da m\u1ea5t d\u1ea7n kh\u1ea3 n\u0103ng \u0111\u00e0n h\u1ed3i v\u00e0 tr\u1edf n\u00ean ch\u00f9ng, nh\u00e3o, ch\u1ea3y x\u1ec7.<\/p>\n<p>\u2013 B\u1ecdng m\u1eaft v\u00e0 v\u1ebft th\u00e2m qu\u1ea7ng m\u1eaft \u0111\u1eadm m\u00e0u h\u01a1n.<\/p>\n<p>\u2013 S\u1ef1 xu\u1ea5t hi\u1ec7n c\u1ee7a nh\u1eefng v\u1ebft n\u00e1m, t\u00e0n nhang v\u00e0 th\u00e2m s\u1ea1m.<\/p>\n<p>\u2013 M\u1eafc c\u00e1c b\u1ec7nh li\u00ean quan \u0111\u1ebfn x\u01b0\u01a1ng kh\u1edbp nh\u01b0 \u0111au th\u1eaft l\u01b0ng, tho\u00e1t v\u1ecb \u0111\u0129a \u0111\u1ec7m v\u00e0 1 s\u1ed1 b\u1ec7nh kh\u00e1c.<\/p>\n<h3><strong>T\u1ea5t c\u1ea3 \u0111i\u1ec1u n\u00e0y \u0111\u1ec1u l\u00e0 k\u1ebft qu\u1ea3 c\u1ee7a s\u1ef1 thi\u1ebfu h\u1ee5t collagen trong c\u01a1 th\u1ec3.<\/strong><\/h3>\n<p>\u2013\u00a0<strong>Thi\u1ebfu h\u1ee5t collagen khi\u1ebfn l\u00e0n da k\u00e9m s\u1ee9c s\u1ed1ng:<\/strong>\u00a0d\u1ea5u hi\u1ec7u r\u00f5 nh\u1ea5t khi l\u00e0n da kh\u00f4, c\u00f3 v\u1ebft \u0111\u1ed3i m\u1ed3i, th\u00e2m s\u1ea1m. Tr\u00ean khu\u00f4n m\u1eb7t t\u1ea1i c\u00e1c v\u1ecb tr\u00ed nh\u01b0 kh\u00f3e m\u1eaft, mi\u1ec7ng xu\u1ea5t hi\u1ec7n n\u1ebfp nh\u0103n li ti ho\u1eb7c g\u1ea5p kh\u00fac hi\u1ec7n r\u00f5.<\/p>\n<p>\u2013\u00a0<strong>Thi\u1ebfu h\u1ee5t collagen khi\u1ebfn r\u0103ng d\u1ec5 m\u1eafc c\u00e1c ch\u1ee9ng nha chu:<\/strong>\u00a0s\u1ee9c kh\u1ecfe r\u0103ng mi\u1ec7ng c\u1ee7a b\u1ea1n g\u1eb7p ch\u01b0\u1edbng ng\u1ea1i khi m\u1eafc c\u00e1c ch\u1ee9ng nh\u01b0 ch\u1ea3y m\u00e1u ch\u00e2n r\u0103ng, vi\u00eam l\u1ee3i, s\u01b0ng l\u1ee3i,t\u1ee5t l\u1ee3i\u2026<\/p>\n<p>\u2013\u00a0<strong>Thi\u1ebfu collagen khi\u1ebfn cho \u0111\u00f4i m\u1eaft k\u00e9m linh \u0111\u1ed9ng:<\/strong>\u00a0\u0111\u00f4i m\u1eaft d\u1ec5 c\u00f3 nh\u1eefng s\u1ef1 suy gi\u1ea3m ho\u1ea1t \u0111\u1ed9ng c\u1ee7a gi\u00e1c m\u1ea1c g\u00e2y \u1ea3nh h\u01b0\u1edfng \u0111\u1ebfn thi l\u1ef1c, k\u00e8m theo \u0111\u00f3 ch\u1ea5t amino trong m\u1eaft b\u1ecb l\u00e3o h\u00f3a g\u00e2y m\u1edd th\u1ee7y tinh th\u1ec3 l\u00e0m r\u1ed1i lo\u1ea1n th\u1ecb l\u1ef1c m\u1eaft, k\u00e9m hi\u1ec7u qu\u1ea3.<\/p>\n<p>\u2013\u00a0<strong>Khi m\u00e1i t\u00f3c- m\u00f3ng tay b\u1ecb suy y\u1ebfu l\u00e0 d\u1ea5u hi\u1ec7u thi\u1ebfu collagen:<\/strong>\u00a0m\u00e1i t\u00f3c tr\u1edf n\u00ean kh\u00f4 c\u1ee9ng, d\u1ec5 r\u1ee5ng, k\u00e9m \u00f3ng m\u01b0\u1ee3t. M\u00f3ng tay v\u00e0 m\u00f3ng ch\u00e2n y\u1ebfu \u0111i d\u1ec5 g\u00e3y, l\u1edbp b\u1ec1 m\u1eb7t m\u00f3ng b\u1ecb kh\u00f4 s\u1eddn.<\/p>\n<p>\u2013\u00a0<strong>Thi\u1ebfu collagen l\u00e0 tri\u1ec7u ch\u1ee9ng b\u1ec7nh vi\u00eam kh\u1edbp x\u01b0\u01a1ng:<\/strong>\u00a0h\u1ec7 c\u01a1 x\u01b0\u01a1ng k\u00e9m \u0111\u00e0n h\u1ed3i, l\u00e3o h\u00f3a hay \u0111au nh\u1ee9c c\u00e1c kh\u1edbp,\u2026 l\u00e0 t\u00edn hi\u1ec7u r\u00f5 nh\u1ea5t cho s\u1ef1 thi\u1ebfu collagen trong c\u01a1 th\u1ec3.<\/p>\n<p><strong>C\u00f3 3 c\u00e1ch \u0111\u1ec3 b\u1ed5 sung Collagen:<\/strong>\u00a0ti\u00eam collagen, u\u1ed1ng collagen v\u00e0 \u0111\u1eafp collagen. Collagen d\u1ea1ng u\u1ed1ng \u0111\u01b0\u1ee3c nh\u1eadn \u0111\u1ecbnh l\u00e0 t\u1ed1t nh\u1ea5t hi\u1ec7n nay.<\/p>\n<p>V\u00ec collagen d\u1ea1ng n\u01b0\u1edbc b\u1ed5 sung b\u1eb1ng \u0111\u01b0\u1eddng u\u1ed1ng d\u1ec5 d\u00e0ng h\u00f2a tan khi v\u00e0o bao t\u1eed. B\u1ea1n ch\u1ec9 c\u1ea7n u\u1ed1ng m\u1ed9t chai Aim\u00e9 Rose c\u00f3 ch\u1ee9a 100% collagen peptide, n\u00f3 c\u00f3 k\u00edch th\u01b0\u1edbc r\u1ea5t nh\u1ecf n\u00ean c\u01a1 th\u1ec3 c\u00f3 th\u1ec3 h\u1ea5p th\u1ee5 r\u1ea5t nhanh v\u00e0 hi\u1ec7u qu\u1ea3, v\u01b0\u1ee3t tr\u1ed9i h\u01a1n so v\u1edbi c\u00e1c lo\u1ea1i collagen d\u1ea1ng b\u00f4i hay vi\u00ean n\u00e9n.<\/p>\n<p>C\u01a1 th\u1ec3 s\u1ebd nhanh ch\u00f3ng h\u1ea5p thu ho\u00e0n to\u00e0n d\u01b0\u1ee1ng ch\u1ea5t v\u00e0 d\u1ec5 d\u00e0ng di chuy\u1ec3n \u0111\u1ebfn c\u00e1c b\u1ed9 ph\u1eadn trong c\u01a1 th\u1ec3, ph\u00e1t huy t\u1ed1i \u0111a hi\u1ec7u qu\u1ea3 b\u1ed5 sung collagen thi\u1ebfu h\u1ee5t.<\/p>\n<h2>Th\u00e0nh ph\u1ea7n ch\u00ednh c\u1ee7a Am\u00e9 Rose C\u01b0\u1eddng Anh<\/h2>\n<p>Ch\u00fang ta c\u00f9ng nhau \u0111i\u1ec3m qua m\u1ed9t s\u1ed1 th\u00e0nh ph\u1ea7n ch\u00ednh c\u1ee7a Am\u00e9 Rose<\/p>\n<ul>\n<li><strong>Collagen peptitide<\/strong>: l\u00e0 m\u1ed9t d\u1ea1ng th\u1ee7y ph\u00e2n c\u1ee7a Collagen c\u00f3 m\u1eb7t trong l\u1edbp m\u00f4 ngo\u1ea1i m\u00f4 c\u1ee7a t\u1ebf b\u00e0o s\u1ed1ng. Collagen peptitide gi\u1ed1ng nh\u01b0 m\u1ed9t d\u1ea1ng ch\u1ea5t keo k\u1ebft n\u1ed1i c\u00e1c b\u1ed9 ph\u1eadn trong c\u01a1 th\u1ec3 th\u00e0nh 1 kh\u1ed1i th\u1ed1ng nh\u1ea5t ho\u00e0n ch\u1ec9nh. Ngo\u00e0i ra, ch\u00fang c\u00f2n gi\u00fap kh\u1edbp x\u01b0\u01a1ng, m\u00f4, m\u00f3ng tr\u1edf n\u00ean c\u1ee9ng c\u00e1p v\u00e0 h\u1ea1n ch\u1ebf h\u01b0 t\u1ed5n, \u0111\u1ee9t g\u00e3y.<\/li>\n<li><strong>Glutathion<\/strong>: l\u00e0 m\u1ed9t peptitide n\u1ed9i sinh, ch\u1ea5t n\u00e0y \u0111\u01b0\u1ee3c v\u00ed nh\u01b0 kho d\u1ef1 tr\u1eef c\u00e1c ch\u1ea5t\u00a0<strong>ch\u1ed1ng oxy h\u00f3a<\/strong>. T\u00e1c d\u1ee5ng l\u1edbn nh\u1ea5t c\u1ee7a Glutathion l\u00e0 l\u00e0m tr\u00ec ho\u00e3n nh\u1eefng d\u1ea5u hi\u1ec7u l\u00e3o h\u00f3a tr\u00ean da b\u1eb1ng c\u00e1ch ch\u1ed1ng l\u1ea1i nh\u1eefng t\u00e1c h\u1ea1i c\u1ee7a tia b\u1ee9c x\u1ea1 x\u1ea3y ra \u1edf da. B\u00ean c\u1ea1nh \u0111\u00f3, Glutathion c\u00f2n gi\u00fap trung h\u00f2a c\u00e1c g\u1ed1c t\u1ef1 do \u0111ang x\u1ea3y ra h\u1eb1ng ng\u00e0y b\u00ean trong c\u01a1 th\u1ec3.<\/li>\n<li><strong>Acid hyaluronic<\/strong>: c\u00f3 kh\u1ea3 n\u0103ng\u00a0<strong>gi\u1eef \u0111\u1ed9 \u1ea9m<\/strong>\u00a0t\u1ed1i \u01b0u t\u1ed1t h\u01a1n b\u1ea5t k\u1ef3 th\u00e0nh ph\u1ea7n t\u1ef1 nhi\u00ean hay nh\u00e2n t\u1ea1o n\u00e0o. S\u1ef1 th\u1eadt b\u1ea5t ng\u1edd l\u00e0 1 gram Acid hyaluronic c\u00f3 kh\u1ea3 n\u0103ng l\u01b0u gi\u1eef \u0111\u1ebfn 6L n\u01b0\u1edbc. \u0110i\u1ec1u n\u00e0y c\u1ef1c k\u1ef3 quan tr\u1ecdng b\u1edfi n\u01b0\u1edbc ch\u00ednh l\u00e0 th\u00e0nh ph\u1ea7n thi\u1ebft y\u1ebfu t\u1ea1o v\u00e0 duy tr\u00ec \u0111\u1ed9 \u1ea9m l\u00e0n da. N\u1ebfu m\u1ea5t n\u01b0\u1edbc, l\u00e0n da s\u1ebd nhanh ch\u00f3ng tr\u1edf n\u00ean kh\u00f4 s\u1ea1m v\u00e0 ng\u00e0y c\u00e0ng gi\u00e0 \u0111i.<\/li>\n<li><strong>Vitamin E<\/strong>\u00a0r\u1ea5t c\u00f3 l\u1ee3i cho ch\u1ecb em ph\u1ee5 n\u1eef b\u1edfi c\u00f4ng d\u1ee5ng<strong>\u00a0tr\u1ebb h\u00f3a l\u00e0n da<\/strong>, ng\u0103n ng\u1eeba l\u00e3o h\u00f3a v\u00e0 ph\u00f2ng ch\u1ed1ng oxi h\u00f3a c\u1ef1c k\u1ef3 t\u1ed1t. Thi\u1ebfu vitamin E da s\u1ebd b\u1ecb kh\u00f4, nh\u0103n nheo c\u00f2n t\u00f3c th\u00ec d\u1ec5 g\u00e3y r\u1ee5ng.<\/li>\n<li><strong>Vitamin C<\/strong>: \u0111\u00e2y l\u00e0 lo\u1ea1i vitamin r\u1ea5t c\u1ea7n thi\u1ebft cho qu\u00e1 tr\u00ecnh<strong>\u00a0t\u1ed5ng h\u1ee3p collagen<\/strong>. N\u1ebfu thi\u1ebfu vitamin C, qu\u00e1 tr\u00ecnh t\u1ed5ng h\u1ee3p Collagen s\u1ebd g\u1eb7p nhi\u1ec1u tr\u1edf ng\u1ea1i.<\/li>\n<\/ul>\n<p>Trong v\u00f2ng 1 th\u00e1ng,\u00a0<strong>Aim\u00e9 Rose<\/strong>\u00a0s\u1ebd c\u1ea3i t\u1ea1o c\u1ea5u tr\u00fac da, mang l\u1ea1i \u0111\u1ed9 \u1ea9m m\u01b0\u1ee3t tr\u00ean b\u1ec1 m\u1eb7t v\u00e0 \u0111\u1ed9 \u0111\u00e0n h\u1ed3i t\u1eeb s\u00e2u b\u00ean d\u01b0\u1edbi l\u00e0n da. Ngo\u00e0i ra, Aim\u00e9 Rose c\u00f2n gi\u00fap c\u1ea3i thi\u1ec7n c\u00e1c c\u01a1 quan kh\u00e1c nh\u01b0 x\u01b0\u01a1ng, kh\u1edbp.\u00a0M\u1ed7i h\u1ed9p c\u00f3 15 l\u1ecd s\u1eed d\u1ee5ng trong 15 ng\u00e0y. U\u1ed1ng m\u1ed7i ng\u00e0y 1 l\u1ecd tr\u01b0\u1edbc khi ng\u1ee7 1h. S\u1eed d\u1ee5ng cho ph\u1ee5 n\u1eef &amp; nam gi\u1edbi t\u1eeb 18 tu\u1ed5i tr\u1edf l\u00ean, ng\u01b0\u1eddi r\u1ed1i lo\u1ea1n s\u1eafc t\u1ed1 da, s\u1ea1m da, t\u00e0n nhang, da l\u00e3o h\u00f3a, ch\u1ea3y s\u1ec7 v\u00e0 ng\u01b0\u1eddi mu\u1ed1n l\u00e0m \u0111\u1eb9p da.<\/p>\n<p>T\u1eeb 3-6 th\u00e1ng, Aim\u00e9 Rose s\u1ebd gi\u00fap \u0111\u1ea9y nhanh ti\u1ebfn tr\u00ecnh tr\u1ebb ho\u00e1 l\u00e0n da: l\u00e0m gi\u1ea3m s\u1ef1 h\u00ecnh th\u00e0nh c\u00e1c n\u1ebfp nh\u0103n, l\u00e0m t\u01b0\u01a1i s\u00e1ng c\u00e1c v\u00f9ng da kh\u00f4 s\u1ea1m, c\u1ea3i thi\u1ec7n \u0111\u01b0\u1ee3c c\u1ea3 c\u1ea5u tr\u00fac m\u00f3ng tay v\u00e0 l\u00e0m t\u0103ng \u0111\u1ed9 d\u00e0y cho t\u00f3c\u2026<\/p>\n<p><em>(*) L\u01b0u \u00fd: s\u1ea3n ph\u1ea9m n\u00e0y kh\u00f4ng ph\u1ea3i l\u00e0 thu\u1ed1c v\u00e0 kh\u00f4ng c\u00f3 t\u00e1c d\u1ee5ng thay th\u1ebf thu\u1ed1c ch\u1eefa b\u1ec7nh.<\/em><\/p>\n","protected":false},"excerpt":{"rendered":"<p>Aim\u00e9 Rose s\u1ebd gi\u00fap tr\u1ebb ho\u00e1 l\u00e0n da: l\u00e0m gi\u1ea3m s\u1ef1 h\u00ecnh th\u00e0nh c\u00e1c n\u1ebfp nh\u0103n, t\u01b0\u01a1i s\u00e1ng c\u00e1c v\u00f9ng da kh\u00f4 s\u1ea1m, c\u1ea3i thi\u1ec7n c\u1ea5u tr\u00fac m\u00f3ng tay v\u00e0 l\u00e0m t\u0103ng \u0111\u1ed9 d\u00e0y cho t\u00f3c. S\u1ea3n ph\u1ea9m \u0111\u01b0\u1ee3c l\u00e0m t\u1eeb 100% c\u00e1c th\u00e0nh ph\u1ea7n t\u1eeb thi\u00ean nhi\u00ean r\u1ea5t an to\u00e0n,\u00a0gi\u00fap ch\u1ecb em ch\u1ed1ng l\u1ea1i t\u00ecnh tr\u1ea1ng oxy h\u00f3a, h\u1ed7 tr\u1ee3 v\u00e0 h\u1ea1n ch\u1ebf qu\u00e1 tr\u00ecnh l\u00e3o h\u00f3a da, \u0111\u00e1nh bay n\u1ebfp nh\u0103n, da c\u0103ng b\u00f3ng m\u1ecbn m\u00e0ng.<\/p>\n<p>\u2013 Mi\u1ec5n ph\u00ed Ship (COD) to\u00e0n qu\u1ed1c<\/p>\n<p>\u2013 Khuy\u1ebfn m\u1ea1i gi\u1ea3m gi\u00e1 khi mua 2 s\u1ea3n ph\u1ea9m tr\u1edf l\u00ean<\/p>\n","protected":false},"featured_media":207,"comment_status":"open","ping_status":"closed","template":"","meta":[],"_links":{"self":[{"href":"https:\/\/webmaibinh.com\/w\/thucpham92011\/wp-json\/wp\/v2\/product\/206"}],"collection":[{"href":"https:\/\/webmaibinh.com\/w\/thucpham92011\/wp-json\/wp\/v2\/product"}],"about":[{"href":"https:\/\/webmaibinh.com\/w\/thucpham92011\/wp-json\/wp\/v2\/types\/product"}],"replies":[{"embeddable":true,"href":"https:\/\/webmaibinh.com\/w\/thucpham92011\/wp-json\/wp\/v2\/comments?post=206"}],"wp:featuredmedia":[{"embeddable":true,"href":"https:\/\/webmaibinh.com\/w\/thucpham92011\/wp-json\/wp\/v2\/media\/207"}],"wp:attachment":[{"href":"https:\/\/webmaibinh.com\/w\/thucpham92011\/wp-json\/wp\/v2\/media?parent=206"}],"curies":[{"name":"wp","href":"https:\/\/api.w.org\/{rel}","templated":true}]}}