{"id":398,"date":"2018-05-08T04:16:38","date_gmt":"2018-05-08T04:16:38","guid":{"rendered":"http:\/\/thucpham3.khowebseotop.vn\/?page_id=398"},"modified":"2018-05-08T04:24:14","modified_gmt":"2018-05-08T04:24:14","slug":"lien-he","status":"publish","type":"page","link":"https:\/\/webmaibinh.com\/w\/thucpham32011\/lien-he\/","title":{"rendered":"Li\u00ean h\u1ec7"},"content":{"rendered":"\t<section class=\"section\" id=\"section_1136602596\">\n\t\t<div class=\"bg section-bg fill bg-fill  bg-loaded\" >\n\n\t\t\t\n\t\t\t\n\t\t\t\n\n\t\t<\/div>\n\n\t\t<div class=\"section-content relative\">\n\t\t\t\n<div class=\"row\"  id=\"row-1838767157\">\n\n\t<div id=\"col-725169985\" class=\"col medium-9 small-12 large-9\"  >\n\t\t<div class=\"col-inner\"  >\n\t\t\t\n\t\t\t\n<h3>Thu\u1ed1c gi\u1ea3m c\u00e2n Kentamax ch\u1ea5t l\u01b0\u1ee3ng v\u01b0\u1ee3t tr\u1ed9i \u0111i\u1ec1u tr\u1ecb b\u1ec7nh an to\u00e0n, hi\u1ec7u qu\u1ea3, \u0111\u1ed3ng h\u00e0nh v\u1edbi s\u1ef1 ph\u00e1t tri\u1ec3n c\u1ed9ng \u0111\u1ed3ng. Li\u00ean h\u1ec7 C\u00f4ng ty C\u1ed5 ph\u1ea7n Difoco t\u1ea1i: T\u00f2a nh\u00e0 GIC, S\u1ed1 289 \u0110inh B\u1ed9 L\u0129nh, Ph\u01b0\u1eddng 26, Qu\u1eadn B\u00ecnh Th\u1ea1nh, TP.HCM, \u0110i\u1ec7n tho\u1ea1i: (028) 685 7787 \u2013 D\u01b0\u1ee3c s\u0129 Thi\u1ec7n: 0901 323 008.<\/h3>\n<p><b>C\u00d4NG TY C\u1ed4 PH\u1ea6N KENTADO<\/b><\/p>\n<p>T\u00f2a nh\u00e0 Royal Building, S\u1ed1 225 Nguy\u1ec5n X\u00ed , P. 13, Q. B\u00ecnh Th\u1ea1nh, TP. HCM<\/p>\n<p><strong>\u0110i\u1ec7n tho\u1ea1i:<\/strong>\u00a0<a title=\"Hotline mi\u1ec5n c\u01b0\u1edbc\" href=\"tel:+84903151594\">0903 15 15 94<\/a>\/\u00a0<a title=\"Hotline t\u01b0 v\u1ea5n mi\u1ec5n ph\u00ed\" href=\"tel:19002601\">1900.2601 (T\u01b0 v\u1ea5n mi\u1ec5n ph\u00ed)<\/a><\/p>\n<p><strong>Email:<\/strong>\u00a0<a href=\"mailto:info@kentado.com\">info@kentado.com<\/a><\/p>\n<p><strong>Website:\u00a0<\/strong><a href=\"http:\/\/kentamax.com\/#\" target=\"_blank\" rel=\"noopener\">www.kentado.com<\/a><\/p>\n<p><img loading=\"lazy\" class=\"alignnone wp-image-203 size-large\" src=\"http:\/\/thucpham3.khowebseotop.vn\/wp-content\/uploads\/2018\/05\/banner-kentamax-2-1866x666-1400x500.jpg\" alt=\"\" width=\"1020\" height=\"364\" srcset=\"https:\/\/webmaibinh.com\/w\/thucpham32011\/wp-content\/uploads\/2018\/05\/banner-kentamax-2-1866x666-1400x500.jpg 1400w, https:\/\/webmaibinh.com\/w\/thucpham32011\/wp-content\/uploads\/2018\/05\/banner-kentamax-2-1866x666-510x182.jpg 510w, https:\/\/webmaibinh.com\/w\/thucpham32011\/wp-content\/uploads\/2018\/05\/banner-kentamax-2-1866x666-800x286.jpg 800w, https:\/\/webmaibinh.com\/w\/thucpham32011\/wp-content\/uploads\/2018\/05\/banner-kentamax-2-1866x666-768x274.jpg 768w, https:\/\/webmaibinh.com\/w\/thucpham32011\/wp-content\/uploads\/2018\/05\/banner-kentamax-2-1866x666.jpg 1866w\" sizes=\"(max-width: 1020px) 100vw, 1020px\" \/><\/p>\n<h3>LI\u00caN H\u1ec6 V\u1edaI CH\u00daNG T\u00d4I<\/h3>\n<div role=\"form\" class=\"wpcf7\" id=\"wpcf7-f401-o1\" lang=\"vi\" dir=\"ltr\">\n<div class=\"screen-reader-response\"><p role=\"status\" aria-live=\"polite\" aria-atomic=\"true\"><\/p> <ul><\/ul><\/div>\n<form action=\"\/w\/thucpham32011\/wp-json\/wp\/v2\/pages\/398#wpcf7-f401-o1\" method=\"post\" class=\"wpcf7-form init\" novalidate=\"novalidate\" data-status=\"init\">\n<div style=\"display: none;\">\n<input type=\"hidden\" name=\"_wpcf7\" value=\"401\" \/>\n<input type=\"hidden\" name=\"_wpcf7_version\" value=\"5.3\" \/>\n<input type=\"hidden\" name=\"_wpcf7_locale\" value=\"vi\" \/>\n<input type=\"hidden\" name=\"_wpcf7_unit_tag\" value=\"wpcf7-f401-o1\" \/>\n<input type=\"hidden\" name=\"_wpcf7_container_post\" value=\"0\" \/>\n<input type=\"hidden\" name=\"_wpcf7_posted_data_hash\" value=\"\" \/>\n<\/div>\n<p><label> T\u00ean c\u1ee7a b\u1ea1n<br \/>\n    <span class=\"wpcf7-form-control-wrap your-name\"><input type=\"text\" name=\"your-name\" value=\"\" size=\"40\" class=\"wpcf7-form-control wpcf7-text wpcf7-validates-as-required\" aria-required=\"true\" aria-invalid=\"false\" \/><\/span> <\/label><\/p>\n<p><label> \u0110\u1ecba ch\u1ec9 Email (b\u1eaft bu\u1ed9c)<br \/>\n    <span class=\"wpcf7-form-control-wrap your-email\"><input type=\"email\" name=\"your-email\" value=\"\" size=\"40\" class=\"wpcf7-form-control wpcf7-text wpcf7-email wpcf7-validates-as-required wpcf7-validates-as-email\" aria-required=\"true\" aria-invalid=\"false\" \/><\/span> <\/label><\/p>\n<p><label> Ch\u1ee7 \u0111\u1ec1:<br \/>\n    <span class=\"wpcf7-form-control-wrap your-subject\"><input type=\"text\" name=\"your-subject\" value=\"\" size=\"40\" class=\"wpcf7-form-control wpcf7-text\" aria-invalid=\"false\" \/><\/span> <\/label><\/p>\n<p><label> N\u1ed9i dung<br \/>\n    <span class=\"wpcf7-form-control-wrap your-message\"><textarea name=\"your-message\" cols=\"40\" rows=\"10\" class=\"wpcf7-form-control wpcf7-textarea\" aria-invalid=\"false\"><\/textarea><\/span> <\/label><\/p>\n<p><input type=\"submit\" value=\"G\u1eedi \u0111i\" class=\"wpcf7-form-control wpcf7-submit\" \/><\/p>\n<div class=\"wpcf7-response-output\" aria-hidden=\"true\"><\/div><\/form><\/div>\n\t\t<\/div>\n\t\t\t<\/div>\n\n\t\n\n\t<div id=\"col-427130696\" class=\"col medium-3 small-12 large-3\"  >\n\t\t<div class=\"col-inner\"  >\n\t\t\t\n\t\t\t\n\t<div class=\"img has-hover x md-x lg-x y md-y lg-y\" id=\"image_1704306143\">\n\t\t\t\t\t\t\t\t<div class=\"img-inner dark\" >\n\t\t\t<img width=\"600\" height=\"400\" src=\"https:\/\/webmaibinh.com\/w\/thucpham32011\/wp-content\/uploads\/2018\/05\/tieu-duong-hoan-difoco.jpg\" class=\"attachment-large size-large\" alt=\"\" loading=\"lazy\" srcset=\"https:\/\/webmaibinh.com\/w\/thucpham32011\/wp-content\/uploads\/2018\/05\/tieu-duong-hoan-difoco.jpg 600w, https:\/\/webmaibinh.com\/w\/thucpham32011\/wp-content\/uploads\/2018\/05\/tieu-duong-hoan-difoco-510x340.jpg 510w\" sizes=\"(max-width: 600px) 100vw, 600px\" \/>\t\t\t\t\t\t\n\t\t\t\t\t<\/div>\n\t\t\t\t\t\t\t\t\n<style>\n#image_1704306143 {\n  width: 100%;\n}\n<\/style>\n\t<\/div>\n\t\n\t<div class=\"img has-hover x md-x lg-x y md-y lg-y\" id=\"image_238285652\">\n\t\t\t\t\t\t\t\t<div class=\"img-inner dark\" >\n\t\t\t<img width=\"511\" height=\"592\" src=\"https:\/\/webmaibinh.com\/w\/thucpham32011\/wp-content\/uploads\/2018\/05\/san-pham-top.png\" class=\"attachment-large size-large\" alt=\"\" loading=\"lazy\" srcset=\"https:\/\/webmaibinh.com\/w\/thucpham32011\/wp-content\/uploads\/2018\/05\/san-pham-top.png 511w, https:\/\/webmaibinh.com\/w\/thucpham32011\/wp-content\/uploads\/2018\/05\/san-pham-top-345x400.png 345w\" sizes=\"(max-width: 511px) 100vw, 511px\" \/>\t\t\t\t\t\t\n\t\t\t\t\t<\/div>\n\t\t\t\t\t\t\t\t\n<style>\n#image_238285652 {\n  width: 100%;\n}\n<\/style>\n\t<\/div>\n\t\n\t<div class=\"img has-hover x md-x lg-x y md-y lg-y\" id=\"image_801039707\">\n\t\t\t\t\t\t\t\t<div class=\"img-inner dark\" >\n\t\t\t<img width=\"492\" height=\"608\" src=\"https:\/\/webmaibinh.com\/w\/thucpham32011\/wp-content\/uploads\/2018\/05\/Tangcankentamax-1.jpg\" class=\"attachment-large size-large\" alt=\"\" loading=\"lazy\" srcset=\"https:\/\/webmaibinh.com\/w\/thucpham32011\/wp-content\/uploads\/2018\/05\/Tangcankentamax-1.jpg 492w, https:\/\/webmaibinh.com\/w\/thucpham32011\/wp-content\/uploads\/2018\/05\/Tangcankentamax-1-324x400.jpg 324w\" sizes=\"(max-width: 492px) 100vw, 492px\" \/>\t\t\t\t\t\t\n\t\t\t\t\t<\/div>\n\t\t\t\t\t\t\t\t\n<style>\n#image_801039707 {\n  width: 100%;\n}\n<\/style>\n\t<\/div>\n\t\n<div role=\"form\" class=\"wpcf7\" id=\"wpcf7-f375-o2\" lang=\"vi\" dir=\"ltr\">\n<div class=\"screen-reader-response\"><p role=\"status\" aria-live=\"polite\" aria-atomic=\"true\"><\/p> <ul><\/ul><\/div>\n<form action=\"\/w\/thucpham32011\/wp-json\/wp\/v2\/pages\/398#wpcf7-f375-o2\" method=\"post\" class=\"wpcf7-form init\" novalidate=\"novalidate\" data-status=\"init\">\n<div style=\"display: none;\">\n<input type=\"hidden\" name=\"_wpcf7\" value=\"375\" \/>\n<input type=\"hidden\" name=\"_wpcf7_version\" value=\"5.3\" \/>\n<input type=\"hidden\" name=\"_wpcf7_locale\" value=\"vi\" \/>\n<input type=\"hidden\" name=\"_wpcf7_unit_tag\" value=\"wpcf7-f375-o2\" \/>\n<input type=\"hidden\" name=\"_wpcf7_container_post\" value=\"0\" \/>\n<input type=\"hidden\" name=\"_wpcf7_posted_data_hash\" value=\"\" \/>\n<\/div>\n<h3>\u0110\u0102NG K\u00dd T\u01af V\u1ea4N <\/h3>\n<p><label><br \/>\n    <span class=\"wpcf7-form-control-wrap your-name\"><input type=\"text\" name=\"your-name\" value=\"\" size=\"40\" class=\"wpcf7-form-control wpcf7-text wpcf7-validates-as-required\" aria-required=\"true\" aria-invalid=\"false\" placeholder=\"H\u1ecd v\u00e0 t\u00ean\" \/><\/span> <\/label><br \/>\n<label><br \/>\n    <span class=\"wpcf7-form-control-wrap dien-thoai\"><input type=\"tel\" name=\"dien-thoai\" value=\"\" size=\"40\" class=\"wpcf7-form-control wpcf7-text wpcf7-tel wpcf7-validates-as-required wpcf7-validates-as-tel\" aria-required=\"true\" aria-invalid=\"false\" placeholder=\"S\u1ed1 \u0111i\u1ec7n tho\u1ea1i\" \/><\/span> <\/label><br \/>\n<span class=\"wpcf7-form-control-wrap noi-dung\"><textarea name=\"noi-dung\" cols=\"40\" rows=\"10\" class=\"wpcf7-form-control wpcf7-textarea\" aria-invalid=\"false\" placeholder=\"N\u1ed9i dung\"><\/textarea><\/span><\/p>\n<div style=\"text-align:center\">\n<input type=\"submit\" value=\"\u0110\u0102NG K\u00dd\" class=\"wpcf7-form-control wpcf7-submit\" \/>\n<\/div>\n<div class=\"wpcf7-response-output\" aria-hidden=\"true\"><\/div><\/form><\/div>\n\t\t<\/div>\n\t\t\t<\/div>\n\n\t\n<\/div>\n\t\t<\/div>\n\n\t\t\n<style>\n#section_1136602596 {\n  padding-top: 0px;\n  padding-bottom: 0px;\n}\n<\/style>\n\t<\/section>\n\t\n","protected":false},"excerpt":{"rendered":"","protected":false},"author":1,"featured_media":0,"parent":0,"menu_order":0,"comment_status":"closed","ping_status":"closed","template":"","meta":[],"_links":{"self":[{"href":"https:\/\/webmaibinh.com\/w\/thucpham32011\/wp-json\/wp\/v2\/pages\/398"}],"collection":[{"href":"https:\/\/webmaibinh.com\/w\/thucpham32011\/wp-json\/wp\/v2\/pages"}],"about":[{"href":"https:\/\/webmaibinh.com\/w\/thucpham32011\/wp-json\/wp\/v2\/types\/page"}],"author":[{"embeddable":true,"href":"https:\/\/webmaibinh.com\/w\/thucpham32011\/wp-json\/wp\/v2\/users\/1"}],"replies":[{"embeddable":true,"href":"https:\/\/webmaibinh.com\/w\/thucpham32011\/wp-json\/wp\/v2\/comments?post=398"}],"version-history":[{"count":5,"href":"https:\/\/webmaibinh.com\/w\/thucpham32011\/wp-json\/wp\/v2\/pages\/398\/revisions"}],"predecessor-version":[{"id":406,"href":"https:\/\/webmaibinh.com\/w\/thucpham32011\/wp-json\/wp\/v2\/pages\/398\/revisions\/406"}],"wp:attachment":[{"href":"https:\/\/webmaibinh.com\/w\/thucpham32011\/wp-json\/wp\/v2\/media?parent=398"}],"curies":[{"name":"wp","href":"https:\/\/api.w.org\/{rel}","templated":true}]}}