{"id":246,"date":"2017-06-24T03:22:52","date_gmt":"2017-06-24T03:22:52","guid":{"rendered":"http:\/\/thucpham.khowebseotop.vn\/?post_type=product&#038;p=246"},"modified":"2017-06-24T03:22:52","modified_gmt":"2017-06-24T03:22:52","slug":"qua-oc-cho-nhan-trang-453gram","status":"publish","type":"product","link":"https:\/\/webmaibinh.com\/w\/thucpham2011\/san-pham\/qua-oc-cho-nhan-trang-453gram\/","title":{"rendered":"QU\u1ea2 \u00d3C CH\u00d3 NH\u00c2N TR\u1eaeNG (453GRAM)"},"content":{"rendered":"<p>qu\u1ea3 \u00f3c ch\u00f3 nh\u00e2n tr\u1eafng<\/p>\n","protected":false},"excerpt":{"rendered":"<p>qu\u1ea3 \u00f3c ch\u00f3 nh\u00e2n tr\u1eafng<\/p>\n","protected":false},"featured_media":247,"comment_status":"open","ping_status":"closed","template":"","meta":[],"_links":{"self":[{"href":"https:\/\/webmaibinh.com\/w\/thucpham2011\/wp-json\/wp\/v2\/product\/246"}],"collection":[{"href":"https:\/\/webmaibinh.com\/w\/thucpham2011\/wp-json\/wp\/v2\/product"}],"about":[{"href":"https:\/\/webmaibinh.com\/w\/thucpham2011\/wp-json\/wp\/v2\/types\/product"}],"replies":[{"embeddable":true,"href":"https:\/\/webmaibinh.com\/w\/thucpham2011\/wp-json\/wp\/v2\/comments?post=246"}],"wp:featuredmedia":[{"embeddable":true,"href":"https:\/\/webmaibinh.com\/w\/thucpham2011\/wp-json\/wp\/v2\/media\/247"}],"wp:attachment":[{"href":"https:\/\/webmaibinh.com\/w\/thucpham2011\/wp-json\/wp\/v2\/media?parent=246"}],"curies":[{"name":"wp","href":"https:\/\/api.w.org\/{rel}","templated":true}]}}