{"id":437,"date":"2020-02-18T21:24:17","date_gmt":"2020-02-18T14:24:17","guid":{"rendered":"http:\/\/thucphamchucnang2.muathemewordpress.net\/?post_type=product&#038;p=437"},"modified":"2020-02-18T21:24:17","modified_gmt":"2020-02-18T14:24:17","slug":"nuskin-180-bo-kem-chong-lao-hoa-hang-dau-the-gioi-nuskin","status":"publish","type":"product","link":"https:\/\/webmaibinh.com\/w\/thucpham112011\/san-pham\/nuskin-180-bo-kem-chong-lao-hoa-hang-dau-the-gioi-nuskin\/","title":{"rendered":"Nuskin 180 &#8211; B\u1ed9 kem ch\u1ed1ng l\u00e3o h\u00f3a h\u00e0ng \u0111\u1ea7u th\u1ebf gi\u1edbi nuskin"},"content":{"rendered":"<p><strong>Nuskin 180 &#8211; B\u1ed9 kem ch\u1ed1ng l\u00e3o h\u00f3a h\u00e0ng \u0111\u1ea7u th\u1ebf gi\u1edbi nuskin,\u00a0<\/strong>T\u0103ng s\u1ef1 m\u1ecbn m\u00e0ng cho da, t\u00e1c d\u1ee5ng l\u00e0m thay \u0111\u1ed5i nh\u1eefng \u1ea3nh h\u01b0\u1edfng x\u1ea5u do \u00e1nh n\u1eafng m\u1eb7t tr\u1eddi g\u00e2y ra tr\u00ean da ch\u1ec9 trong v\u00f2ng m\u1ed9t tu\u1ea7n, se kh\u00edt l\u1ed7 ch\u00e2n l\u00f4ng, gi\u1ea3m t\u1ed1i thi\u1ec3u c\u00e1c v\u1ebft th\u00e2m n\u00e1m, t\u00e0n nhang, bi\u1ebfn \u0111\u1ed5i s\u1eafc t\u1ed1 da, h\u1ea1n ch\u1ebf s\u1ef1 xu\u1ea5t hi\u1ec7n c\u1ee7a c\u00e1c n\u1ebfp nh\u0103n v\u00e0 nguy c\u01a1 g\u00e2y l\u00e3o h\u00f3a da.<\/p>\n<p><img src=\"https:\/\/thucphamchucnang360.com\/images\/images\/nuskin-180.jpg\" alt=\"B\u1ed9 m\u1ef9 ph\u1ea9m nuskin 180 \u0111\u1ed9\" \/><\/p>\n<p><strong>B\u1ed9 s\u1ea3n ph\u1ea9m m\u1ef9 ph\u1ea9m nuskin 180<\/strong><\/p>\n<h2>GI\u1edaI THI\u1ec6U V\u1ec0 S\u1ea2N PH\u1ea8M B\u1ed9 kem ch\u1ed1ng l\u00e3o h\u00f3a Nuskin 180<\/h2>\n<p>B\u1ea1n n\u00ean bi\u1ebft r\u1eb1ng khi c\u00f3 b\u1ea5t k\u1ef3 qu\u00e1 tr\u00ecnh thay \u0111\u1ed5i n\u00e0o trong c\u01a1 th\u1ec3 th\u00ec da s\u1ebd l\u00e0 nh\u00e2n t\u1ed1 \u0111\u1ea7u ti\u00ean ph\u1ea3n \u00e1nh nh\u1eefng hi\u1ec7n t\u01b0\u1ee3ng \u0111\u00f3. Ch\u00ednh v\u00ec th\u1ebf, b\u1ea1n h\u00e3y n\u1eafm l\u1ea5y c\u01a1 h\u1ed9i s\u1edf h\u1eefu m\u1ed9t l\u00e0n da tr\u1ebb trung v\u1edbi b\u1ed9 s\u1ea3n ph\u1ea9m \u0110i\u1ec1u Tr\u1ecb V\u00e0 Ng\u0103n Ng\u1eeba L\u00e3o H\u00f3a Da\u00a0<strong>nuskin\u00a0180<\/strong>, do c\u00e1c chuy\u00ean gia ch\u0103m s\u00f3c t\u00e1i t\u1ea1o m\u1edbi c\u00e1c t\u1ebf b\u00e0o da c\u1ee7a t\u1eadp \u0111o\u00e0n Nu Skin. Qu\u00e1 tr\u00ecnh ch\u0103m s\u00f3c da v\u1edbi b\u1ed1n b\u01b0\u1edbc quan tr\u1ecdng n\u00e0y s\u1ebd l\u00e0m thay \u0111\u1ed5i s\u1ef1 \u1ea3nh h\u01b0\u1edfng d\u1ea7n c\u1ee7a \u0111\u1ed9 tu\u1ed5i \u0111\u1ed1i v\u1edbi da. B\u1ed9 s\u1ea3n ph\u1ea9m\u00a0<strong>Nu Skin 180<\/strong>\u00a0\u0111\u00e3 \u0111\u01b0\u1ee3c th\u1eed nghi\u1ec7m l\u00e2m s\u00e0ng v\u00e0 th\u00e0nh c\u00f4ng trong vi\u1ec7c t\u00e1i t\u1ea1o c\u1ea5u tr\u00fac da, s\u1eafc t\u1ed1 da, l\u00e0m gi\u1ea3m c\u00e1c nguy c\u01a1 x\u1ea5u cho da v\u00e0 c\u00e1c n\u1ebfp nh\u0103n \u0111\u1ec3 \u0111\u1ea3m b\u1ea3o m\u1ed9t khu\u00f4n m\u1eb7t t\u01b0\u01a1i tr\u1ebb to\u00e0n di\u1ec7n cho b\u1ea1n.<\/p>\n<p>Trong \u0111\u00f3, Axit Polyhydroxy (PHAs) l\u00e0 ch\u1ea5t thi\u1ebft y\u1ebfu h\u1ed7 tr\u1ee3 qu\u00e1 tr\u00ecnh h\u00f3a h\u1ecdc lo\u1ea1i b\u1ecf c\u00e1c t\u1ebf b\u00e0o ch\u1ebft tr\u00ean b\u1ec1 m\u1eb7t da m\u1ed9t c\u00e1ch nh\u1eb9 nh\u00e0ng v\u00e0 hi\u1ec7u qu\u1ea3 nh\u1ea5t, \u0111\u1ed3ng th\u1eddi g\u00f3p ph\u1ea7n t\u1ea1o ra c\u00e1c t\u1ebf b\u00e0o m\u1edbi (h\u1ea7u nh\u01b0 l\u00e0 to\u00e0n b\u1ed9 b\u1ec1 m\u1eb7t da), duy tr\u00ec s\u1ef1 kh\u1ecfe m\u1ea1nh v\u00e0 t\u01b0\u01a1i tr\u1ebb cho l\u00e0n da. S\u1ef1 c\u00f3 m\u1eb7t PHAs trong s\u1ea3n ph\u1ea9m\u00a0<strong>Nu Skin 180<\/strong>\u00a0kh\u00f4ng nh\u1eefng \u0111\u00e3 \u0111i\u1ec1u tr\u1ecb l\u00e3o h\u00f3a da m\u00e0 c\u00f2n: t\u0103ng s\u1ed1 l\u01b0\u1ee3ng t\u1ebf b\u00e0o m\u1edbi, gi\u1eef \u1ea9m cho da, c\u1ea3i thi\u1ec7n ch\u1ee9c n\u0103ng b\u1ea3o v\u1ec7 l\u1edbp corneum tr\u00ean da, l\u00e0m\u00a0 t\u0103ng kh\u1ea3 n\u0103ng ch\u1ed1ng l\u1ea1i nh\u1eefng nh\u00e2n t\u1ed1 \u00e1p l\u1ef1c b\u00ean ngo\u00e0i, \u0111\u1eb7c bi\u1ec7t l\u00e0 ng\u0103n ch\u1eb7n nh\u1eefng d\u1ea5u hi\u1ec7u l\u00e3o h\u00f3a t\u1ef1 nhi\u00ean b\u1eb1ng c\u00e1ch cung c\u1ea5p m\u00e0ng b\u1ea3o v\u1ec7 t\u1ed1t nh\u1ea5t \u0111\u1ec3 ng\u1eeba ch\u1ea5t oxidant c\u00f3 trong da.<\/p>\n<h3>KH\u00c1I NI\u1ec6M B\u1ed9 kem ch\u1ed1ng l\u00e3o h\u00f3a Nuskin 180<\/h3>\n<p>Khi c\u00f2n tr\u1ebb, ch\u00fang ta th\u01b0\u1eddng l\u1ea1c quan m\u1ed9t c\u00e1ch v\u00f4 t\u01b0 v\u1edbi da, v\u00ec ch\u1ee9c n\u0103ng c\u1ee7a da l\u00fac b\u1ea5y gi\u1edd th\u01b0\u1eddng mang l\u1ea1i s\u1ef1 s\u0103n ch\u1eafc, kh\u1ecfe m\u1ea1nh, v\u00e0 lu\u00f4n c\u00f3 s\u1ef1 \u0111\u00e0n h\u1ed3i. Tuy nhi\u00ean, \u1edf \u0111\u1ed9 tu\u1ed5i c\u00e0ng v\u1ec1 sau th\u00ec da s\u1ebd c\u00e0ng m\u1ea5t \u0111i d\u1ea7n c\u00e1c t\u00ednh n\u0103ng \u0111\u00f3. Nh\u1eefng \u1ea3nh h\u01b0\u1edfng c\u1ee7a n\u1ed9i ti\u1ebft t\u1ed1 sinh h\u1ecdc c\u00f9ng v\u1edbi s\u1ef1 \u00f4 nhi\u1ec5m c\u1ee7a m\u00f4i tr\u01b0\u1eddng theo th\u1eddi gian lu\u00f4n l\u00e0m cho nh\u1eefng thay \u0111\u1ed5i kh\u00f4ng t\u1ed1t v\u1ec1 da c\u00e0ng xu\u1ea5t hi\u1ec7n &#8211; c\u00e1c ch\u1ee9c n\u0103ng kh\u1ecfe m\u1ea1nh s\u1ebd d\u1ea7n m\u1ea5t \u0111i v\u00e0 nh\u1eefng d\u1ea5u hi\u1ec7u c\u1ee7a tu\u1ed5i t\u00e1c d\u1ea7n d\u1ea7n xu\u1ea5t hi\u1ec7n &#8211; k\u1ebft qu\u1ea3 l\u00e0 \u0111\u1ec3 l\u1ea1i nh\u1eefng \u0111\u00f3m t\u00e0n nhang, v\u1ebft th\u00e2m, n\u1ebfp nh\u0103ng, ch\u1ea5t s\u1eebng, v\u00e0 nh\u1eefng thay \u0111\u1ed5i kh\u00f4ng t\u1ed1t v\u1ec1 s\u1eafc t\u1ed1 da.<\/p>\n<h3>\u0110\u1ed0I T\u01af\u1ee2NG KH\u00c1CH H\u00c0NG B\u1ed9 kem ch\u1ed1ng l\u00e3o h\u00f3a Nuskin 180<\/h3>\n<p>T\u1ea5t c\u1ea3 nh\u1eefng kh\u00e1ch h\u00e0ng mu\u1ed1n l\u00e0m gi\u1ea3m s\u1ef1 xu\u1ea5t hi\u1ec7n c\u1ee7a c\u00e1c n\u1ebfp nh\u0103ng v\u00e0 bi\u1ec3u hi\u1ec7n kh\u00f4ng t\u1ed1t tr\u00ean da, c\u1ea3i\u00a0 thi\u1ec7n s\u1ef1 \u0111\u00e0n h\u1ed3i, c\u1ea5u tr\u00fac da, v\u00e0 l\u00e0m thay \u0111\u1ed5i nh\u1eefng x\u1ea5u b\u1ecb \u1ea3nh h\u01b0\u1edfng c\u1ee7a \u00e1nh n\u1eafng m\u1eb7t tr\u1eddi<\/p>\n<h3>C\u00d4NG D\u1ee4NG B\u1ed9 kem ch\u1ed1ng l\u00e3o h\u00f3a Nuskin 180<\/h3>\n<p>M\u1ed7i s\u1ea3n ph\u1ea9m trong h\u1ec7 th\u1ed1ng d\u01b0\u1edbi \u0111\u00e2y \u0111\u1ec1u \u0111\u00f3ng m\u1ed9t vai tr\u00f2 quan tr\u1ecdng \u0111\u1ed1i v\u1edbi nh\u1eefng h\u1eefu \u00edch ri\u00eang bi\u1ec7t:<\/p>\n<p>T\u0103ng s\u1ef1 m\u1ecbn m\u00e0ng cho da.<br \/>\nT\u00e1c d\u1ee5ng l\u00e0m thay \u0111\u1ed5i nh\u1eefng \u1ea3nh h\u01b0\u1edfng x\u1ea5u do \u00e1nh n\u1eafng m\u1eb7t tr\u1eddi g\u00e2y ra tr\u00ean da ch\u1ec9 trong v\u00f2ng m\u1ed9t tu\u1ea7n.<br \/>\nSe kh\u00edt l\u1ed7 ch\u00e2n l\u00f4ng.<br \/>\nGi\u1ea3m t\u1ed1i thi\u1ec3u c\u00e1c v\u1ebft th\u00e2m n\u00e1m, t\u00e0n nhang, bi\u1ebfn \u0111\u1ed5i s\u1eafc t\u1ed1 da.<br \/>\nH\u1ea1n ch\u1ebf s\u1ef1 xu\u1ea5t hi\u1ec7n c\u1ee7a c\u00e1c n\u1ebfp nh\u0103n v\u00e0 nguy c\u01a1 g\u00e2y l\u00e3o h\u00f3a da.<\/p>\n<p><img src=\"https:\/\/thucphamchucnang360.com\/images\/images\/NuSkin-180-2.jpg\" alt=\"b\u1ed8 NUSKIN 180 TH\u1eacT TUY\u1ec6T DI\u1ec6U\" \/><\/p>\n<h3>C\u00c1C LO\u1ea0I S\u1ea2N PH\u1ea8M TRONG B\u1ed8 NUSKIN 180<\/h3>\n<p>S\u1eefa r\u1eeda m\u1eb7t Nu Skin 180 &#8211; v\u1edbi 10% vitamin C &#8211; s\u1ebd gi\u00fap l\u00e0m gi\u1ea3m s\u1ef1 xu\u1ea5t hi\u1ec7n c\u1ee7a c\u00e1c n\u1ebfp nh\u0103n v\u00e0 ph\u00e1t tri\u1ec3n s\u1ef1 s\u0103n ch\u1eafc cho b\u1ec1 m\u1eb7t da.<br \/>\nNu Skin 180 C\u1ea3i Thi\u1ec7n Da &#8211; v\u1edbi t\u1eeb hai \u0111\u1ebfn ba lo\u1ea1i axitamin c\u1ee7a c\u00e1c protein \u0111\u01b0\u1ee3c th\u1ee7y ph\u00e2n t\u1eeb h\u1ea1t g\u1ea1o, s\u1ebd gi\u00fap x\u00f3a m\u1edd \u0111i c\u00e1c v\u1ebft nh\u0103n; nh\u00f3m HMW gi\u00fap cho da m\u1ec1m m\u1ecbn v\u00e0 gi\u1ea3m nguy c\u01a1 da b\u1ecb r\u00e1t.<br \/>\nNu Skin 180 T\u00e1i T\u1ea1o Da \u2013 \u0111\u01b0\u1ee3c cung c\u1ea5p 15% PHAs v\u1edbi m\u1ee5c \u0111\u00edch chuy\u00ean c\u1ea3i thi\u1ec7n to\u00e0n b\u1ed9 c\u00e1c t\u1ebf b\u00e0o da t\u1ef1 nhi\u00ean, ph\u1ee5c h\u1ed3i b\u1ec1 m\u1eb7t da, l\u00e0m s\u00e1ng da, se kh\u00edt l\u1ed7 ch\u00e2n l\u00f4ng \u0111\u1ed3ng th\u1eddi h\u1ea1n ch\u1ebf c\u00e1c n\u1ebfp nh\u0103n xu\u1ea5t hi\u1ec7n.<br \/>\nNu Skin 180 M\u00e0ng B\u1ea3o V\u1ec7 SPF ch\u1ed1ng tia UV \u2013 cung c\u1ea5p ch\u1ea5t enzyme kh\u00f4i ph\u1ee5c DNA \u0111\u1ec3 l\u00e0m gi\u1ea3m c\u00e1c d\u1ea5u hi\u1ec7u b\u1ecb \u1ea3nh h\u01b0\u1edfng b\u1edfi \u00e1nh n\u1eafng m\u1eb7t tr\u1eddi v\u00e0 ph\u00e2n b\u1ed1 th\u00eam ch\u1ea5t k\u1ebdm tr\u00ean to\u00e0n b\u1ec1 m\u1eb7t da \u0111\u1ec3 ch\u1ed1ng l\u1ea1i c\u00e1c tia UVA v\u00e0 UVB.<br \/>\nNu Skin 180 B\u1ea3o V\u1ec7 V\u00e0o Ban \u0110\u00eam &#8211; v\u1edbi h\u00e0m l\u01b0\u1ee3ng ch\u1ea5t creatine, s\u1ebd h\u1ed7 tr\u1ee3 cho qu\u00e1 tr\u00ecnh ph\u1ee5c h\u1ed3i da v\u00e0o ban \u0111\u00eam, th\u00eam v\u00e0o \u0111\u00f3 l\u00e0 vi\u1ec7c th\u00fac \u0111\u1ea9y ph\u00e1t tri\u1ec3n ch\u1ea5t collagen tr\u00ean b\u1ec1 m\u1eb7t da, gi\u1eef cho da m\u1ecbn, m\u1ec1m, v\u00e0 lu\u00f4n t\u01b0\u01a1i s\u00e1ng.<\/p>\n<h3>C\u00c1CH S\u1eec D\u1ee4NG B\u1ed9 kem ch\u1ed1ng l\u00e3o h\u00f3a Nuskin 180<\/h3>\n<p>Ch\u1ebf \u0111\u1ed9 bu\u1ed5i s\u00e1n<br \/>\nB\u01b0\u1edbc 1: Face Wash<br \/>\nB\u01b0\u1edbc 2: Skin Mist<br \/>\nB\u01b0\u1edbc 3: Cell Renewal Fluid<br \/>\nB\u01b0\u1edbc 4: UV Block Hydrator<\/p>\n<p>Ch\u1ebf \u0111\u1ed9 bu\u1ed5i t\u1ed1i<br \/>\nB\u01b0\u1edbc 1: Face Wash<br \/>\nB\u01b0\u1edbc 2: Skin Mist<br \/>\nB\u01b0\u1edbc 3: Cell Renewal Fluid<br \/>\nB\u01b0\u1edbc 4: Night Complex<\/p>\n<p><em>L\u01b0u \u00fd: S\u1ea3n ph\u1ea9m n\u00e0y l\u00e0 th\u1ef1c ph\u1ea9m ch\u1ee9c n\u0103ng kh\u00f4ng ph\u1ea3i l\u00e0 thu\u1ed1c, v\u00e0 kh\u00f4ng c\u00f3 t\u00e1c d\u1ee5ng thay th\u1ebf thu\u1ed1c ch\u1eefa b\u1ec7nh.\u00a0Vi\u1ec7c s\u1eed d\u1ee5ng thu\u1ed1c v\u00e0 ch\u1eefa b\u1ec7nh ph\u1ea3i tuy\u1ec7t \u0111\u1ed1i tu\u00e2n th\u1ee7 theo s\u1ef1 ch\u1ec9 d\u1eabn c\u1ee7a b\u00e1c s\u0129 ho\u1eb7c ng\u01b0\u1eddi c\u00f3 chuy\u00ean m\u00f4n. Th\u00f4ng tin, h\u00ecnh \u1ea3nh, gi\u00e1 c\u1ea3 t\u1ea1i website ch\u1ec9 mang t\u00ednh ch\u1ea5t tham kh\u1ea3o minh h\u1ecda.\u00a0K\u1ebft qu\u1ea3 c\u00f3 th\u1ec3 kh\u00e1c nhau tu\u1ef3 theo c\u01a1 \u0111\u1ecba v\u00e0 th\u1ec3 tr\u1ea1ng c\u1ee7a t\u1eebng ng\u01b0\u1eddi.<\/em><\/p>\n","protected":false},"excerpt":{"rendered":"<p><strong>Nuskin 180 &#8211; B\u1ed9 kem ch\u1ed1ng l\u00e3o h\u00f3a h\u00e0ng \u0111\u1ea7u th\u1ebf gi\u1edbi nuskin,\u00a0<\/strong>T\u0103ng s\u1ef1 m\u1ecbn m\u00e0ng cho da, t\u00e1c d\u1ee5ng l\u00e0m thay \u0111\u1ed5i nh\u1eefng \u1ea3nh h\u01b0\u1edfng x\u1ea5u do \u00e1nh n\u1eafng m\u1eb7t tr\u1eddi g\u00e2y ra tr\u00ean da ch\u1ec9 trong v\u00f2ng m\u1ed9t tu\u1ea7n, se kh\u00edt l\u1ed7 ch\u00e2n l\u00f4ng, gi\u1ea3m t\u1ed1i thi\u1ec3u c\u00e1c v\u1ebft th\u00e2m n\u00e1m, t\u00e0n nhang, bi\u1ebfn \u0111\u1ed5i s\u1eafc t\u1ed1 da, h\u1ea1n ch\u1ebf s\u1ef1 xu\u1ea5t hi\u1ec7n c\u1ee7a c\u00e1c n\u1ebfp nh\u0103n v\u00e0 nguy c\u01a1 g\u00e2y l\u00e3o h\u00f3a da.<\/p>\n","protected":false},"featured_media":438,"comment_status":"open","ping_status":"closed","template":"","meta":[],"brands":[{"id":168,"name":"Nuskin","slug":"nuskin"}],"_links":{"self":[{"href":"https:\/\/webmaibinh.com\/w\/thucpham112011\/wp-json\/wp\/v2\/product\/437"}],"collection":[{"href":"https:\/\/webmaibinh.com\/w\/thucpham112011\/wp-json\/wp\/v2\/product"}],"about":[{"href":"https:\/\/webmaibinh.com\/w\/thucpham112011\/wp-json\/wp\/v2\/types\/product"}],"replies":[{"embeddable":true,"href":"https:\/\/webmaibinh.com\/w\/thucpham112011\/wp-json\/wp\/v2\/comments?post=437"}],"wp:featuredmedia":[{"embeddable":true,"href":"https:\/\/webmaibinh.com\/w\/thucpham112011\/wp-json\/wp\/v2\/media\/438"}],"wp:attachment":[{"href":"https:\/\/webmaibinh.com\/w\/thucpham112011\/wp-json\/wp\/v2\/media?parent=437"}],"curies":[{"name":"wp","href":"https:\/\/api.w.org\/{rel}","templated":true}]}}