{"id":336,"date":"2020-02-18T16:40:17","date_gmt":"2020-02-18T09:40:17","guid":{"rendered":"http:\/\/thucphamchucnang2.muathemewordpress.net\/?post_type=product&#038;p=336"},"modified":"2020-02-18T16:40:17","modified_gmt":"2020-02-18T09:40:17","slug":"royal-propolis-amkey-keo-ong-bao-ve-co-the","status":"publish","type":"product","link":"https:\/\/webmaibinh.com\/w\/thucpham112011\/san-pham\/royal-propolis-amkey-keo-ong-bao-ve-co-the\/","title":{"rendered":"Royal Propolis Amkey Keo Ong b\u1ea3o v\u1ec7 c\u01a1 th\u1ec3"},"content":{"rendered":"<h2>Th\u1ef1c ph\u1ea9m ch\u1ee9c n\u0103ng Royal Propolis Amkey<\/h2>\n<p><strong>Th\u00e0nh ph\u1ea7n c\u1ea5u t\u1ea1o:<\/strong>\u00a0Tinh ch\u1ea5t keo ong xanh l\u1ee5c (50%) 35mg, ph\u1ee5 ki\u1ec7n, tinh b\u1ed9t, mangnesium stearate, silicon dioxide.<\/p>\n<p><strong>C\u00f4ng d\u1ee5ng:<\/strong>\u00a0gi\u00fap t\u0103ng c\u01b0\u1eddng s\u1ee9c \u0111\u1ec1 kh\u00e1ng v\u00e0 h\u1ea1n ch\u1ebf l\u00e3o ho\u00e1 cho c\u01a1 th\u1ec3.<\/p>\n<p><strong>H\u01b0\u1edbng d\u1eabn s\u1eed d\u1ee5ng:<\/strong>\u00a0Ng\u00e0y d\u00f9ng 1 l\u1ea7n m\u1ed7i l\u1ea7n 1 vi\u00ean sau b\u1eefa \u0103n.<\/p>\n<p><strong>B\u1ea3o qu\u1ea3n:<\/strong>\u00a0B\u1ea3o qu\u1ea3n n\u01a1i kh\u00f4 r\u00e1o, tho\u00e1ng m\u00e1t, tr\u00e1nh \u00e1nh n\u1eafng m\u1eb7t tr\u1eddi.<\/p>\n<p><strong>H\u1ea1n s\u1eed d\u1ee5ng:<\/strong>\u00a03 n\u0103m k\u1ec3 t\u1eeb ng\u00e0y s\u1ea3n xu\u1ea5t<\/p>\n<p><strong>Quy c\u00e1ch bao g\u00f3i:<\/strong>\u00a0\u0110\u00f3ng trong l\u1ecd nh\u1ef1a, 60 vi\u00ean nang \/ l\u1ecd<\/p>\n<p><strong>Xu\u1ea5t x\u1ee9:<\/strong>\u00a0Amkey INC M\u1ef9 11639 Goldring Road Arcadia, CA 90670, \u00daA<\/p>\n<p>S\u1ed1 x\u00e1c nh\u1eadn c\u00f4ng b\u1ed1 ph\u00f9 h\u1ee3p Q\u0110ATTP: 2892\/2014\/ATTP-XNCB<\/p>\n<p><strong>Th\u01b0\u01a1ng nh\u00e2n nh\u1eadp kh\u1ea9u v\u00e0 ph\u00e2n ph\u1ed1i:<\/strong>\u00a0C\u00f4ng ty c\u1ed5 ph\u1ea7n c\u00f4ng ngh\u1ec7 m\u1edbi v\u00e0 ph\u00e1t tri\u1ec3n qu\u1ed1c t\u1ebf amkey vi\u1ec7t nam<\/p>\n<p><strong>\u00a0**Ch\u00fa \u00fd: S\u1ea3n ph\u1ea9m n\u00e0y kh\u00f4ng ph\u1ea3i l\u00e0 thu\u1ed1c, kh\u00f4ng c\u00f3 t\u00e1c d\u1ee5ng thay th\u1ebf thu\u1ed1c ch\u1eefa b\u1ec7nh<\/strong><\/p>\n<hr \/>\n<h3>M\u1ed9t s\u1ed1 h\u00ecnh \u1ea3nh s\u1ea3n ph\u1ea9m keo ong amkey t\u1ea1i th\u1ef1c ph\u1ea9m ch\u1ee9c n\u0103ng 360<\/h3>\n<p><strong><img src=\"https:\/\/thucphamchucnang360.com\/images\/images\/lo-keo-ong-amkey.jpg\" alt=\"L\u1ecd s\u1ea3n ph\u1ea9m keo ong amkey ch\u1ee9a 50% keo ong xanh l\u1ee5c\" \/><\/strong><\/p>\n<h3>L\u1ecd s\u1ea3n ph\u1ea9m keo ong amkey ch\u1ee9a 50% keo ong xanh l\u1ee5c<\/h3>\n<p><strong><img src=\"https:\/\/thucphamchucnang360.com\/images\/images\/ham-luong-dinh-duong-keo-ong-amkey.jpg\" alt=\"H\u00e0m l\u01b0\u1ee3ng dinh d\u01b0\u1ee1ng s\u1ea3n ph\u1ea9m keo ong amkey\" \/><\/strong><\/p>\n<h3>H\u00e0m l\u01b0\u1ee3ng dinh d\u01b0\u1ee1ng s\u1ea3n ph\u1ea9m keo ong amkey<\/h3>\n<p><strong><img src=\"https:\/\/thucphamchucnang360.com\/images\/images\/nhan-phu-keo-ong-amkey.jpg\" alt=\"Nh\u00e3n ph\u1ee5 s\u1ea3n ph\u1ea9m keo ong xanh amkey\" \/><\/strong><\/p>\n<h3>Nh\u00e3n ph\u1ee5 s\u1ea3n ph\u1ea9m keo ong xanh amkey<\/h3>\n<p><strong><img src=\"https:\/\/thucphamchucnang360.com\/images\/images\/tem-chong-hang-gia-keo-ong-amkey.jpg\" alt=\"Tem ch\u1ed1ng h\u00e0ng gi\u1ea3 s\u1ea3n ph\u1ea9m keo ong xanh amkey\" \/><\/strong><\/p>\n<h3>Tem ch\u1ed1ng h\u00e0ng gi\u1ea3 s\u1ea3n ph\u1ea9m keo ong xanh amkey<\/h3>\n<p><strong><img src=\"https:\/\/thucphamchucnang360.com\/images\/images\/han-su-dung-keo-ong-amkey.jpg\" alt=\"H\u1ea1n s\u1eed d\u1ee5ng s\u1ea3n ph\u1ea9m keo ong xanh amkey\" \/><\/strong><\/p>\n<h3>H\u1ea1n s\u1eed d\u1ee5ng s\u1ea3n ph\u1ea9m keo ong xanh amkey<\/h3>\n<p><em>L\u01b0u \u00fd: S\u1ea3n ph\u1ea9m n\u00e0y l\u00e0 th\u1ef1c ph\u1ea9m ch\u1ee9c n\u0103ng kh\u00f4ng ph\u1ea3i l\u00e0 thu\u1ed1c, v\u00e0 kh\u00f4ng c\u00f3 t\u00e1c d\u1ee5ng thay th\u1ebf thu\u1ed1c ch\u1eefa b\u1ec7nh.\u00a0Vi\u1ec7c s\u1eed d\u1ee5ng thu\u1ed1c v\u00e0 ch\u1eefa b\u1ec7nh ph\u1ea3i tuy\u1ec7t \u0111\u1ed1i tu\u00e2n th\u1ee7 theo s\u1ef1 ch\u1ec9 d\u1eabn c\u1ee7a b\u00e1c s\u0129 ho\u1eb7c ng\u01b0\u1eddi c\u00f3 chuy\u00ean m\u00f4n. Th\u00f4ng tin, h\u00ecnh \u1ea3nh, gi\u00e1 c\u1ea3 t\u1ea1i website ch\u1ec9 mang t\u00ednh ch\u1ea5t tham kh\u1ea3o minh h\u1ecda.\u00a0K\u1ebft qu\u1ea3 c\u00f3 th\u1ec3 kh\u00e1c nhau tu\u1ef3 theo c\u01a1 \u0111\u1ecba v\u00e0 th\u1ec3 tr\u1ea1ng c\u1ee7a t\u1eebng ng\u01b0\u1eddi.<\/em><\/p>\n","protected":false},"excerpt":{"rendered":"<p><em>S\u1ea3n ph\u1ea9m n\u00e0y l\u00e0 th\u1ef1c ph\u1ea9m ch\u1ee9c n\u0103ng kh\u00f4ng ph\u1ea3i l\u00e0 thu\u1ed1c, v\u00e0 kh\u00f4ng c\u00f3 t\u00e1c d\u1ee5ng thay th\u1ebf thu\u1ed1c ch\u1eefa b\u1ec7nh.\u00a0Vi\u1ec7c s\u1eed d\u1ee5ng thu\u1ed1c v\u00e0 ch\u1eefa b\u1ec7nh ph\u1ea3i tuy\u1ec7t \u0111\u1ed1i tu\u00e2n th\u1ee7 theo s\u1ef1 ch\u1ec9 d\u1eabn c\u1ee7a b\u00e1c s\u0129 ho\u1eb7c ng\u01b0\u1eddi c\u00f3 chuy\u00ean m\u00f4n. Th\u00f4ng tin, h\u00ecnh \u1ea3nh, gi\u00e1 c\u1ea3 t\u1ea1i website ch\u1ec9 mang t\u00ednh ch\u1ea5t tham kh\u1ea3o minh h\u1ecda.\u00a0K\u1ebft qu\u1ea3 c\u00f3 th\u1ec3 kh\u00e1c nhau tu\u1ef3 theo c\u01a1 \u0111\u1ecba v\u00e0 th\u1ec3 tr\u1ea1ng c\u1ee7a t\u1eebng ng\u01b0\u1eddi.<\/em><\/p>\n","protected":false},"featured_media":337,"comment_status":"open","ping_status":"closed","template":"","meta":[],"brands":[{"id":170,"name":"Amkey","slug":"amkey"}],"_links":{"self":[{"href":"https:\/\/webmaibinh.com\/w\/thucpham112011\/wp-json\/wp\/v2\/product\/336"}],"collection":[{"href":"https:\/\/webmaibinh.com\/w\/thucpham112011\/wp-json\/wp\/v2\/product"}],"about":[{"href":"https:\/\/webmaibinh.com\/w\/thucpham112011\/wp-json\/wp\/v2\/types\/product"}],"replies":[{"embeddable":true,"href":"https:\/\/webmaibinh.com\/w\/thucpham112011\/wp-json\/wp\/v2\/comments?post=336"}],"wp:featuredmedia":[{"embeddable":true,"href":"https:\/\/webmaibinh.com\/w\/thucpham112011\/wp-json\/wp\/v2\/media\/337"}],"wp:attachment":[{"href":"https:\/\/webmaibinh.com\/w\/thucpham112011\/wp-json\/wp\/v2\/media?parent=336"}],"curies":[{"name":"wp","href":"https:\/\/api.w.org\/{rel}","templated":true}]}}