{"id":310,"date":"2020-02-18T16:15:37","date_gmt":"2020-02-18T09:15:37","guid":{"rendered":"http:\/\/thucphamchucnang2.muathemewordpress.net\/?post_type=product&#038;p=310"},"modified":"2020-02-18T16:15:37","modified_gmt":"2020-02-18T09:15:37","slug":"herbal-tea-concentrate-tra-thao-moc-co-dac","status":"publish","type":"product","link":"https:\/\/webmaibinh.com\/w\/thucpham112011\/san-pham\/herbal-tea-concentrate-tra-thao-moc-co-dac\/","title":{"rendered":"Herbal Tea Concentrate &#8211; Tr\u00e0 Th\u1ea3o M\u1ed9c C\u00f4 \u0110\u1eb7c"},"content":{"rendered":"<h2>Gi\u1edbi thi\u1ec7u tr\u00e0 th\u1ea3o m\u1ed9c\u00a0gi\u1ea3m c\u00e2n Herbalife<\/h2>\n<p>Nhu c\u1ea7u\u00a0<strong>gi\u1ea3m c\u00e2n, gi\u1ea3m m\u1ee1 b\u1ee5ng<\/strong>\u00a0l\u00e0 m\u1ed9t trong nh\u1eefng nhu c\u1ea7u thi\u1ebft y\u1ebfu \u0111\u1ec3 l\u1ea5y l\u1ea1i \u0111\u01b0\u1ee3c v\u00f3c d\u00e1ng chu\u1ea9n. B\u1ea1n l\u00e0 ng\u01b0\u1eddi c\u00f3 v\u00f3c d\u00e1ng d\u01b0 th\u1eeba, b\u1ee5ng m\u1ee1, l\u00e0 nh\u1eefng b\u00e0 m\u1eb9 sau sinh t\u0103ng c\u00e2n kh\u00f4ng ki\u1ec3m so\u00e1t, l\u00e0 nh\u00e2n vi\u00ean v\u0103n ph\u00f2ng b\u1eadn r\u1ed9n \u00edt v\u1eadn \u0111\u1ed9ng, l\u00e0 ng\u01b0\u1eddi m\u1eabu di\u1ec5n vi\u00ean nh\u1eefng ng\u01b0\u1eddi mu\u1ed1n duy tr\u00ec v\u00f3c d\u00e1ng thon g\u1ecdn v\u00e0 mu\u1ed1n v\u00f2ng b\u1ee5ng kh\u00f4ng t\u00edch m\u1ee1.<\/p>\n<p>N\u1ebfu nh\u01b0 b\u1ea1n kh\u00f4ng c\u00f3 th\u1eddi gian d\u00e0nh cho vi\u1ec7c t\u1eadp luy\u1ec7n h\u00e0ng ng\u00e0y, b\u1ea1n kh\u00f4ng \u0111\u1ee7 ki\u00ean tr\u00ec hay kh\u00f4ng th\u1ec3 ch\u1ecbu \u0111\u01b0\u1ee3c s\u1ef1 \u0111\u01a1n \u0111i\u1ec7u c\u1ee7a\u00a0ch\u1ebf \u0111\u1ed9 \u0103n ki\u00eang nh\u00e0m ch\u00e1n. M\u1ed9t trong nh\u1eefng b\u00ed quy\u1ebft t\u1ed1t nh\u1ea5t c\u1ea3i thi\u1ec7n v\u1ea5n \u0111\u1ec1 tr\u00ean l\u00e0 b\u1ea1n h\u00e3y u\u1ed1ng\u00a0<strong>tr\u00e0 Herbalife,\u00a0<\/strong>gi\u1ea3i\u00a0ph\u00e1p\u00a0cho ph\u00e9p\u00a0gi\u1ea3m c\u00e2n hi\u1ec7u qu\u1ea3 m\u00e0 kh\u00f4ng c\u1ea7n t\u1eadp luy\u1ec7n \u0111\u1ec1u \u0111\u1eb7n m\u1ed7i ng\u00e0y, c\u0169ng kh\u00f4ng c\u1ea7n \u0103n u\u1ed1ng ki\u00eang khem h\u00e0 kh\u1eafc, v\u00e0\u00a0kh\u00f4ng t\u1ed1n k\u00e9m mua nh\u1eefng b\u1ed9 s\u1ea3n ph\u1ea9m gi\u1ea3m c\u00e2n m\u1eafc ti\u1ec1n kh\u00e1c, ngo\u00e0i ra c\u00f2n h\u1ed7 tr\u1ee3 s\u1ee9c kh\u1ecfe, ng\u0103n ng\u1eeba b\u1ec7nh t\u1eadt v\u00e0 ch\u1ed1ng l\u00e3o h\u00f3a hi\u1ec7u qu\u1ea3. U\u1ed1ng tr\u00e0 gi\u00fap \u0111\u00e0o th\u1ea3i \u0111\u1ed9c t\u1ed1 v\u00e0 t\u1eadp trung t\u1ec9nh t\u00e1o t\u0103ng hi\u1ec7u su\u1ea5t l\u00e0m vi\u1ec7c t\u1ed1i \u0111a.<\/p>\n<p><span style=\"color: #008000; font-family: arial, helvetica, sans-serif;\"><b>TR\u00c0 TH\u1ea2O M\u1ed8C C\u00d4 \u0110\u1eb6C HERBALIFE C\u00d3 HAI V\u1eca: H\u01af\u01a0NG TRUY\u1ec0N TH\u1ed0NG V\u00c0 H\u01af\u01a0NG CHANH<\/b><\/span><\/p>\n<p><img src=\"https:\/\/thucphamchucnang360.com\/images\/images\/TRA-HERBALIFE.jpg\" alt=\"tr\u00e0 th\u1ea3o m\u1ecdc gi\u1ea3m c\u00e2n herbalife c\u00f3 hai h\u01b0\u01a1ng truy\u1ec1n th\u1ed1ng v\u00e0 h\u01b0\u01a1ng chanh\" \/><\/p>\n<p><em>Tr\u00e0 th\u1ea3o m\u1ed9c c\u00f4 \u0111\u1eb7c gi\u1ea3m c\u00e2n Herbalife\u00a0<\/em><\/p>\n<p><span style=\"color: #008000; font-family: arial, helvetica, sans-serif;\"><b>TH\u00c0NH PH\u1ea6N TR\u00c0 GI\u1ea2M\u00a0C\u00c2N HERBALIFE<\/b><\/span><\/p>\n<p>Th\u00e0nh ph\u1ea7n Tr\u00e0 th\u1ea3o m\u1ed9c\u00a0gi\u1ea3m c\u00e2n Herbalife ch\u1ee9a h\u1ed7n h\u1ee3p th\u1ea3o d\u01b0\u1ee3c t\u1ef1 nhi\u00ean\u00a0chi\u1ebft xu\u1ea5t tr\u00e0 orange pekoe,\u00a0tr\u00e0 xanh,\u00a0tr\u00e0 \u0111en, chi\u1ebft xu\u1ea5t h\u1ea1t b\u1ea1ch \u0111\u1eadu kh\u1ea5u, v\u1ecf chanh,\u00a0b\u1ed9t hoa d\u00e2m b\u1ee5t, c\u00e2y Malva Sylvestris v\u00e0 th\u00e0nh ph\u1ea7n cafein t\u1ef1 nhi\u00ean.<\/p>\n<p>* Th\u00e0nh ph\u1ea7n h\u1ed7n h\u1ee3p th\u1ea3o m\u1ed9c (245mg): bao g\u1ed3m h\u1ed7n h\u1ee3p th\u1ea3o m\u1ed9c nh\u01b0 chi\u1ebft xu\u1ea5t\u00a0h\u1ea1t b\u1ea1ch \u0111\u1eadu kh\u1ea5u, c\u00e2y Malva sylvestris v\u00e0 b\u1ed9t hoa d\u00e2m b\u1ee5t<\/p>\n<p>* \u00a0Th\u00e0nh ph\u1ea7n\u00a0Cafein: \u00a085mg ch\u1ee7 y\u1ebfu l\u1ea5y t\u1eeb b\u1ed9t cafein t\u1ef1 nhi\u00ean, tr\u00e0 xanh, tr\u00e0 orange pekoe, tr\u00e0 \u0111en<\/p>\n<p>* \u00a0Th\u00e0nh ph\u1ea7n kh\u00e1c nh\u01b0: B\u1ed9t fructose, Maltodextrin, chi\u1ebft xu\u1ea5t v\u1ecf chanh<\/p>\n<p><img src=\"https:\/\/thucphamchucnang360.com\/images\/images\/tra-giam-can-herbalife.jpg\" alt=\"th\u00e0nh ph\u1ea7n tr\u00e0 th\u1ea3o m\u1ed9c gi\u1ea3m c\u00e2n herbalife\" \/><\/p>\n<p><em>Th\u00e0nh ph\u1ea7n tr\u00e0 th\u1ea3o m\u1ed9c gi\u1ea3m c\u00e2n herbalife<\/em><\/p>\n<h3><span style=\"font-family: Arial, sans-serif;\">T\u00c1C\u00a0D\u1ee4NG C\u1ee6A S\u1ea2N PH\u1ea8M TR\u00c0 TH\u1ea2O M\u1ed8C C\u00d4 \u0110\u1eb6C HERBALIFE:\u00a0<\/span><\/h3>\n<p><strong>Tr\u00e0 Herbalife gi\u1ea3m c\u00e2n<\/strong>\u00a0ch\u1ee9a c\u00e1c lo\u1ea1i tr\u00e0 th\u1ea3o d\u01b0\u1ee3c t\u1ef1 nhi\u00ean t\u00e1c \u0111\u1ed9ng nhanh c\u00f9ng v\u1edbi t\u00ednh n\u0103ng ch\u1ed1ng oxy h\u00f3a gi\u00fap b\u1ea1n ki\u1ec3m so\u00e1t n\u0103ng l\u01b0\u1ee3ng hi\u1ec7u qu\u1ea3 m\u00e0 v\u1eabn duy tr\u00ec v\u00e0 \u0111\u1ea3m b\u1ea3o s\u1ee9c kh\u1ecfe cho b\u1ea1n m\u1ed9t tinh th\u1ea7n s\u00e1ng kho\u00e1i t\u1eadp trung.<\/p>\n<p>&#8211;\u00a0<strong>Tr\u00e0 th\u1ea3o m\u1ed9c gi\u1ea3m c\u00e2n Herbalife<\/strong>\u00a0l\u00e0 s\u1ea3n ph\u1ea9m gi\u1ea3m c\u00e2n tuy\u1ec7t v\u1eddi trong ch\u01b0\u01a1ng tr\u00ecnh ki\u1ec3m so\u00e1t c\u00e2n n\u1eb7ng, l\u00e0 th\u1ee9c u\u1ed1ng b\u1ed5 d\u01b0\u1ee1ng\u00a0c\u1ea7n cho nh\u1eefng ng\u01b0\u1eddi \u0111ang c\u00f3 nhu c\u1ea7u gi\u1ea3m c\u00e2n.<\/p>\n<p>&#8211;\u00a0<strong>Tr\u00e0 Herbalife<\/strong>\u00a0gi\u00fap \u0111\u1ed1t ch\u00e1y m\u1ee1 th\u1eeba v\u00e0 lo\u1ea1i b\u1ecf m\u1ee1 trong c\u01a1 quan n\u1ed9i t\u1ea1ng t\u1ea1i b\u1ee5ng, \u0111\u00f9i, b\u1eafp tay, m\u00f4ng&#8230;<\/p>\n<p>&#8211;\u00a0<strong>Tr\u00e0 th\u1ea3o m\u1ed9c Herbalife<\/strong>\u00a0c\u00f3 kh\u1ea3 n\u0103ng gi\u1ea3i ph\u00f3ng n\u0103ng l\u01b0\u1ee3ng t\u1ee9c th\u00ec, gi\u00fap ki\u1ec3m so\u00e1t c\u01a1n \u0111\u00f3i.<\/p>\n<p>&#8211;\u00a0<strong>Tr\u00e0 th\u1ea3o m\u1ed9c c\u00f4 \u0111\u1eb7c herbalife<\/strong>\u00a0gi\u00fap t\u0103ng c\u01b0\u1eddng s\u1ef1 t\u1ec9nh t\u00e1o v\u00e0 t\u1eadp trung cho tinh th\u1ea7n minh m\u1eabn, t\u0103ng hi\u1ec7u su\u1ea5t l\u00e0m vi\u1ec7c<\/p>\n<p>&#8211;\u00a0<strong>Tr\u00e0 herbalife gi\u1ea3m c\u00e2n<\/strong>\u00a0c\u00f3 t\u00e1c d\u1ee5ng r\u1ea5t t\u1ed1t trong vi\u1ec7c k\u00edch th\u00edch ti\u00eau h\u00f3a, ki\u1ec3m so\u00e1t\u00a0n\u1ed3ng \u0111\u1ed9 cholesterol trong m\u00e1u ph\u00f2ng tr\u00e1nh\u00a0tim m\u1ea1ch r\u1ea5t t\u1ed1t.<\/p>\n<p>&#8211; Th\u00e0nh ph\u1ea7n ch\u1ee9a ch\u1ea5t oxy h\u00f3a cao ch\u1ed1ng l\u00e3o h\u00f3a s\u1edbm, \u0111\u00e0o th\u1ea3i \u0111\u1ed9c t\u1ed1 thanh l\u1ecdc c\u01a1 th\u1ec3 cho b\u1ea1n tr\u1ebb m\u00e3i v\u1edbi th\u1eddi gian.<\/p>\n<h3><span style=\"font-family: Arial, sans-serif;\">\u0110\u1ed0I T\u01af\u1ee2NG S\u1eec D\u1ee4NG S\u1ea2N PH\u1ea8M TR\u00c0 TH\u1ea2O M\u1ed8C C\u00d4 \u0110\u1eb6C HERBALIFE<\/span><\/h3>\n<p><span style=\"color: #1d2129; font-family: helvetica, arial, sans-serif;\">&#8211;\u00a0<\/span>Ng\u01b0\u1eddi tr\u01b0\u1edfng th\u00e0nh mu\u1ed1n t\u0103ng c\u01b0\u1eddng s\u1ef1 t\u1ec9nh t\u00e1o v\u00e0 t\u1eadp trung<\/p>\n<p>&#8211; \u00a0Ng\u01b0\u1eddi \u0111ang g\u1eb7p v\u1ea5n \u0111\u1ec1 v\u1ec1 ti\u00eau h\u00f3a v\u00e0 ki\u1ec3m so\u00e1t n\u0103ng\u00a0l\u01b0\u1ee3ng<\/p>\n<p>&#8211; Ng\u01b0\u1eddi c\u00f3 nhu c\u1ea7u gi\u1ea3m c\u00e2n, ng\u01b0\u1eddi mu\u1ed1n c\u1ea3i thi\u1ec7n s\u1ee9c kh\u1ecfe\u00a0tim m\u1ea1ch<\/p>\n<p><strong>Kh\u1ed1i l\u01b0\u1ee3ng t\u1ecbnh:\u00a0<\/strong>50g\/ h\u1ed9p.<\/p>\n<h3>C\u00c1CH D\u00d9NG S\u1ea2N PH\u1ea8M TR\u00c0 TH\u1ea2O M\u1ed8C C\u00d4 \u0110\u1eb6C HERBALIFE<\/h3>\n<p>\u25ba\u00a0Pha 1\/2 th\u00eca (c\u00f3 th\u1ec3 th\u00eam ho\u1eb7c b\u1edbt t\u00f9y nhu c\u1ea7u) Tr\u00e0 Th\u1ea3o M\u1ed9c C\u00f4 \u0110\u1eb7c v\u1edbi 180 \u0111\u1ebfn 240 ml n\u01b0\u1edbc n\u00f3ng ho\u1eb7c l\u1ea1nh v\u00e0 th\u01b0\u1edfng th\u1ee9c. D\u00f9ng 1 \u0111\u1ebfn 3 l\u1ea7n h\u1eb1ng ng\u00e0y.<\/p>\n<p><strong>GI\u1ea4Y CH\u1ee8NG NH\u1eacN TI\u00caU CHU\u1ea8N S\u1ea2N PH\u1ea8M S\u1ed0 9620\/2012\/YT-CNTC\u00a0<\/strong><\/p>\n<h3><span style=\"color: #000000; font-family: arial, helvetica, sans-serif;\">M\u1ed8T S\u1ed0 C\u00c2U H\u1eceI V\u1ec0 S\u1ea2N PH\u1ea8M TR\u00c0 TH\u1ea2O M\u1ed8C C\u00d4 \u0110\u1eb6C HERBALIFE<\/span><\/h3>\n<h4>1. S\u1eed d\u1ee5ng tr\u00e0 th\u1ea3o m\u1ed9c c\u00f4 \u0111\u1eb7c herbalife gi\u1ea3m c\u00e2n v\u00e0o th\u1eddi \u0111i\u1ec3m n\u00e0o ?<\/h4>\n<p><strong>\u00a0\u00a0\u00a0\u00a0<\/strong><strong>Tr\u00e0 th\u1ea3o m\u1ed9c c\u00f4 \u0111\u1eb7c herbalife<\/strong>\u00a0n\u00ean s\u1eed d\u1ee5ng t\u1ed1i thi\u1ec3u 3 l\u1ea7n \/ng\u00e0y . \u0110\u1ed1i v\u1edbi c\u00e1c tr\u01b0\u1eddng h\u1ee3p c\u01a1 th\u1ec3 b\u1ecb kh\u00f3 ng\u1ee7 ho\u1eb7c m\u1ea5t ng\u1ee7 khi s\u1eed d\u1ee5ng c\u00e1c s\u1ea3n ph\u1ea9m c\u00f3 ch\u1ee9a cafein th\u00ec c\u00f3 th\u1ec3 s\u1eed d\u1ee5ng\u00a0<strong>tr\u00e0 th\u1ea3o m\u1ed9c c\u00f4 \u0111\u1eb7c herbalife gi\u1ea3m c\u00e2n\u00a0<\/strong>tr\u01b0\u1edbc 3h chi\u1ec1u.<\/p>\n<p>Nh\u1eefng ng\u01b0\u1eddi b\u1ecb \u0111au d\u1ea1 d\u00e0y n\u00ean tham kh\u1ea3o k\u1ef9 h\u01b0\u1edbng d\u1eabn c\u1ee7a b\u00e1c s\u0129, t\u1ed1t nh\u1ea5t s\u1eed d\u1ee5ng sau b\u1eefa \u0103n tr\u01b0a t\u1eeb t\u1eeb 30 ph\u00fat \u0111\u1ebfn 1 ti\u1ebfng v\u1eeba gi\u00fap t\u00ecnh t\u00e1o v\u1eeba \u0111\u1ea1t hi\u1ec7u qu\u1ea3 t\u1ed1t.<\/p>\n<h4><em>2. S\u1eed d\u1ee5ng Tr\u00e0 th\u1ea3o m\u1ed9c c\u00f4 \u0111\u1eb7c herbalife gi\u1ea3m c\u00e2n nh\u01b0 th\u1ebf n\u00e0o th\u00ec hi\u1ec7u qu\u1ea3 nh\u1ea5t ?<\/em><\/h4>\n<p>\u0110\u1ec3 gi\u1ea3m c\u00e2n hi\u1ec7u qu\u1ea3 nh\u1ea5t c\u00e1c b\u1ea1n n\u00ean s\u1eed d\u1ee5ng k\u1ebft h\u1ee3p\u00a0<strong>tr\u00e0 th\u1ea3o m\u1ed9c c\u00f4 \u0111\u1eb7c herbalife gi\u1ea3m c\u00e2n<\/strong>\u00a0th\u00eam b\u1ed9 s\u1ea3n ph\u1ea9m bao g\u1ed3m:\u00a0<u><strong>Herbalife F1<\/strong><\/u>,\u00a0<u><strong>Protein herbalife<\/strong><\/u>\u00a0\u00a0thay th\u1ebf b\u1eefa \u0103n b\u00ecnh th\u01b0\u1eddng ( s\u00e1ng v\u00e0 t\u1ed1i ) b\u1eb1ng ch\u1ebf \u0111\u1ed9 dinh d\u01b0\u1ee1ng c\u00f4ng th\u1ee9c c\u00e2n b\u1eb1ng\u00a0<strong>herbalife<\/strong><\/p>\n","protected":false},"excerpt":{"rendered":"<p>T\u00e1c d\u1ee5ng c\u00f3 th\u1ec3 kh\u00e1c nhau tu\u1ef3 c\u01a1 \u0111\u1ecba c\u1ee7a ng\u01b0\u1eddi d\u00f9ng. S\u1ea3n ph\u1ea9m kh\u00f4ng ph\u1ea3i l\u00e0 thu\u1ed1c v\u00e0 kh\u00f4ng c\u00f3 t\u00e1c d\u1ee5ng thay th\u1ebf thu\u1ed1c ch\u1eefa b\u1ec7nh. H\u00ecnh \u1ea3nh v\u00e0 m\u00f4 t\u1ea3 ch\u1ec9 mang t\u00ednh minh h\u1ecda. C\u1ea7n tham kh\u1ea3o \u00fd ki\u1ebfn b\u00e1c s\u0129 tr\u01b0\u1edbc khi s\u1eed d\u1ee5ng.<\/p>\n","protected":false},"featured_media":311,"comment_status":"open","ping_status":"closed","template":"","meta":[],"brands":[{"id":154,"name":"HERBALIFE","slug":"herbalife"}],"_links":{"self":[{"href":"https:\/\/webmaibinh.com\/w\/thucpham112011\/wp-json\/wp\/v2\/product\/310"}],"collection":[{"href":"https:\/\/webmaibinh.com\/w\/thucpham112011\/wp-json\/wp\/v2\/product"}],"about":[{"href":"https:\/\/webmaibinh.com\/w\/thucpham112011\/wp-json\/wp\/v2\/types\/product"}],"replies":[{"embeddable":true,"href":"https:\/\/webmaibinh.com\/w\/thucpham112011\/wp-json\/wp\/v2\/comments?post=310"}],"wp:featuredmedia":[{"embeddable":true,"href":"https:\/\/webmaibinh.com\/w\/thucpham112011\/wp-json\/wp\/v2\/media\/311"}],"wp:attachment":[{"href":"https:\/\/webmaibinh.com\/w\/thucpham112011\/wp-json\/wp\/v2\/media?parent=310"}],"curies":[{"name":"wp","href":"https:\/\/api.w.org\/{rel}","templated":true}]}}