{"id":154,"date":"2020-01-23T20:05:37","date_gmt":"2020-01-23T13:05:37","guid":{"rendered":"http:\/\/demo31.muathemewordpress.net\/?post_type=product&#038;p=154"},"modified":"2020-01-23T20:06:36","modified_gmt":"2020-01-23T13:06:36","slug":"dam-ren-du-tiec-phoi-xep-ly","status":"publish","type":"product","link":"https:\/\/webmaibinh.com\/w\/thoitrang52011\/san-pham\/dam-ren-du-tiec-phoi-xep-ly","title":{"rendered":"\u0110\u1ea7m ren d\u1ef1 ti\u1ec7c ph\u1ed1i x\u1ebfp ly"},"content":{"rendered":"<section id=\"section_307222833\" class=\"section mh-no-padding-bottom\">\n<div class=\"section-content relative\">\n<div id=\"row-1921976502\" class=\"row\">\n<div class=\"col small-12 large-12\">\n<div class=\"col-inner\">\n<div class=\"woocommerce-tabs wc-tabs-wrapper container tabbed-content\">\n<div class=\"tab-panels\">\n<div id=\"tab-description\" class=\"woocommerce-Tabs-panel woocommerce-Tabs-panel--description panel entry-content active\" role=\"tabpanel\" aria-labelledby=\"tab-title-description\">\n<p>\u2013 Ch\u1ea5t li\u1ec7u: Ren<br \/>\n\u2013 M\u00e0u s\u1eafc: Xanh<br \/>\nVi\u1ec7c l\u1ef1a ch\u1ecdn \u0111\u1ea7m \u0111i ti\u1ec7c lu\u00f4n t\u1ed1n r\u1ea5t nhi\u1ec1u th\u1eddi gian c\u1ee7a ch\u1ecb em, th\u1ebf nh\u01b0ng ngay khi s\u1edf h\u1eefu m\u1eabu \u0111\u1ea7m KK94-01 th\u00ec outfit \u0111i ti\u1ec7c s\u1ebd ch\u1eb3ng c\u00f2n l\u00e0 v\u1ea5n \u0111\u1ec1 khi\u1ebfn n\u00e0ng \u0111au \u0111\u1ea7u n\u1eefa. \u0110\u00e2y l\u00e0 m\u1eabu \u0111\u1ea7m ren v\u1edbi gam m\u00e0u xanh mint nh\u00e3 nh\u1eb7n, k\u1ebft h\u1ee3p thi\u1ebft k\u1ebf \u0111u\u00f4i c\u00e1 x\u1ebfp ly \u0111i\u1ec7u \u0111\u00e0, kho\u1ea3ng h\u1edf tinh t\u1ebf \u1edf ph\u1ea7n vai v\u00e0 tay \u00e1o mang \u0111\u1ebfn s\u1ef1 quy\u1ebfn r\u0169, g\u1ee3i c\u1ea3m cho ph\u00e1i \u0111\u1eb9p. H\u00e3y lu\u00f4n nh\u1edb r\u1eb1ng ren ch\u00ednh l\u00e0 ch\u1ea5t li\u1ec7u l\u00fd t\u01b0\u1edfng t\u1ea1o n\u00ean nh\u1eefng m\u1eabu \u0111\u1ea7m d\u1ef1 ti\u1ec7c trong m\u01a1 \u0111\u1ed1i v\u1edbi m\u1ecdi c\u00f4 n\u00e0ng y\u00eau th\u00edch s\u1ef1 sang tr\u1ecdng, qu\u00fd ph\u00e1i.<\/p>\n<\/div>\n<\/div>\n<\/div>\n<\/div>\n<\/div>\n<\/div>\n<\/div>\n<\/section>\n<section id=\"section_533748353\" class=\"section mh-no-padding-bottom\"><\/section>\n","protected":false},"excerpt":{"rendered":"<p>\u2013 Ch\u1ea5t li\u1ec7u: Ren<br \/>\n\u2013 M\u00e0u s\u1eafc: Xanh<br \/>\nVi\u1ec7c l\u1ef1a ch\u1ecdn \u0111\u1ea7m \u0111i ti\u1ec7c lu\u00f4n t\u1ed1n r\u1ea5t nhi\u1ec1u th\u1eddi gian c\u1ee7a ch\u1ecb em, th\u1ebf nh\u01b0ng ngay khi s\u1edf h\u1eefu m\u1eabu \u0111\u1ea7m KK94-01 th\u00ec outfit \u0111i ti\u1ec7c s\u1ebd ch\u1eb3ng c\u00f2n l\u00e0 v\u1ea5n \u0111\u1ec1 khi\u1ebfn n\u00e0ng \u0111au \u0111\u1ea7u n\u1eefa. \u0110\u00e2y l\u00e0 m\u1eabu \u0111\u1ea7m ren v\u1edbi gam m\u00e0u xanh mint nh\u00e3 nh\u1eb7n, k\u1ebft h\u1ee3p thi\u1ebft k\u1ebf \u0111u\u00f4i c\u00e1 x\u1ebfp ly \u0111i\u1ec7u \u0111\u00e0, kho\u1ea3ng h\u1edf tinh t\u1ebf \u1edf ph\u1ea7n vai v\u00e0 tay \u00e1o mang \u0111\u1ebfn s\u1ef1 quy\u1ebfn r\u0169, g\u1ee3i c\u1ea3m cho ph\u00e1i \u0111\u1eb9p. H\u00e3y lu\u00f4n nh\u1edb r\u1eb1ng ren ch\u00ednh l\u00e0 ch\u1ea5t li\u1ec7u l\u00fd t\u01b0\u1edfng t\u1ea1o n\u00ean nh\u1eefng m\u1eabu \u0111\u1ea7m d\u1ef1 ti\u1ec7c trong m\u01a1 \u0111\u1ed1i v\u1edbi m\u1ecdi c\u00f4 n\u00e0ng y\u00eau th\u00edch s\u1ef1 sang tr\u1ecdng, qu\u00fd ph\u00e1i.<\/p>\n","protected":false},"featured_media":159,"comment_status":"open","ping_status":"closed","template":"","meta":[],"_links":{"self":[{"href":"https:\/\/webmaibinh.com\/w\/thoitrang52011\/wp-json\/wp\/v2\/product\/154"}],"collection":[{"href":"https:\/\/webmaibinh.com\/w\/thoitrang52011\/wp-json\/wp\/v2\/product"}],"about":[{"href":"https:\/\/webmaibinh.com\/w\/thoitrang52011\/wp-json\/wp\/v2\/types\/product"}],"replies":[{"embeddable":true,"href":"https:\/\/webmaibinh.com\/w\/thoitrang52011\/wp-json\/wp\/v2\/comments?post=154"}],"wp:featuredmedia":[{"embeddable":true,"href":"https:\/\/webmaibinh.com\/w\/thoitrang52011\/wp-json\/wp\/v2\/media\/159"}],"wp:attachment":[{"href":"https:\/\/webmaibinh.com\/w\/thoitrang52011\/wp-json\/wp\/v2\/media?parent=154"}],"curies":[{"name":"wp","href":"https:\/\/api.w.org\/{rel}","templated":true}]}}