{"id":1138,"date":"2017-06-15T10:09:19","date_gmt":"2017-06-15T10:09:19","guid":{"rendered":"http:\/\/quanao.khowebseotop.vn\/?post_type=product&#038;p=1138"},"modified":"2017-06-15T10:09:19","modified_gmt":"2017-06-15T10:09:19","slug":"ao-khoac-jeans-psb-thoi-trang-cho-be-2-tuoi-7-tuoi","status":"publish","type":"product","link":"https:\/\/webmaibinh.com\/w\/thoitrang22011\/san-pham\/ao-khoac-jeans-psb-thoi-trang-cho-be-2-tuoi-7-tuoi\/","title":{"rendered":"\u00c1o kho\u00e1c jeans PSB th\u1eddi trang cho b\u00e9 2 tu\u1ed5i &#8211; 7 tu\u1ed5i"},"content":{"rendered":"<p>TH\u00d4NG TIN S\u1ea2N PH\u1ea8M<br \/>\nT\u00ean S\u1ea3n Ph\u1ea9m\t\u00c1o kho\u00e1c jeans PSB s\u00e1t n\u00e1ch cho b\u00e9<br \/>\nM\u00e3 S\u1ea3n Ph\u1ea9m\t33168<br \/>\nH\u1ecda ti\u1ebft<br \/>\n1 &#8211; M\u00e0u xanh<br \/>\nM\u00e0u s\u1eafc\ts\u00e1t n\u00e1ch, ph\u1ed1i t\u00fai b\u00ean tr\u00e1i<br \/>\nCh\u1ea5t li\u1ec7u\tjeans<br \/>\nSize qu\u1ea7n \u00e1o\t80, 90, 100, 110, 120, 130<br \/>\nSize Babi<br \/>\n02, 03, 04, 05, 06, 07<br \/>\nTu\u1ed5i\tt\u1eeb 2 tu\u1ed5i &#8211; 7 tu\u1ed5i<br \/>\nC\u00e2n n\u1eb7ng\tt\u1eeb 11kg &#8211; 26kg<br \/>\nXu\u1ea5t x\u1ee9\tVi\u1ec7t Nam.<\/p>\n","protected":false},"excerpt":{"rendered":"<p>\u00c1o kho\u00e1c jeans PSB th\u1eddi trang cho b\u00e9 &#8211; Xu h\u01b0\u1edbng th\u1eddi trang jeans m\u1edbi nh\u1ea5t 2017 c\u1ef1c ch\u1ea5t, d\u1ec5 k\u1ebft h\u1ee3p v\u1edbi nhi\u1ec1u ki\u1ec3u trang ph\u1ee5c kh\u00e1c nhau.<\/p>\n","protected":false},"featured_media":1139,"comment_status":"open","ping_status":"closed","template":"","meta":[],"_links":{"self":[{"href":"https:\/\/webmaibinh.com\/w\/thoitrang22011\/wp-json\/wp\/v2\/product\/1138"}],"collection":[{"href":"https:\/\/webmaibinh.com\/w\/thoitrang22011\/wp-json\/wp\/v2\/product"}],"about":[{"href":"https:\/\/webmaibinh.com\/w\/thoitrang22011\/wp-json\/wp\/v2\/types\/product"}],"replies":[{"embeddable":true,"href":"https:\/\/webmaibinh.com\/w\/thoitrang22011\/wp-json\/wp\/v2\/comments?post=1138"}],"wp:featuredmedia":[{"embeddable":true,"href":"https:\/\/webmaibinh.com\/w\/thoitrang22011\/wp-json\/wp\/v2\/media\/1139"}],"wp:attachment":[{"href":"https:\/\/webmaibinh.com\/w\/thoitrang22011\/wp-json\/wp\/v2\/media?parent=1138"}],"curies":[{"name":"wp","href":"https:\/\/api.w.org\/{rel}","templated":true}]}}