{"id":1131,"date":"2017-06-15T10:02:57","date_gmt":"2017-06-15T10:02:57","guid":{"rendered":"http:\/\/quanao.khowebseotop.vn\/?post_type=product&#038;p=1131"},"modified":"2017-06-15T10:02:57","modified_gmt":"2017-06-15T10:02:57","slug":"dam-thun-cat-in-hac-cho-be-gai","status":"publish","type":"product","link":"https:\/\/webmaibinh.com\/w\/thoitrang22011\/san-pham\/dam-thun-cat-in-hac-cho-be-gai\/","title":{"rendered":"\u0110\u1ea7m thun c\u00e1t in h\u1ea1c cho b\u00e9 g\u00e1i"},"content":{"rendered":"<p>TH\u00d4NG TIN S\u1ea2N PH\u1ea8M<br \/>\nT\u00ean s\u1ea3n ph\u1ea9m\t\u0110\u1ea7m thun c\u00e1t in h\u1ea1c cho b\u00e9 g\u00e1i<br \/>\nM\u00e3 s\u1ea3n ph\u1ea9m\t311164<br \/>\nM\u00e0u s\u1eafc<br \/>\n1 &#8211; Cam<br \/>\n2 &#8211; H\u1ed3ng d\u00e2u<br \/>\n3 &#8211; H\u1ed3ng \u0111\u1eadm<br \/>\n4 &#8211; H\u1ed3ng ph\u1ea5n<br \/>\nH\u1ecda ti\u1ebft\tIn con h\u1ea1t, m\u00e0u h\u1ed3ng \u0111\u1eadm v\u00e0 h\u1ed3ng nh\u1ea1t c\u1ed5 ph\u1ed1i tr\u1eafng v\u00e0 h\u1ed3ng ng\u1eabu nhi\u00ean<br \/>\nCh\u1ea5t li\u1ec7u\tThun c\u00e1t<br \/>\nSize qu\u1ea7n \u00e1o\t1, 2, 3, 4, 5, 6, 7, 8<br \/>\nSize Babi\t9-12M, 01, 02, 03, 04, 05, 06, 07<br \/>\nTu\u1ed5i\tt\u1eeb 9 th\u00e1ng &#8211; 7 tu\u1ed5i<br \/>\nC\u00e2n n\u1eb7ng\tt\u1eeb 9kg &#8211; 26kg<br \/>\nXu\u1ea5t x\u1ee9\tVi\u1ec7t Nam<\/p>\n","protected":false},"excerpt":{"rendered":"<p>\u0110\u1ea7m thun c\u00e1t in h\u1ea1c cho b\u00e9 g\u00e1i \u0111\u00e1ng y\u00eau &#8211; Form \u0111\u1ea7m su\u00f4ng d\u1ec5 m\u1eb7c, m\u00e0u s\u1eafc v\u00e0 h\u1ecda ti\u1ebft in h\u00ecnh s\u1eafc s\u1ea3o c\u1ef1c \u0111\u1eb9p. D\u00e0nh cho b\u00e9 t\u1eeb 9 th\u00e1ng \u0111\u1ec1n 7 tu\u1ed5i.<\/p>\n","protected":false},"featured_media":1133,"comment_status":"open","ping_status":"closed","template":"","meta":[],"_links":{"self":[{"href":"https:\/\/webmaibinh.com\/w\/thoitrang22011\/wp-json\/wp\/v2\/product\/1131"}],"collection":[{"href":"https:\/\/webmaibinh.com\/w\/thoitrang22011\/wp-json\/wp\/v2\/product"}],"about":[{"href":"https:\/\/webmaibinh.com\/w\/thoitrang22011\/wp-json\/wp\/v2\/types\/product"}],"replies":[{"embeddable":true,"href":"https:\/\/webmaibinh.com\/w\/thoitrang22011\/wp-json\/wp\/v2\/comments?post=1131"}],"wp:featuredmedia":[{"embeddable":true,"href":"https:\/\/webmaibinh.com\/w\/thoitrang22011\/wp-json\/wp\/v2\/media\/1133"}],"wp:attachment":[{"href":"https:\/\/webmaibinh.com\/w\/thoitrang22011\/wp-json\/wp\/v2\/media?parent=1131"}],"curies":[{"name":"wp","href":"https:\/\/api.w.org\/{rel}","templated":true}]}}