{"id":94,"date":"2018-04-09T04:13:49","date_gmt":"2018-04-09T04:13:49","guid":{"rendered":"http:\/\/thoitrang.khowebseotop.vn\/?post_type=product&#038;p=94"},"modified":"2018-04-09T04:13:49","modified_gmt":"2018-04-09T04:13:49","slug":"ao-somi-da-lon","status":"publish","type":"product","link":"https:\/\/webmaibinh.com\/w\/thoitrang2011\/san-pham\/ao-somi-da-lon\/","title":{"rendered":"\u00c1o s\u01a1mi da l\u1ed9n"},"content":{"rendered":"<p>&nbsp;<\/p>\n<ul>\n<li>\u00c1o s\u01a1 mi n\u1eef da l\u1ed9n, d\u00e0i tay, c\u1ed5 \u0111\u1ee9c, t\u00fai vu\u00f4ng \u1ed1p<\/li>\n<li>Ch\u1ea5t li\u1ec7u m\u1ec1m m\u1ecbn, kh\u00f4ng nh\u0103n, nh\u00e0u, gi\u1eef nhi\u1ec7t t\u1ed1t, \u1ea5m \u00e1p v\u1ec1 m\u00f9a \u0111\u00f4ng<\/li>\n<li>\nS\u1ea3n ph\u1ea9m n\u1eb1m trong b\u1ed9 s\u01b0u t\u1eadp Vitality<\/li>\n<\/ul>\n<p>&nbsp;<\/p>\n","protected":false},"excerpt":{"rendered":"<p>&nbsp;<\/p>\n<ul>\n<li>\u00c1o s\u01a1 mi n\u1eef da l\u1ed9n, d\u00e0i tay, c\u1ed5 \u0111\u1ee9c, t\u00fai vu\u00f4ng \u1ed1p<\/li>\n<li>Ch\u1ea5t li\u1ec7u m\u1ec1m m\u1ecbn, kh\u00f4ng nh\u0103n, nh\u00e0u, gi\u1eef nhi\u1ec7t t\u1ed1t, \u1ea5m \u00e1p v\u1ec1 m\u00f9a \u0111\u00f4ng<\/li>\n<li>\nS\u1ea3n ph\u1ea9m n\u1eb1m trong b\u1ed9 s\u01b0u t\u1eadp Vitality<\/li>\n<\/ul>\n<p>&nbsp;<\/p>\n","protected":false},"featured_media":96,"comment_status":"open","ping_status":"closed","template":"","meta":[],"_links":{"self":[{"href":"https:\/\/webmaibinh.com\/w\/thoitrang2011\/wp-json\/wp\/v2\/product\/94"}],"collection":[{"href":"https:\/\/webmaibinh.com\/w\/thoitrang2011\/wp-json\/wp\/v2\/product"}],"about":[{"href":"https:\/\/webmaibinh.com\/w\/thoitrang2011\/wp-json\/wp\/v2\/types\/product"}],"replies":[{"embeddable":true,"href":"https:\/\/webmaibinh.com\/w\/thoitrang2011\/wp-json\/wp\/v2\/comments?post=94"}],"wp:featuredmedia":[{"embeddable":true,"href":"https:\/\/webmaibinh.com\/w\/thoitrang2011\/wp-json\/wp\/v2\/media\/96"}],"wp:attachment":[{"href":"https:\/\/webmaibinh.com\/w\/thoitrang2011\/wp-json\/wp\/v2\/media?parent=94"}],"curies":[{"name":"wp","href":"https:\/\/api.w.org\/{rel}","templated":true}]}}