{"id":105,"date":"2018-04-09T04:26:33","date_gmt":"2018-04-09T04:26:33","guid":{"rendered":"http:\/\/thoitrang.khowebseotop.vn\/?post_type=product&#038;p=105"},"modified":"2018-04-09T04:27:20","modified_gmt":"2018-04-09T04:27:20","slug":"ao-somi-nu-dai-tay-theu-hinh-nho-o-co","status":"publish","type":"product","link":"https:\/\/webmaibinh.com\/w\/thoitrang2011\/san-pham\/ao-somi-nu-dai-tay-theu-hinh-nho-o-co\/","title":{"rendered":"\u00c1o s\u01a1mi n\u1eef d\u00e0i tay th\u00eau h\u00ecnh nh\u1ecf \u1edf c\u1ed5"},"content":{"rendered":"<p>&nbsp;<\/p>\n<ul>\n<li>\u00c1o s\u01a1 mi n\u1eef\u00a0d\u00e0i tay, c\u1ed5 \u0111\u1ee9c, th\u00eau h\u00ecnh \u1edf ve c\u1ed5 \u00e1o, phom d\u00e1ng su\u00f4ng.<\/li>\n<li>Ch\u1ea5t li\u1ec7u cotton m\u1ec1m m\u1ea1i, th\u1ea5m h\u00fat m\u1ed3 h\u00f4i t\u1ed1t<\/li>\n<\/ul>\n<p>&nbsp;<\/p>\n","protected":false},"excerpt":{"rendered":"<p>&nbsp;<\/p>\n<ul>\n<li>\u00c1o s\u01a1 mi n\u1eef\u00a0d\u00e0i tay, c\u1ed5 \u0111\u1ee9c, th\u00eau h\u00ecnh \u1edf ve c\u1ed5 \u00e1o, phom d\u00e1ng su\u00f4ng.<\/li>\n<li>Ch\u1ea5t li\u1ec7u cotton m\u1ec1m m\u1ea1i, th\u1ea5m h\u00fat m\u1ed3 h\u00f4i t\u1ed1t<\/li>\n<\/ul>\n<p>&nbsp;<\/p>\n","protected":false},"featured_media":106,"comment_status":"open","ping_status":"closed","template":"","meta":[],"_links":{"self":[{"href":"https:\/\/webmaibinh.com\/w\/thoitrang2011\/wp-json\/wp\/v2\/product\/105"}],"collection":[{"href":"https:\/\/webmaibinh.com\/w\/thoitrang2011\/wp-json\/wp\/v2\/product"}],"about":[{"href":"https:\/\/webmaibinh.com\/w\/thoitrang2011\/wp-json\/wp\/v2\/types\/product"}],"replies":[{"embeddable":true,"href":"https:\/\/webmaibinh.com\/w\/thoitrang2011\/wp-json\/wp\/v2\/comments?post=105"}],"wp:featuredmedia":[{"embeddable":true,"href":"https:\/\/webmaibinh.com\/w\/thoitrang2011\/wp-json\/wp\/v2\/media\/106"}],"wp:attachment":[{"href":"https:\/\/webmaibinh.com\/w\/thoitrang2011\/wp-json\/wp\/v2\/media?parent=105"}],"curies":[{"name":"wp","href":"https:\/\/api.w.org\/{rel}","templated":true}]}}