{"id":38,"date":"2019-08-03T22:10:01","date_gmt":"2019-08-03T15:10:01","guid":{"rendered":"http:\/\/kientruc2.w2steam.com\/?page_id=38"},"modified":"2020-04-20T08:39:18","modified_gmt":"2020-04-20T01:39:18","slug":"gioi-thieu-2","status":"publish","type":"page","link":"https:\/\/webmaibinh.com\/w\/thamtu2011\/gioi-thieu-2\/","title":{"rendered":"Gi\u1edbi thi\u1ec7u"},"content":{"rendered":"<h2 id=\"ftoc-heading-1\" class=\"ftwp-heading\"><strong>C\u00f4ng Ty Th\u00e1m T\u1eed Uy T\u00edn T\u1ea1i TP. H\u1ed3 Ch\u00ed Minh<\/strong><\/h2>\n<p>C\u00f3 ph\u1ea3i b\u1ea1n \u0111ang ki\u1ebfm t\u00ecm m\u1ed9t c\u00f4ng ty cung c\u1ea5p d\u1ecbch v\u1ee5 th\u00e1m t\u1eed chuy\u00ean nghi\u1ec7p v\u00e0 uy t\u00edn? Th\u1ebf nh\u01b0ng, gi\u1eefa h\u00e0ng ch\u1ee5c, h\u00e0ng tr\u0103m c\u00f4ng ty cung c\u1ea5p d\u1ecbch v\u1ee5, l\u00e0m sao \u0111\u1ec3 ch\u1ecdn \u0111\u01b0\u1ee3c c\u00f4ng ty th\u00e1m t\u1eed th\u1eadt s\u1ef1 uy t\u00edn b\u00e2y gi\u1edd? B\u1ea1n \u0111\u00e3 t\u00ecm \u0111\u1ebfn \u0111\u00fang \u0111\u1ecba ch\u1ec9 r\u1ed3i \u0111\u1ea5y. Th\u00e1m t\u1eed Th\u01b0 Kh\u00f4i t\u1ef1 h\u00e0o l\u00e0 ng\u01b0\u1eddi b\u1ea1n lu\u00f4n th\u1ea5u hi\u1ec3u nh\u1eefng t\u00e2m t\u01b0 v\u00e0 \u0111\u1eb7t quy\u1ec1n ri\u00eang t\u01b0 c\u1ee7a qu\u00fd kh\u00e1ch l\u00ean h\u00e0ng \u0111\u1ea7u. Ch\u00fang t\u00f4i \u0111\u00e3 v\u00e0 \u0111ang gi\u00fap \u0111\u1ee1 cho h\u00e0ng ng\u00e0n kh\u00e1ch h\u00e0ng trong g\u1ea7n 20 n\u0103m qua. V\u00e0 d\u01b0\u1edbi d\u00e2y l\u00e0 c\u00e1i nh\u00ecn chung nh\u1ea5t v\u1ec1 l\u1ecbch s\u1eed ho\u1ea1t \u0111\u1ed9ng v\u00e0 quy tr\u00ecnh l\u00e0m vi\u1ec7c c\u1ee7a Th\u01b0 Kh\u00f4i.<\/p>\n<h2 id=\"ftoc-heading-2\" class=\"ftwp-heading\"><strong>I. L\u1ecbch s\u1eed h\u00ecnh th\u00e0nh v\u00e0 ph\u00e1t tri\u1ec3n c\u00f4ng ty th\u00e1m t\u1eed Th\u01b0 Kh\u00f4i<\/strong><\/h2>\n<p>C\u00f4ng ty ra \u0111\u1eddi v\u1edbi s\u1ee9 m\u1ec7nh cung c\u1ea5p th\u00f4ng tin m\u1ed9t c\u00e1ch ch\u00ednh x\u00e1c nh\u1ea5t, nhanh ch\u00f3ng nh\u1ea5t cho nh\u1eefng kh\u00e1ch h\u00e0ng c\u00f3 nhu c\u1ea7u.<\/p>\n<p>Tr\u1ea3i qua h\u01a1n 20 n\u0103m cung c\u1ea5p d\u1ecbch v\u1ee5 cung c\u1ea5p th\u00f4ng tin. \u0110\u1ebfn nay, ch\u00fang t\u00f4i v\u00f4 c\u00f9ng vinh d\u1ef1 v\u00e0 t\u1ef1 h\u00e0o v\u00ec \u0111\u00e3 gi\u00fap \u0111\u01b0\u1ee3c h\u00e0ng ng\u00e0n kh\u00e1ch h\u00e0ng trong v\u00e0 ngo\u00e0i n\u01b0\u1edbc t\u00ecm ra \u0111\u01b0\u1ee3c s\u1ef1 th\u1eadt m\u00e0 h\u1ecd mong mu\u1ed1n.<\/p>\n<h2 id=\"ftoc-heading-3\" class=\"ftwp-heading\"><strong>II. Danh s\u00e1ch d\u1ecbch v\u1ee5 c\u1ee7a th\u00e1m t\u1eed Th\u01b0 Kh\u00f4i<\/strong><\/h2>\n<p>Ch\u00fang t\u00f4i cung c\u1ea5p r\u1ea5t nhi\u1ec1u nh\u1eefng d\u1ecbch v\u1ee5 th\u00e1m t\u1eed nh\u01b0:<\/p>\n<ul>\n<li>D\u1ecbch v\u1ee5 th\u00e1m t\u1eed \u0111i\u1ec1u tra, theo d\u00f5i ngo\u1ea1i t\u00ecnh<\/li>\n<li>D\u1ecbch v\u1ee5 th\u00e1m t\u1eed theo d\u00f5i gi\u00e1m s\u00e1t ai \u0111\u00f3 ho\u1eb7c con c\u00e1i<\/li>\n<li>D\u1ecbch v\u1ee5 th\u00e1m t\u1eed \u0111i\u1ec1u tra th\u00f4ng tin tr\u01b0\u1edbc h\u00f4n nh\u00e2n<\/li>\n<li>D\u1ecbch v\u1ee5 th\u00e1m t\u1eed \u0111\u1ecbnh v\u1ecb s\u1ed1 \u0111i\u1ec7n tho\u1ea1i<\/li>\n<li>D\u1ecbch v\u1ee5 th\u00e1m t\u1eed \u0111i\u1ec1u tra h\u00e0ng gi\u1ea3, h\u00e0ng nh\u00e1i<\/li>\n<li>D\u1ecbch v\u1ee5 th\u00e1m t\u1eed \u0111i\u1ec1u tra tr\u1ed9m c\u1eafp trong doanh nghi\u1ec7p<\/li>\n<li>D\u1ecbch v\u1ee5 th\u00e1m t\u1eed \u0111i\u1ec1u tra \u0111\u1ed1i th\u1ee7 c\u1ea1nh tranh<\/li>\n<\/ul>\n<div id=\"attachment_1408\" class=\"wp-caption aligncenter\"><img loading=\"lazy\" class=\"wp-image-1408 size-full litespeed-loaded\" title=\"D\u1ecbch v\u1ee5 th\u00e1m t\u1eed t\u01b0 T\u1eadn T\u00e2m\" src=\"https:\/\/thamtututantam.com\/wp-content\/uploads\/tham-tu-tu-tan-tam.jpg\" sizes=\"(max-width: 650px) 100vw, 650px\" srcset=\"https:\/\/thamtututantam.com\/wp-content\/uploads\/tham-tu-tu-tan-tam.jpg 650w, https:\/\/thamtututantam.com\/wp-content\/uploads\/tham-tu-tu-tan-tam-300x185.jpg 300w\" alt=\"C\u00f4ng ty th\u00e1m t\u1eed t\u01b0 t\u1eadn t\u00e2m\" width=\"650\" height=\"400\" data-lazyloaded=\"1\" data-placeholder-resp=\"650x400\" aria-describedby=\"caption-attachment-1408\" data-src=\"https:\/\/thamtututantam.com\/wp-content\/uploads\/tham-tu-tu-tan-tam.jpg\" data-srcset=\"https:\/\/thamtututantam.com\/wp-content\/uploads\/tham-tu-tu-tan-tam.jpg 650w, https:\/\/thamtututantam.com\/wp-content\/uploads\/tham-tu-tu-tan-tam-300x185.jpg 300w\" data-sizes=\"(max-width: 650px) 100vw, 650px\" data-was-processed=\"true\" \/><\/p>\n<p id=\"caption-attachment-1408\" class=\"wp-caption-text\">\u0110\u1ecba ch\u1ec9 c\u00f4ng ty cung c\u1ea5p d\u1ecbch v\u1ee5 th\u00e1m t\u1eed uy t\u00edn v\u00e0 chuy\u00ean nghi\u1ec7p<\/p>\n<\/div>\n<h2 id=\"ftoc-heading-4\" class=\"ftwp-heading\"><strong>III. Nh\u1eefng l\u00fd do qu\u00fd kh\u00e1ch n\u00ean ch\u1ecdn d\u1ecbch v\u1ee5 c\u1ee7a c\u00f4ng ty th\u00e1m t\u1eed Th\u01b0 Kh\u00f4i<\/strong><\/h2>\n<h3 id=\"ftoc-heading-5\" class=\"ftwp-heading\"><strong>1. Gi\u00e1 d\u1ecbch v\u1ee5 th\u00e1m t\u1eed t\u1ed1t nh\u1ea5t hi\u1ec7n nay<\/strong><\/h3>\n<p>V\u1edbi kinh nghi\u1ec7m trong 20 n\u0103m cung c\u1ea5p d\u1ecbch v\u1ee5 th\u00e1m t\u1eed \u0111i\u1ec1u tra th\u00f4ng tin, ch\u00fang t\u00f4i s\u1ebd gi\u00fap qu\u00fd kh\u00e1ch ti\u1ebft ki\u1ec7m \u0111\u01b0\u1ee3c chi ph\u00ed \u1edf m\u1ee9c t\u1ed1i \u0111a m\u00e0 l\u1ea1i nh\u1eadn \u0111\u01b0\u1ee3c k\u1ebft qu\u1ea3 to\u00e0n m\u1ef9 nh\u1ea5t.<\/p>\n<p><strong>B\u00ean c\u1ea1nh \u0111\u00f3:<\/strong><\/p>\n<p>\u00a0Ch\u00fang t\u00f4i l\u00e0m tr\u01b0\u1edbc l\u1ea5y ti\u1ec1n sau.<\/p>\n<p>\u00a0Ho\u00e0n tr\u1ea3 100% chi ph\u00ed n\u1ebfu qu\u00fd kh\u00e1ch kh\u00f4ng h\u00e0i l\u00f2ng v\u1ec1 d\u1ecbch v\u1ee5<\/p>\n<h2 id=\"ftoc-heading-6\" class=\"ftwp-heading\"><strong>Gi\u00e1 d\u1ecbch v\u1ee5 th\u00e1m t\u1eed t\u01b0 t\u1ea1i Mi\u1ec1n Nam<\/strong><\/h2>\n<p>\u2013\u00a0<strong>T\u1ea1i H\u1ed3 Ch\u00ed Minh<\/strong>: Gi\u00e1 d\u1ecbch v\u1ee5 th\u00e1m t\u1eed t\u01b0 t\u1eeb 700.000\u0111 \u2013 1.500.000\u0111 \/ ng\u00e0y (Tu\u1ef3 v\u00e0o th\u1eddi gian l\u00e0m vi\u1ec7c)<\/p>\n<p>\u2013 S\u1ed1 gi\u1edd l\u00e0m vi\u1ec7c trong ng\u00e0y: 12h<\/p>\n<p>\u2013 C\u00f3 l\u00e0m th\u00eam gi\u1edd hay kh\u00f4ng? Tu\u1ef3 v\u00e0o y\u00eau c\u1ea7u c\u1ee7a qu\u00fd kh\u00e1ch. Sau 12h l\u00e0m vi\u1ec7c th\u00ec ch\u00fang t\u00f4i s\u1ebd t\u00ednh th\u00eam chi ph\u00ed.<\/p>\n<h3 id=\"ftoc-heading-7\" class=\"ftwp-heading\">L\u00e0m th\u1ebf n\u00e0o \u0111\u1ec3 s\u1eed d\u1ee5ng d\u1ecbch v\u1ee5 th\u00e1m t\u1eed v\u1edbi gi\u00e1 r\u1ebb nh\u1ea5t?<\/h3>\n<p>R\u1ea5t nhi\u1ec1u kh\u00e1ch h\u00e0ng mu\u1ed1n s\u1eed d\u1ee5ng d\u1ecbch v\u1ee5 \u1edf m\u1ed9t c\u00f4ng ty uy t\u00edn nh\u01b0ng \u1edf nh\u1eefng c\u00f4ng ty uy t\u00edn, l\u00e0m tr\u00e1ch nhi\u1ec7m cao th\u01b0\u1eddng s\u1ebd cao h\u01a1n c\u00e1c c\u00f4ng ty kh\u00e1c. V\u1eady l\u00e0m sao \u0111\u1ec3 s\u1eed d\u1ee5ng d\u1ecbch v\u1ee5 t\u1ed1t m\u00e0 gi\u00e1 l\u1ea1i r\u1ebb? \u0111\u00f3 l\u00e0: S\u1eed d\u1ee5ng d\u1ecbch v\u1ee5 d\u00e0i ng\u00e0y thay v\u00ec ng\u1eafn ng\u00e0y. C\u00f3 r\u1ea5t nhi\u1ec1u ng\u01b0\u1eddi mu\u1ed1n s\u1eed d\u1ee5ng d\u1ecbch v\u1ee5 1 ng\u00e0y ho\u1eb7c theo gi\u1edd. Tuy nhi\u00ean, nh\u01b0 v\u1eady gi\u00e1 s\u1ebd r\u1ea5t cao. Th\u00f4ng th\u01b0\u1eddng n\u1ebfu s\u1eed d\u1ee5ng d\u1ecbch v\u1ee5 2 \u2013 3 ng\u00e0y th\u00ec chi ph\u00ed s\u1ebd t\u1eeb 3.000.000 \u0111\u1ebfn 4.000.000. Nh\u01b0ng n\u1ebfu s\u1eed d\u1ee5ng d\u1ecbch v\u1ee5 c\u1ea3 01 tu\u1ea7n th\u00ec chi ph\u00ed ch\u1ec9 kho\u1ea3ng 5.800.000 \u0111\u1ebfn 6.800.000 l\u00e0 c\u00f9ng.<\/p>\n<h3 id=\"ftoc-heading-8\" class=\"ftwp-heading\"><strong>2. Ch\u00fang t\u00f4i h\u00e0nh ngh\u1ec1 v\u1edbi c\u00e1i t\u00e2m<\/strong><\/h3>\n<div id=\"attachment_1464\" class=\"wp-caption aligncenter\"><img loading=\"lazy\" class=\"wp-image-1464 size-full litespeed-loaded\" title=\"Th\u00e1m t\u1eed t\u01b0 T\u1eadn T\u00e2m t\u1ea1i H\u00e0 N\u1ed9i lu\u00f4n \u0111\u1eb7t ch\u1eef T\u00e2m l\u00ean h\u00e0ng \u0111\u1ea7u\" src=\"https:\/\/thamtututantam.com\/wp-content\/uploads\/tham-tu-tu-tan-tam-tai-ha-noi.jpg\" sizes=\"(max-width: 574px) 100vw, 574px\" srcset=\"https:\/\/thamtututantam.com\/wp-content\/uploads\/tham-tu-tu-tan-tam-tai-ha-noi.jpg 574w, https:\/\/thamtututantam.com\/wp-content\/uploads\/tham-tu-tu-tan-tam-tai-ha-noi-300x236.jpg 300w\" alt=\"Th\u00e1m t\u1eed t\u01b0 T\u1eadn T\u00e2m t\u1ea1i H\u00e0 N\u1ed9i lu\u00f4n \u0111\u1eb7t ch\u1eef T\u00e2m l\u00ean h\u00e0ng \u0111\u1ea7u\" width=\"574\" height=\"452\" data-lazyloaded=\"1\" data-placeholder-resp=\"574x452\" aria-describedby=\"caption-attachment-1464\" data-src=\"https:\/\/thamtututantam.com\/wp-content\/uploads\/tham-tu-tu-tan-tam-tai-ha-noi.jpg\" data-srcset=\"https:\/\/thamtututantam.com\/wp-content\/uploads\/tham-tu-tu-tan-tam-tai-ha-noi.jpg 574w, https:\/\/thamtututantam.com\/wp-content\/uploads\/tham-tu-tu-tan-tam-tai-ha-noi-300x236.jpg 300w\" data-sizes=\"(max-width: 574px) 100vw, 574px\" data-was-processed=\"true\" \/><\/p>\n<p id=\"caption-attachment-1464\" class=\"wp-caption-text\">Lu\u00f4n \u0111\u1eb7t ch\u1eef \u201cT\u00e2m\u201d l\u00ean h\u00e0ng \u0111\u1ea7u<\/p>\n<\/div>\n<p>Ngo\u00e0i l\u1ee3i \u00edch \u0111em l\u1ea1i, kinh t\u1ebf th\u1ecb tr\u01b0\u1eddng c\u0169ng t\u00e1c \u0111\u1ed9ng ti\u00eau c\u1ef1c \u0111\u1ebfn n\u1ec1n v\u0103n h\u00f3a c\u0169ng nh\u01b0 \u0111\u1ea1o \u0111\u1ee9c c\u1ee7a m\u1ed9t b\u1ed9 ph\u1eadn kh\u00f4ng nh\u1ecf ng\u01b0\u1eddi d\u00e2n Vi\u1ec7t Nam. Trong s\u1ed1 \u0111\u00f3 c\u00f3 \u0111\u1ea1o \u0111\u1ee9c ngh\u1ec1 nghi\u1ec7p. \u0110\u1ea1o \u0111\u1ee9c ngh\u1ec1 nghi\u1ec7p suy tho\u00e1i \u0111\u00e3 l\u00e0m \u1ea3nh h\u01b0\u1edfng l\u1edbn \u0111\u1ebfn ch\u1ea5t l\u01b0\u1ee3ng cung c\u1ea5p d\u1ecbch v\u1ee5 c\u0169ng nh\u01b0 l\u1ee3i \u00edch c\u1ee7a ng\u01b0\u1eddi s\u1eed d\u1ee5ng d\u1ecbch v\u1ee5. Nh\u01b0ng \u1edf v\u0103n ph\u00f2ng c\u1ee7a ch\u00fang t\u00f4i, ch\u00fang t\u00f4i n\u00f3i \u201c<strong>Kh\u00f4ng<\/strong>\u201d v\u1edbi \u0111i\u1ec1u n\u00e0y! Ch\u00fang t\u00f4i hi\u1ec3u r\u1eb1ng \u0111\u1ea1o \u0111\u1ee9c l\u00e0 \u201ct\u00e0i s\u1ea3n v\u00f4 h\u00ecnh\u201d qu\u00fd gi\u00e1 nh\u1ea5t c\u1ee7a ng\u01b0\u1eddi h\u00e0nh ngh\u1ec1. B\u1edfi v\u1eady, \u0111\u1ed9i ng\u0169 \u1edf v\u0103n ph\u00f2ng th\u00e1m t\u1eed lu\u00f4n l\u00e0m vi\u1ec7c m\u1ed9t c\u00e1ch t\u1eadn t\u00e2m \u2013 l\u1ea5y \u0111\u1ee9c l\u00e0m g\u1ed1c. L\u00e0m vi\u1ec7c c\u00f3 tr\u00e1ch nhi\u1ec7m, th\u1eadn tr\u1ecdng, b\u1ea3o m\u1eadt, uy t\u00edn \u0111\u1ec3 g\u00f3p ph\u1ea7n x\u00e2y d\u1ef1ng v\u00e0 c\u1ee7ng c\u1ed1 chu\u1ea9n m\u1ef1c \u0111\u1ea1o \u0111\u1ee9c c\u1ee7a ng\u00e0nh ngh\u1ec1 m\u00ecnh \u0111ang l\u00e0m.<\/p>\n<h3 id=\"ftoc-heading-9\" class=\"ftwp-heading\"><strong>3. Kinh nghi\u1ec7m th\u1ef1c chi\u1ebfn d\u00e0y d\u1eb7n<\/strong><\/h3>\n<div id=\"attachment_1465\" class=\"wp-caption aligncenter\"><img loading=\"lazy\" class=\"wp-image-1465 size-full litespeed-loaded\" title=\"th\u00e1m t\u1eed uy t\u00edn\" src=\"https:\/\/thamtututantam.com\/wp-content\/uploads\/tham-tu-uy-tin.jpg\" sizes=\"(max-width: 650px) 100vw, 650px\" srcset=\"https:\/\/thamtututantam.com\/wp-content\/uploads\/tham-tu-uy-tin.jpg 650w, https:\/\/thamtututantam.com\/wp-content\/uploads\/tham-tu-uy-tin-300x182.jpg 300w\" alt=\"th\u00e1m t\u1eed uy t\u00edn\" width=\"650\" height=\"395\" data-lazyloaded=\"1\" data-placeholder-resp=\"650x395\" aria-describedby=\"caption-attachment-1465\" data-src=\"https:\/\/thamtututantam.com\/wp-content\/uploads\/tham-tu-uy-tin.jpg\" data-srcset=\"https:\/\/thamtututantam.com\/wp-content\/uploads\/tham-tu-uy-tin.jpg 650w, https:\/\/thamtututantam.com\/wp-content\/uploads\/tham-tu-uy-tin-300x182.jpg 300w\" data-sizes=\"(max-width: 650px) 100vw, 650px\" data-was-processed=\"true\" \/><\/p>\n<p id=\"caption-attachment-1465\" class=\"wp-caption-text\">C\u00f3 kinh nghi\u1ec7m th\u1ef1c chi\u1ebfn d\u00e0y d\u1eb7n<\/p>\n<\/div>\n<p>V\u0103n Ph\u00f2ng Th\u00e1m T\u1eed Th\u01b0 Kh\u00f4i \u0111\u00e3 c\u00f3 20 n\u0103m kinh nghi\u1ec7m trong h\u00e0nh ngh\u1ec1 th\u00e1m t\u1eed. G\u1ea7n nh\u01b0 ch\u00fang t\u00f4i \u0111\u00e3 kinh qua m\u1ecdi t\u00ecnh hu\u1ed1ng, d\u00f9 l\u00e0 ph\u1ee9c t\u1ea1p nh\u1ea5t v\u00e0 \u0111\u1ec1u \u0111\u00e3 gi\u1ea3i quy\u1ebft th\u00e0nh c\u00f4ng. Ch\u00fang t\u00f4i t\u1ef1 tin v\u1edbi kinh nghi\u1ec7m c\u1ee7a m\u00ecnh, b\u1ea5t c\u1ee9 tr\u01b0\u1eddng h\u1ee3p n\u00e0o c\u0169ng c\u00f3 th\u1ec3 \u1ee9ng bi\u1ebfn nhanh nh\u1ea1y, linh ho\u1ea1t. Kh\u00f4ng g\u00ec c\u00f3 th\u1ec3 l\u00e0m kh\u00f3 d\u1ecbch v\u1ee5 th\u00e1m t\u1eed Th\u01b0 Kh\u00f4i!<\/p>\n<h3 id=\"ftoc-heading-10\" class=\"ftwp-heading\"><strong>4. Nh\u00e2n s\u1ef1 \u0111\u01b0\u1ee3c tuy\u1ec3n ch\u1ecdn v\u00e0 \u0111\u00e0o t\u1ea1o k\u0129 l\u01b0\u1ee1ng<\/strong><\/h3>\n<p><img loading=\"lazy\" class=\"aligncenter wp-image-1470 size-full litespeed-loaded\" title=\"C\u00f4ng ty th\u00e1m t\u1eed H\u00e0 N\u1ed9i\" src=\"https:\/\/thamtututantam.com\/wp-content\/uploads\/cong-ty-tham-tu-ha-noi.jpg\" sizes=\"(max-width: 561px) 100vw, 561px\" srcset=\"https:\/\/thamtututantam.com\/wp-content\/uploads\/cong-ty-tham-tu-ha-noi.jpg 561w, https:\/\/thamtututantam.com\/wp-content\/uploads\/cong-ty-tham-tu-ha-noi-300x218.jpg 300w\" alt=\"C\u00f4ng ty th\u00e1m t\u1eed H\u00e0 N\u1ed9i\" width=\"561\" height=\"408\" data-lazyloaded=\"1\" data-placeholder-resp=\"561x408\" data-src=\"https:\/\/thamtututantam.com\/wp-content\/uploads\/cong-ty-tham-tu-ha-noi.jpg\" data-srcset=\"https:\/\/thamtututantam.com\/wp-content\/uploads\/cong-ty-tham-tu-ha-noi.jpg 561w, https:\/\/thamtututantam.com\/wp-content\/uploads\/cong-ty-tham-tu-ha-noi-300x218.jpg 300w\" data-sizes=\"(max-width: 561px) 100vw, 561px\" data-was-processed=\"true\" \/><\/p>\n<p>\u0110\u1ed9i ng\u0169 th\u00e1m t\u1eed c\u1ee7a V\u0103n Ph\u00f2ng Th\u00e1m T\u1eed Th\u01b0 Kh\u00f4i kh\u00f4ng ng\u1eebng \u0111\u01b0\u1ee3c n\u00e2ng cao c\u1ea3 v\u1ec1 s\u1ed1 l\u01b0\u1ee3ng l\u1eabn ch\u1ea5t l\u01b0\u1ee3ng \u0111\u1ec3 \u0111\u00e1p \u1ee9ng nhu c\u1ea7u ng\u00e0y c\u00e0ng t\u0103ng c\u1ee7a nh\u1eefng kh\u00e1ch h\u00e0ng mu\u1ed1n s\u1eed d\u1ee5ng d\u1ecbch v\u1ee5 th\u00e1m t\u1eed. \u0110\u1ec3 \u0111\u01b0\u1ee3c \u0111\u1ee9ng trong h\u00e0ng ng\u0169 c\u1ee7a ch\u00fang t\u00f4i, c\u00e1c \u1ee9ng vi\u00ean d\u1ef1 tuy\u1ec3n ph\u1ea3i tr\u1ea3i qua 3 v\u00f2ng thi c\u00f9ng 1 v\u00f2ng ph\u1ecfng v\u1ea5n v\u00f4 c\u00f9ng kh\u1eaft khe. V\u00e0 k\u1ec3 c\u1ea3 khi \u0111\u00e3 \u0111\u01b0\u1ee3c nh\u1eadn v\u00e0o l\u00e0m, n\u1ebfu l\u00e0m kh\u00f4ng t\u1ed1t, ch\u00fang t\u00f4i s\u1eb5n s\u00e0ng thay th\u1ebf h\u1ecd b\u1eb1ng m\u1ed9t ng\u01b0\u1eddi t\u1ed1t h\u01a1n th\u1ebf.<\/p>\n<h3 id=\"ftoc-heading-11\" class=\"ftwp-heading\"><strong>5. Thi\u1ebft b\u1ecb nghi\u1ec7p v\u1ee5 hi\u1ec7n \u0111\u1ea1i<\/strong><\/h3>\n<div id=\"attachment_1463\" class=\"wp-caption aligncenter\"><img loading=\"lazy\" class=\"wp-image-1463 size-full litespeed-loaded\" title=\"C\u00f4ng ty th\u00e1m t\u1eed t\u01b0 T\u1eadn T\u00e2m \u0111\u01b0\u1ee3c \u0111\u1ea7u t\u01b0 trang thi\u1ebft b\u1ecb hi\u1ec7n \u0111\u1ea1i\" src=\"https:\/\/thamtututantam.com\/wp-content\/uploads\/tham-tu-tai-ha-noi.jpg\" sizes=\"(max-width: 650px) 100vw, 650px\" srcset=\"https:\/\/thamtututantam.com\/wp-content\/uploads\/tham-tu-tai-ha-noi.jpg 650w, https:\/\/thamtututantam.com\/wp-content\/uploads\/tham-tu-tai-ha-noi-300x182.jpg 300w\" alt=\"C\u00f4ng ty th\u00e1m t\u1eed t\u01b0 T\u1eadn T\u00e2m \u0111\u01b0\u1ee3c \u0111\u1ea7u t\u01b0 trang thi\u1ebft b\u1ecb hi\u1ec7n \u0111\u1ea1i\" width=\"650\" height=\"395\" data-lazyloaded=\"1\" data-placeholder-resp=\"650x395\" aria-describedby=\"caption-attachment-1463\" data-src=\"https:\/\/thamtututantam.com\/wp-content\/uploads\/tham-tu-tai-ha-noi.jpg\" data-srcset=\"https:\/\/thamtututantam.com\/wp-content\/uploads\/tham-tu-tai-ha-noi.jpg 650w, https:\/\/thamtututantam.com\/wp-content\/uploads\/tham-tu-tai-ha-noi-300x182.jpg 300w\" data-sizes=\"(max-width: 650px) 100vw, 650px\" data-was-processed=\"true\" \/><\/p>\n<p id=\"caption-attachment-1463\" class=\"wp-caption-text\">S\u1eed d\u1ee5ng trang thi\u1ebft b\u1ecb hi\u1ec7n \u0111\u1ea1i<\/p>\n<\/div>\n<p>Ngo\u00e0i \u0111\u1ed9i ng\u0169 th\u00e1m t\u1eed t\u01b0 c\u00f3 chuy\u00ean m\u00f4n nghi\u1ec7p v\u1ee5 cao, d\u1ecbch v\u1ee5 th\u00e1m t\u1eed Th\u01b0 Kh\u00f4i c\u00f2n s\u1eed d\u1ee5ng nh\u1eefng thi\u1ebft b\u1ecb hi\u1ec7n \u0111\u1ea1i nh\u1ea5t. K\u1ebft h\u1ee3p v\u1edbi chuy\u00ean m\u00f4n cao, ch\u00fang t\u00f4i s\u1ebd gi\u00fap kh\u00e1ch h\u00e0ng nhanh ch\u00f3ng c\u00f3 \u0111\u01b0\u1ee3c th\u00f4ng tin t\u1ed1t nh\u1ea5t.<\/p>\n<h3 id=\"ftoc-heading-12\" class=\"ftwp-heading\"><strong>6. B\u1ea3o m\u1eadt th\u00f4ng tin kh\u00e1ch h\u00e0ng tuy\u1ec7t \u0111\u1ed1i<\/strong><\/h3>\n<div id=\"attachment_1466\" class=\"wp-caption aligncenter\"><img loading=\"lazy\" class=\"wp-image-1466 size-full litespeed-loaded\" title=\"D\u1ecbch v\u1ee5 th\u00e1m t\u1eed T\u1eadn T\u00e2m lu\u00f4n b\u1ea3o m\u1eadt th\u00f4ng tin kh\u00e1ch h\u00e0ng tuy\u1ec7t \u0111\u1ed1i\" src=\"https:\/\/thamtututantam.com\/wp-content\/uploads\/tham-tu-ha-noi.jpg\" sizes=\"(max-width: 602px) 100vw, 602px\" srcset=\"https:\/\/thamtututantam.com\/wp-content\/uploads\/tham-tu-ha-noi.jpg 602w, https:\/\/thamtututantam.com\/wp-content\/uploads\/tham-tu-ha-noi-300x134.jpg 300w\" alt=\"D\u1ecbch v\u1ee5 th\u00e1m t\u1eed T\u1eadn T\u00e2m lu\u00f4n b\u1ea3o m\u1eadt th\u00f4ng tin kh\u00e1ch h\u00e0ng tuy\u1ec7t \u0111\u1ed1i\" width=\"602\" height=\"268\" data-lazyloaded=\"1\" data-placeholder-resp=\"602x268\" aria-describedby=\"caption-attachment-1466\" data-src=\"https:\/\/thamtututantam.com\/wp-content\/uploads\/tham-tu-ha-noi.jpg\" data-srcset=\"https:\/\/thamtututantam.com\/wp-content\/uploads\/tham-tu-ha-noi.jpg 602w, https:\/\/thamtututantam.com\/wp-content\/uploads\/tham-tu-ha-noi-300x134.jpg 300w\" data-sizes=\"(max-width: 602px) 100vw, 602px\" data-was-processed=\"true\" \/><\/div>\n<p>Th\u00e1m T\u1eed Th\u01b0 Kh\u00f4i cam k\u1ebft b\u1ea3o m\u1eadt tuy\u1ec7t \u0111\u1ed1i th\u00f4ng tin c\u1ee7a t\u1ea5t c\u1ea3 c\u00e1c kh\u00e1ch h\u00e0ng \u0111\u00e3, \u0111ang v\u00e0 s\u1ebd s\u1eed d\u1ee5ng d\u1ecbch v\u1ee5 c\u1ee7a ch\u00fang t\u00f4i. Cam k\u1ebft n\u00e0y s\u1ebd \u0111\u01b0\u1ee3c th\u1ec3 hi\u1ec7n r\u00f5 trong n\u1ed9i dung k\u00ed k\u1ebft. N\u1ebfu sai ph\u1ea1m, ch\u00fang t\u00f4i s\u1ebd b\u1ed3i th\u01b0\u1eddng cho qu\u00fd kh\u00e1ch theo quy \u0111\u1ecbnh c\u1ee7a h\u1ee3p \u0111\u1ed3ng.<\/p>\n<h3 id=\"ftoc-heading-13\" class=\"ftwp-heading\"><strong>7. Th\u1eddi gian h\u1ed7 tr\u1ee3 24\/7 k\u1ec3 c\u1ea3 ng\u00e0y l\u1ec5<\/strong><\/h3>\n<p>Gi\u1ea3i quy\u1ebft th\u00e0nh c\u00f4ng v\u1ea5n \u0111\u1ec1 c\u1ee7a kh\u00e1ch h\u00e0ng ch\u00ednh l\u00e0 s\u1ee9 m\u1ec7nh c\u1ee7a ch\u00fang t\u00f4i! B\u1ea5t c\u1ee9 khi n\u00e0o, b\u1ea5t c\u1ee9 n\u01a1i \u0111\u00e2u, ch\u1ec9 c\u1ea7n b\u1ea1n g\u1ecdi \u0111\u1ebfn hotline c\u1ee7a ch\u00fang t\u00f4i, lu\u00f4n c\u00f3 ng\u01b0\u1eddi l\u1eafng nghe v\u00e0 s\u1eb5n s\u00e0ng ph\u1ee5c v\u1ee5 b\u1ea1n.<\/p>\n<p>N\u1ebfu kh\u00f4ng c\u1ea7n g\u1ea5p, ho\u1eb7c qu\u00fd kh\u00e1ch kh\u00f4ng mu\u1ed1n ra m\u1eb7t th\u00ec b\u1ea1n c\u00f3 th\u1ec3 g\u1eedi mail b\u00e0n b\u1ea1c chi ti\u1ebft c\u00f4ng vi\u1ec7c \u0111\u1ebfn \u0111\u1ecba ch\u1ec9: thamtuthukhoi.vn@gmail.com ho\u1eb7c \u0111\u1ebfn v\u0103n ph\u00f2ng th\u00e1m t\u1eed c\u1ee7a ch\u00fang t\u00f4i \u0111\u1ec3 trao \u0111\u1ed5i tr\u1ef1c ti\u1ebfp. D\u00f9 n\u1eeda \u0111\u00eam hay r\u1ea1ng s\u00e1ng hay m\u01b0a gi\u00f3 b\u00e3o b\u00f9ng, \u0111\u1ed9i ng\u0169 th\u00e1m t\u1eed t\u1ea1i v\u0103n ph\u00f2ng Th\u00e1m T\u1eed Th\u01b0 Kh\u00f4i lu\u00f4n s\u1eb5n s\u00e0ng ph\u1ee5c v\u1ee5 qu\u00fd kh\u00e1ch.<\/p>\n<h2 id=\"ftoc-heading-14\" class=\"ftwp-heading\"><strong>IV. Quy tr\u00ecnh l\u00e0m vi\u1ec7c v\u1edbi c\u00f4ng ty th\u00e1m t\u1eed uy t\u00edn Th\u01b0 Kh\u00f4i<\/strong><\/h2>\n<p>Th\u00e1m t\u1eed Th\u01b0 Kh\u00f4i cung c\u1ea5p d\u1ecbch v\u1ee5 th\u00e1m t\u1eed v\u1edbi m\u1ed9t quy tr\u00ecnh chuy\u00ean nghi\u1ec7p, \u0111\u1ea3m b\u1ea3o uy t\u00edn \u0111\u1ed1i v\u1edbi kh\u00e1ch h\u00e0ng. D\u01b0\u1edbi \u0111\u00e2y l\u00e0 c\u00e1c b\u01b0\u1edbc l\u00e0m vi\u1ec7c.<\/p>\n<h3 id=\"ftoc-heading-15\" class=\"ftwp-heading\"><strong>B\u01b0\u1edbc 1: T\u01b0 v\u1ea5n s\u01a1 b\u1ed9 qua \u0111i\u1ec7n tho\u1ea1i, mail, zalo, facebook<\/strong><\/h3>\n<p>B\u1ea1n g\u1ecdi \u0111i\u1ec7n tho\u1ea1i theo s\u1ed1 hotline tr\u00ean website c\u1ee7a d\u1ecbch v\u1ee5 th\u00e1m t\u1eed Th\u01b0 Kh\u00f4i, \u0111\u1ec3 ch\u00fang t\u00f4i hi\u1ec3u v\u00e0\u00a0 t\u01b0 v\u1ea5n s\u01a1 b\u1ed9 v\u1ea5n \u0111\u1ec1 c\u1ee7a b\u1ea1n.<\/p>\n<p><strong>Hotline<\/strong>: <strong>0907.255.686 &#8211; 0981.776.466<\/strong><\/p>\n<p><strong>Zalo<\/strong>: <strong>0907255686 <\/strong><\/p>\n<p><strong>Mail<\/strong>: thamtuthukhoi.vn@gmail.com<\/p>\n<h3 id=\"ftoc-heading-16\" class=\"ftwp-heading\"><strong>B\u01b0\u1edbc 2: \u0110\u1eb7t l\u1ecbch g\u1eb7p tr\u1ef1c ti\u1ebfp v\u1edbi Th\u00e1m T\u1eed Th\u01b0 Kh\u00f4i<\/strong><\/h3>\n<p>\u0110\u1eb7t l\u1ecbch v\u1edbi d\u1ecbch v\u1ee5 th\u00e1m t\u1eed Th\u01b0 Kh\u00f4i t\u1ea1i v\u0103n ph\u00f2ng ho\u1eb7c \u1edf m\u1ed9t \u0111\u1ecba \u0111i\u1ec3m kh\u00e1c thu\u1eadn ti\u1ec7n cho b\u1ea1n. V\u00ec \u0111\u00e2y l\u00e0 c\u00f4ng vi\u1ec7c \u0111\u1eb7c th\u00f9, n\u00ean th\u1eddi gian h\u1ebft s\u1ee9c linh \u0111\u1ed9ng. B\u1ea1n c\u00f3 th\u1ec3 g\u1eb7p ch\u00fang t\u00f4i trong ho\u1eb7c ngo\u00e0i gi\u1edd h\u00e0nh ch\u00ednh.<\/p>\n<p>\u0110\u1eebng ng\u1ea7n ng\u1ea1i, h\u00e3y g\u1ecdi cho ch\u00fang t\u00f4i khi b\u1ea1n g\u1eb7p v\u1ea5n \u0111\u1ec1 kh\u00f3 kh\u0103n. Ch\u00fang t\u00f4i s\u1eb5n s\u00e0ng l\u1eafng nghe v\u00e0 chia s\u1ebb m\u1ecdi v\u1ea5n \u0111\u1ec1 c\u1ee7a b\u1ea1n cho d\u00f9 b\u1ea1n c\u00f3 l\u00e0 kh\u00e1ch h\u00e0ng c\u1ee7a ch\u00fang t\u00f4i hay kh\u00f4ng.<\/p>\n<h3 id=\"ftoc-heading-17\" class=\"ftwp-heading\"><strong>B\u01b0\u1edbc 3: L\u1ea5y th\u00f4ng tin m\u00e0 kh\u00e1ch h\u00e0ng y\u00eau c\u1ea7u<\/strong><\/h3>\n<p>C\u00e0ng nhi\u1ec1u th\u00f4ng tin s\u1ebd c\u00e0ng gi\u00fap \u00edch cho th\u00e1m t\u1eed Th\u01b0 Kh\u00f4i l\u00e0m t\u1ed1t c\u00f4ng vi\u1ec7c c\u1ee7a m\u00ecnh h\u01a1n. Nh\u01b0ng v\u1ec1 c\u01a1 b\u1ea3n b\u1ea1n s\u1ebd cung c\u1ea5p cho ch\u00fang t\u00f4i nh\u1eefng th\u00f4ng tin sau: H\u1ecd t\u00ean, \u0111\u1eb7c \u0111i\u1ec3m nh\u1eadn d\u1ea1ng (c\u00f3 \u1ea3nh l\u00e0 t\u1ed1t nh\u1ea5t), \u0111\u1ecba ch\u1ec9 nh\u00e0, \u0111\u1ecba ch\u1ec9 c\u01a1 quan, ph\u01b0\u01a1ng ti\u1ec7n, bi\u1ec3n s\u1ed1 xe, l\u1ecbch tr\u00ecnh sinh ho\u1ea1t m\u1ed9t ng\u00e0y ti\u00eau bi\u1ec3u,\u2026<\/p>\n<h3 id=\"ftoc-heading-18\" class=\"ftwp-heading\"><strong>B\u01b0\u1edbc 4: K\u00fd k\u1ebft h\u1ee3p \u0111\u1ed3ng<\/strong><\/h3>\n<p>Sau khi th\u1ed1ng nh\u1ea5t nh\u1eefng c\u00f4ng vi\u1ec7c c\u1ea7n lam. Ch\u00fang ta s\u1ebd c\u00f9ng k\u00fd h\u1ee3p \u0111\u1ed3ng d\u1ecbch v\u1ee5 th\u1ef1c hi\u1ec7n c\u00e1c c\u00f4ng vi\u1ec7c theo y\u00eau c\u1ea7u c\u1ee7a b\u1ea1n. V\u00e0 h\u00e3y nh\u1edb \u0111\u1eb7t c\u1ecdc tr\u01b0\u1edbc 50% gi\u00e1 tr\u1ecb c\u1ee7a h\u1ee3p \u0111\u1ed3ng.<\/p>\n<h3 id=\"ftoc-heading-19\" class=\"ftwp-heading\"><strong>B\u01b0\u1edbc 5: Kh\u1ea3o s\u00e1t \u0111\u1ecba b\u00e0n v\u00e0 l\u00ean ph\u01b0\u01a1ng \u00e1n l\u00e0m vi\u1ec7c<\/strong><\/h3>\n<p>Tr\u1eeb nh\u1eefng tr\u01b0\u1eddng h\u1ee3p kh\u1ea9n c\u1ea5p, th\u00f4ng th\u01b0\u1eddng ch\u00fang t\u00f4i ti\u1ebfn h\u00e0ng kh\u1ea3o s\u00e1t \u0111\u1ecba b\u00e0n tr\u01b0\u1edbc khi ti\u1ebfn h\u00e0nh l\u00e0m vi\u1ec7c.<\/p>\n<h3 id=\"ftoc-heading-20\" class=\"ftwp-heading\"><strong>B\u01b0\u1edbc 6: Nh\u1eadn b\u00e1o c\u00e1o t\u1eeb c\u00e1c th\u00e1m t\u1eed<\/strong><\/h3>\n<p>Ti\u1ebfn h\u00e0nh c\u00f4ng vi\u1ec7c, b\u1ea1n s\u1ebd nh\u1eadn \u0111\u01b0\u1ee3c th\u00f4ng tin tr\u1ef1c ti\u1ebfp t\u1eeb c\u00e1c th\u00e1m t\u1eed b\u1eb1ng \u0111i\u1ec7n tho\u1ea1i, tin nh\u1eafn, email, h\u00ecnh \u1ea3nh,\u2026 V\u00ec ch\u00fang t\u00f4i b\u00e1o c\u00e1o theo th\u1eddi gian th\u1ef1c, n\u00ean b\u1ea1n c\u00f3 th\u1ec3 d\u1ec5 d\u00e0ng ki\u1ec3m ch\u1ee9ng th\u00f4ng tin. \u0110\u1ea3m b\u1ea3o m\u1ecdi th\u00f4ng tin \u0111\u1ebfn v\u1edbi b\u1ea1n lu\u00f4n trung th\u1ef1c, kh\u00e1ch quan, k\u1ecbp th\u1eddi v\u00e0 minh b\u1ea1ch.<\/p>\n<h3 id=\"ftoc-heading-21\" class=\"ftwp-heading\"><strong>B\u01b0\u1edbc 7: K\u1ebft th\u00fac c\u00f4ng vi\u1ec7c v\u00e0 thanh l\u00fd h\u1ee3p \u0111\u1ed3ng<\/strong><\/h3>\n<p>Ch\u00fang t\u00f4i b\u00e0n giao cho b\u1ea1n to\u00e0n b\u1ed9 h\u00ecnh \u1ea3nh, video,\u2026 Sau khi b\u00e0n giao, m\u1ecdi t\u00e0i li\u1ec7u li\u00ean quan \u0111\u1ebfn c\u00f4ng vi\u1ec7c c\u1ee7a b\u1ea1n s\u1ebd \u0111\u01b0\u1ee3c x\u00f3a b\u1ecf ho\u00e0n to\u00e0n.<\/p>\n<p>Th\u00e1m t\u1eed Th\u01b0 Kh\u00f4i r\u1ea5t hi v\u1ecdng \u0111\u01b0\u1ee3c gi\u00fap qu\u00fd kh\u00e1ch t\u00ecm ra s\u1ef1 th\u1eadt!<\/p>\n<blockquote>\n<p><em>\u0110\u1ec3 tr\u00e1nh l\u00e0m m\u1ea5t th\u1eddi gian c\u1ee7a Qu\u00fd Kh\u00e1ch H\u00e0ng. Qu\u00fd kh\u00e1ch vui l\u00f2ng g\u1ecdi \u0111i\u1ec7n tr\u01b0\u1edbc khi \u0111\u1ebfn v\u0103n ph\u00f2ng ho\u1eb7c \u0111\u1eb7t l\u1ecbch h\u1eb9n \u0111\u1ec3 bu\u1ed5i l\u00e0m vi\u1ec7c chuy\u00ean nghi\u1ec7p hi\u1ec7u qu\u1ea3 h\u01a1n.<\/em><\/p>\n<\/blockquote>\n","protected":false},"excerpt":{"rendered":"<p>C\u00f4ng Ty Th\u00e1m T\u1eed Uy T\u00edn T\u1ea1i TP. H\u1ed3 Ch\u00ed Minh C\u00f3 ph\u1ea3i b\u1ea1n \u0111ang ki\u1ebfm t\u00ecm m\u1ed9t c\u00f4ng ty cung c\u1ea5p d\u1ecbch v\u1ee5 th\u00e1m t\u1eed chuy\u00ean nghi\u1ec7p v\u00e0 uy t\u00edn? Th\u1ebf nh\u01b0ng, gi\u1eefa h\u00e0ng ch\u1ee5c, h\u00e0ng tr\u0103m c\u00f4ng ty cung c\u1ea5p d\u1ecbch v\u1ee5, l\u00e0m sao \u0111\u1ec3 ch\u1ecdn \u0111\u01b0\u1ee3c c\u00f4ng ty th\u00e1m t\u1eed th\u1eadt s\u1ef1 &#8230;<\/p>\n","protected":false},"author":1,"featured_media":0,"parent":0,"menu_order":0,"comment_status":"closed","ping_status":"closed","template":"page-right-sidebar.php","meta":[],"_links":{"self":[{"href":"https:\/\/webmaibinh.com\/w\/thamtu2011\/wp-json\/wp\/v2\/pages\/38"}],"collection":[{"href":"https:\/\/webmaibinh.com\/w\/thamtu2011\/wp-json\/wp\/v2\/pages"}],"about":[{"href":"https:\/\/webmaibinh.com\/w\/thamtu2011\/wp-json\/wp\/v2\/types\/page"}],"author":[{"embeddable":true,"href":"https:\/\/webmaibinh.com\/w\/thamtu2011\/wp-json\/wp\/v2\/users\/1"}],"replies":[{"embeddable":true,"href":"https:\/\/webmaibinh.com\/w\/thamtu2011\/wp-json\/wp\/v2\/comments?post=38"}],"version-history":[{"count":5,"href":"https:\/\/webmaibinh.com\/w\/thamtu2011\/wp-json\/wp\/v2\/pages\/38\/revisions"}],"predecessor-version":[{"id":901,"href":"https:\/\/webmaibinh.com\/w\/thamtu2011\/wp-json\/wp\/v2\/pages\/38\/revisions\/901"}],"wp:attachment":[{"href":"https:\/\/webmaibinh.com\/w\/thamtu2011\/wp-json\/wp\/v2\/media?parent=38"}],"curies":[{"name":"wp","href":"https:\/\/api.w.org\/{rel}","templated":true}]}}