{"id":55,"date":"2019-09-17T13:51:30","date_gmt":"2019-09-17T06:51:30","guid":{"rendered":"http:\/\/sukien6.w2steam.com\/?page_id=55"},"modified":"2019-09-18T14:16:08","modified_gmt":"2019-09-18T07:16:08","slug":"tieu-chi-danh-gia","status":"publish","type":"page","link":"https:\/\/webmaibinh.com\/w\/sukien32011\/gioi-thieu\/tieu-chi-danh-gia\/","title":{"rendered":"Ti\u00eau ch\u00ed \u0111\u00e1nh gi\u00e1"},"content":{"rendered":"\t<div class=\"box has-hover  hide-for-small has-hover box-overlay dark box-text-middle\" >\n\n\t\t<div class=\"box-image\" >\n\t\t\t\t\t\t<div class=\"\" >\n\t\t\t\t<img width=\"1366\" height=\"374\" src=\"https:\/\/webmaibinh.com\/w\/sukien32011\/wp-content\/uploads\/2019\/09\/banner-dt.jpg\" class=\"attachment-original size-original\" alt=\"\" loading=\"lazy\" srcset=\"https:\/\/webmaibinh.com\/w\/sukien32011\/wp-content\/uploads\/2019\/09\/banner-dt.jpg 1366w, https:\/\/webmaibinh.com\/w\/sukien32011\/wp-content\/uploads\/2019\/09\/banner-dt-300x82.jpg 300w, https:\/\/webmaibinh.com\/w\/sukien32011\/wp-content\/uploads\/2019\/09\/banner-dt-768x210.jpg 768w, https:\/\/webmaibinh.com\/w\/sukien32011\/wp-content\/uploads\/2019\/09\/banner-dt-1024x280.jpg 1024w\" sizes=\"(max-width: 1366px) 100vw, 1366px\" \/>\t\t\t\t<div class=\"overlay\" style=\"background-color:1\"><\/div>\t\t\t\t\t\t\t<\/div>\n\t\t\t\t\t<\/div>\n\n\t\t<div class=\"box-text text-center\" >\n\t\t\t<div class=\"box-text-inner\">\n\t\t\t\t\n<div class=\"row\"  id=\"row-324197976\">\n\n\t<div class=\"col small-12 large-12\"  >\n\t\t<div class=\"col-inner\"  >\n\t\t\t\n\t\t\t\n<div class=\"container section-title-container\" ><h2 class=\"section-title section-title-center\"><b><\/b><span class=\"section-title-main\" style=\"color:rgb(255, 255, 255);\">Gi\u1edbi thi\u1ec7u<\/span><b><\/b><\/h2><\/div>\n\t<div id=\"gap-1549701017\" class=\"gap-element clearfix\" style=\"display:block; height:auto;\">\n\t\t\n<style scope=\"scope\">\n\n#gap-1549701017 {\n  padding-top: 15px;\n}\n<\/style>\n\t<\/div>\n\t\n<div class=\"row row-small\"  id=\"row-1696735467\">\n\n\t<div class=\"col hide-for-small medium-3 small-6 large-3\"  >\n\t\t<div class=\"col-inner\"  >\n\t\t\t\n\t\t\t\n\t\t<\/div>\n\t<\/div>\n\n\t\n\n\t<div class=\"col medium-3 small-6 large-3\"  >\n\t\t<div class=\"col-inner\"  >\n\t\t\t\n\t\t\t\n<a href=\"\/gioi-thieu\/ve-aaa\/\" target=\"_self\" class=\"button secondary is-outline is-larger expand nut-xem-them\"  style=\"border-radius:99px;\">\n    <span>V\u1ec1 AAA<\/span>\n  <\/a>\n\n\t\t<\/div>\n\t<\/div>\n\n\t\n\n\t<div class=\"col medium-3 small-6 large-3\"  >\n\t\t<div class=\"col-inner\"  >\n\t\t\t\n\t\t\t\n<a href=\"\/gioi-thieu\/tieu-chi-danh-gia\/\" target=\"_self\" class=\"button primary is-larger expand nut-xem-them\"  style=\"border-radius:99px;\">\n    <span>Ti\u00eau ch\u00ed \u0111\u00e1nh gi\u00e1<\/span>\n  <\/a>\n\n\t\t<\/div>\n\t<\/div>\n\n\t\n\n\t<div class=\"col hide-for-small medium-3 small-6 large-3\"  >\n\t\t<div class=\"col-inner\"  >\n\t\t\t\n\t\t\t\n\t\t<\/div>\n\t<\/div>\n\n\t\n\n<style scope=\"scope\">\n\n<\/style>\n<\/div>\n\t\t<\/div>\n\t<\/div>\n\n\t\n<\/div>\n\t\t\t<\/div>\n\t\t<\/div>\n\t<\/div>\n\t\n\t<div class=\"box has-hover  show-for-small has-hover box-overlay dark box-text-middle\" >\n\n\t\t<div class=\"box-image\" >\n\t\t\t\t\t\t<div class=\"image-cover\" style=\"padding-top:145%;\">\n\t\t\t\t<img width=\"1366\" height=\"374\" src=\"https:\/\/webmaibinh.com\/w\/sukien32011\/wp-content\/uploads\/2019\/09\/banner-dt.jpg\" class=\"attachment-original size-original\" alt=\"\" loading=\"lazy\" srcset=\"https:\/\/webmaibinh.com\/w\/sukien32011\/wp-content\/uploads\/2019\/09\/banner-dt.jpg 1366w, https:\/\/webmaibinh.com\/w\/sukien32011\/wp-content\/uploads\/2019\/09\/banner-dt-300x82.jpg 300w, https:\/\/webmaibinh.com\/w\/sukien32011\/wp-content\/uploads\/2019\/09\/banner-dt-768x210.jpg 768w, https:\/\/webmaibinh.com\/w\/sukien32011\/wp-content\/uploads\/2019\/09\/banner-dt-1024x280.jpg 1024w\" sizes=\"(max-width: 1366px) 100vw, 1366px\" \/>\t\t\t\t<div class=\"overlay\" style=\"background-color:1\"><\/div>\t\t\t\t\t\t\t<\/div>\n\t\t\t\t\t<\/div>\n\n\t\t<div class=\"box-text text-center\" >\n\t\t\t<div class=\"box-text-inner\">\n\t\t\t\t\n<div class=\"row\"  id=\"row-1846707512\">\n\n\t<div class=\"col small-12 large-12\"  >\n\t\t<div class=\"col-inner\"  >\n\t\t\t\n\t\t\t\n<div class=\"container section-title-container\" ><h2 class=\"section-title section-title-center\"><b><\/b><span class=\"section-title-main\" style=\"color:rgb(255, 255, 255);\">Gi\u1edbi thi\u1ec7u<\/span><b><\/b><\/h2><\/div>\n\t<div id=\"gap-1876695656\" class=\"gap-element clearfix\" style=\"display:block; height:auto;\">\n\t\t\n<style scope=\"scope\">\n\n#gap-1876695656 {\n  padding-top: 15px;\n}\n<\/style>\n\t<\/div>\n\t\n<a href=\"\/gioi-thieu\/ve-aaa\/\" target=\"_self\" class=\"button secondary is-outline is-larger expand nut-xem-them\"  style=\"border-radius:99px;\">\n    <span>V\u1ec1 AAA<\/span>\n  <\/a>\n\n\t<div id=\"gap-1156849132\" class=\"gap-element clearfix\" style=\"display:block; height:auto;\">\n\t\t\n<style scope=\"scope\">\n\n#gap-1156849132 {\n  padding-top: 15px;\n}\n<\/style>\n\t<\/div>\n\t\n<a href=\"\/gioi-thieu\/tieu-chi-danh-gia\/\" target=\"_self\" class=\"button primary is-larger expand nut-xem-them\"  style=\"border-radius:99px;\">\n    <span>Ti\u00eau ch\u00ed \u0111\u00e1nh gi\u00e1<\/span>\n  <\/a>\n\n\t\t<\/div>\n\t<\/div>\n\n\t\n<\/div>\n\t\t\t<\/div>\n\t\t<\/div>\n\t<\/div>\n\t\n\t<section class=\"section\" id=\"section_99531198\">\n\t\t<div class=\"bg section-bg fill bg-fill  bg-loaded\" >\n\n\t\t\t\n\t\t\t\n\t\t\t\n\n\t\t<\/div>\n\n\t\t<div class=\"section-content relative\">\n\t\t\t\n<div class=\"row\"  id=\"row-907921675\">\n\n\t<div class=\"col small-12 large-12\"  >\n\t\t<div class=\"col-inner\"  >\n\t\t\t\n\t\t\t\n\t<div class=\"img has-hover x md-x lg-x y md-y lg-y\" id=\"image_1581631187\">\n\t\t\t\t\t\t\t\t<div class=\"img-inner dark\" >\n\t\t\t<img width=\"1240\" height=\"1754\" src=\"https:\/\/webmaibinh.com\/w\/sukien32011\/wp-content\/uploads\/2019\/09\/qGcELoT.jpg\" class=\"attachment-original size-original\" alt=\"\" loading=\"lazy\" srcset=\"https:\/\/webmaibinh.com\/w\/sukien32011\/wp-content\/uploads\/2019\/09\/qGcELoT.jpg 1240w, https:\/\/webmaibinh.com\/w\/sukien32011\/wp-content\/uploads\/2019\/09\/qGcELoT-212x300.jpg 212w, https:\/\/webmaibinh.com\/w\/sukien32011\/wp-content\/uploads\/2019\/09\/qGcELoT-768x1086.jpg 768w, https:\/\/webmaibinh.com\/w\/sukien32011\/wp-content\/uploads\/2019\/09\/qGcELoT-724x1024.jpg 724w\" sizes=\"(max-width: 1240px) 100vw, 1240px\" \/>\t\t\t\t\t\t\n\t\t\t\t\t<\/div>\n\t\t\t\t\t\t\t\t\n<style scope=\"scope\">\n\n#image_1581631187 {\n  width: 100%;\n}\n<\/style>\n\t<\/div>\n\t\n\t\t<\/div>\n\t<\/div>\n\n\t\n<\/div>\n\t\t<\/div>\n\n\t\t\n<style scope=\"scope\">\n\n#section_99531198 {\n  padding-top: 30px;\n  padding-bottom: 30px;\n  background-color: rgb(237, 235, 251);\n}\n<\/style>\n\t<\/section>\n\t\n","protected":false},"excerpt":{"rendered":"","protected":false},"author":1,"featured_media":0,"parent":51,"menu_order":0,"comment_status":"closed","ping_status":"closed","template":"page-transparent-header.php","meta":[],"_links":{"self":[{"href":"https:\/\/webmaibinh.com\/w\/sukien32011\/wp-json\/wp\/v2\/pages\/55"}],"collection":[{"href":"https:\/\/webmaibinh.com\/w\/sukien32011\/wp-json\/wp\/v2\/pages"}],"about":[{"href":"https:\/\/webmaibinh.com\/w\/sukien32011\/wp-json\/wp\/v2\/types\/page"}],"author":[{"embeddable":true,"href":"https:\/\/webmaibinh.com\/w\/sukien32011\/wp-json\/wp\/v2\/users\/1"}],"replies":[{"embeddable":true,"href":"https:\/\/webmaibinh.com\/w\/sukien32011\/wp-json\/wp\/v2\/comments?post=55"}],"version-history":[{"count":0,"href":"https:\/\/webmaibinh.com\/w\/sukien32011\/wp-json\/wp\/v2\/pages\/55\/revisions"}],"up":[{"embeddable":true,"href":"https:\/\/webmaibinh.com\/w\/sukien32011\/wp-json\/wp\/v2\/pages\/51"}],"wp:attachment":[{"href":"https:\/\/webmaibinh.com\/w\/sukien32011\/wp-json\/wp\/v2\/media?parent=55"}],"curies":[{"name":"wp","href":"https:\/\/api.w.org\/{rel}","templated":true}]}}