{"id":55,"date":"2019-07-06T16:45:12","date_gmt":"2019-07-06T09:45:12","guid":{"rendered":"https:\/\/spa3.khowebseotop.vn\/?page_id=55"},"modified":"2019-07-07T15:37:28","modified_gmt":"2019-07-07T08:37:28","slug":"bang-gia-cham-soc-da-chuyen-sau","status":"publish","type":"page","link":"https:\/\/webmaibinh.com\/w\/spa32011\/bang-gia\/bang-gia-cham-soc-da-chuyen-sau\/","title":{"rendered":"B\u1ea3ng gi\u00e1 ch\u0103m s\u00f3c da chuy\u00ean s\u00e2u"},"content":{"rendered":"<table style=\"font-size: 14.4px;\">\n<tbody>\n<tr>\n<th><span style=\"color: #ffd700; font-family: tahoma, geneva, sans-serif;\">T\u00caN D\u1ecaCH V\u1ee4<\/span><\/th>\n<th>GI\u00c1 G\u1ed0C<\/th>\n<\/tr>\n<tr>\n<td><span style=\"font-family: tahoma, geneva, sans-serif;\">Tr\u1ebb h\u00f3a da v\u1edbi c\u00f4ng ngh\u1ec7 Oxy Jet<\/span><\/td>\n<td>700.000 vn\u0111<\/td>\n<\/tr>\n<tr>\n<td>Tr\u1ebb h\u00f3a da v\u1edbi c\u00f4ng ngh\u1ec7 New E-Light<\/td>\n<td>800.000 vn\u0111<\/td>\n<\/tr>\n<tr>\n<td>Tr\u1ecb li\u1ec7u da v\u1edbi c\u00f4ng ngh\u1ec7 Hya Luronic<\/td>\n<td>800.000 vn\u0111<\/td>\n<\/tr>\n<tr>\n<td>Tr\u1ecb li\u1ec7u ph\u1ee5c h\u1ed3i da h\u01b0 t\u1ed5n<\/td>\n<td>1.000.000 vn\u0111<\/td>\n<\/tr>\n<tr>\n<td>Tr\u1ecb li\u1ec7u v\u1edbi t\u1ebf b\u00e0o g\u1ed1c EGF<\/td>\n<td>1.200.000 vn\u0111<\/td>\n<\/tr>\n<tr>\n<td>Tr\u1ecb li\u1ec7u chuy\u00ean s\u00e2u da m\u1eabn c\u1ea3m<\/td>\n<td>1.200.000 vn\u0111<\/td>\n<\/tr>\n<tr>\n<td><span style=\"font-family: tahoma, geneva, sans-serif;\">Phi kim tr\u1eafng da v\u1edbi serum C<\/span><\/td>\n<td>1.000.000 vn\u0111<\/td>\n<\/tr>\n<tr>\n<td><span style=\"font-family: tahoma, geneva, sans-serif;\">\u0110i\u1ec7n di v\u1edbi Serum C<\/span><\/td>\n<td>700.000 vn\u0111<\/td>\n<\/tr>\n<\/tbody>\n<\/table>\n","protected":false},"excerpt":{"rendered":"<p>T\u00caN D\u1ecaCH V\u1ee4 GI\u00c1 G\u1ed0C Tr\u1ebb h\u00f3a da v\u1edbi c\u00f4ng ngh\u1ec7 Oxy Jet 700.000 vn\u0111 Tr\u1ebb h\u00f3a da v\u1edbi c\u00f4ng ngh\u1ec7 New E-Light 800.000 vn\u0111 Tr\u1ecb li\u1ec7u da v\u1edbi c\u00f4ng ngh\u1ec7 Hya Luronic 800.000 vn\u0111 Tr\u1ecb li\u1ec7u ph\u1ee5c h\u1ed3i da h\u01b0 t\u1ed5n 1.000.000 vn\u0111 Tr\u1ecb li\u1ec7u v\u1edbi t\u1ebf b\u00e0o g\u1ed1c EGF 1.200.000 vn\u0111 Tr\u1ecb li\u1ec7u &#8230;<\/p>\n","protected":false},"author":2,"featured_media":400,"parent":41,"menu_order":0,"comment_status":"closed","ping_status":"closed","template":"page-right-sidebar.php","meta":[],"_links":{"self":[{"href":"https:\/\/webmaibinh.com\/w\/spa32011\/wp-json\/wp\/v2\/pages\/55"}],"collection":[{"href":"https:\/\/webmaibinh.com\/w\/spa32011\/wp-json\/wp\/v2\/pages"}],"about":[{"href":"https:\/\/webmaibinh.com\/w\/spa32011\/wp-json\/wp\/v2\/types\/page"}],"author":[{"embeddable":true,"href":"https:\/\/webmaibinh.com\/w\/spa32011\/wp-json\/wp\/v2\/users\/2"}],"replies":[{"embeddable":true,"href":"https:\/\/webmaibinh.com\/w\/spa32011\/wp-json\/wp\/v2\/comments?post=55"}],"version-history":[{"count":0,"href":"https:\/\/webmaibinh.com\/w\/spa32011\/wp-json\/wp\/v2\/pages\/55\/revisions"}],"up":[{"embeddable":true,"href":"https:\/\/webmaibinh.com\/w\/spa32011\/wp-json\/wp\/v2\/pages\/41"}],"wp:featuredmedia":[{"embeddable":true,"href":"https:\/\/webmaibinh.com\/w\/spa32011\/wp-json\/wp\/v2\/media\/400"}],"wp:attachment":[{"href":"https:\/\/webmaibinh.com\/w\/spa32011\/wp-json\/wp\/v2\/media?parent=55"}],"curies":[{"name":"wp","href":"https:\/\/api.w.org\/{rel}","templated":true}]}}