{"id":43,"date":"2019-07-06T16:44:06","date_gmt":"2019-07-06T09:44:06","guid":{"rendered":"https:\/\/spa3.khowebseotop.vn\/?page_id=43"},"modified":"2019-07-07T15:27:23","modified_gmt":"2019-07-07T08:27:23","slug":"bang-gia-tri-mun","status":"publish","type":"page","link":"https:\/\/webmaibinh.com\/w\/spa32011\/bang-gia\/bang-gia-tri-mun\/","title":{"rendered":"B\u1ea3ng gi\u00e1 tr\u1ecb m\u1ee5n"},"content":{"rendered":"<table style=\"font-size: 14.4px;\">\n<tbody>\n<tr>\n<th><span style=\"color: #ffd700;\">T\u00caN D\u1ecaCH V\u1ee4<\/span><\/th>\n<th>GI\u00c1 G\u1ed0C<\/th>\n<\/tr>\n<tr>\n<td>Tr\u1ecb m\u1ee5n se kh\u00edt l\u1ed7 ch\u00e2n l\u00f4ng b\u1eb1ng c\u00f4ng ngh\u1ec7 Blue Light<\/td>\n<td>1.500.000 vn\u0111<\/td>\n<\/tr>\n<tr>\n<td>Tr\u1ecb m\u1ee5n gi\u1ea3m th\u00e2m c\u00f4ng ngh\u1ec7 Green Laser<\/td>\n<td>1.500.000 vn\u0111<\/td>\n<\/tr>\n<tr>\n<td>Tr\u1ecb m\u1ee5n 3D (Tr\u1ecb m\u1ee5n &#8211; M\u1edd Th\u00e2m &#8211; Se kh\u00edt l\u1ed7 ch\u00e2n l\u00f4ng)<\/td>\n<td>1.800.000 vn\u0111<\/td>\n<\/tr>\n<tr>\n<td>Tr\u1ecb m\u1ee5n c\u00f4ng ngh\u1ec7 Nano Skin<\/td>\n<td>1.200.000 vn\u0111<\/td>\n<\/tr>\n<\/tbody>\n<\/table>\n<p><strong>B\u1ea2NG GI\u00c1\u00a0\u0110I\u1ec0U TR\u1eca M\u1ee4N L\u01afNG T\u1ea0I BERYL BEAUTY<\/strong><\/p>\n<table>\n<tbody>\n<tr>\n<th>T\u00caN D\u1ecaCH V\u1ee4<\/th>\n<th>GI\u00c1 G\u1ed0C<\/th>\n<\/tr>\n<tr>\n<td>Tr\u1ecb m\u1ee5n nguy\u00ean l\u01b0ng b\u1eb1ng c\u00f4ng ngh\u1ec7 Blue Light<\/td>\n<td>15.000.000 vn\u0111<\/td>\n<\/tr>\n<tr>\n<td>Tr\u1ecb m\u1ee5n n\u1eefa l\u01b0ng b\u1eb1ng c\u00f4ng ngh\u1ec7 Blue Light<\/td>\n<td>\u00a05.000.000 vn\u0111<\/td>\n<\/tr>\n<\/tbody>\n<\/table>\n<p><strong>B\u1ea2NG GI\u00c1\u00a0\u0110I\u1ec0U TR\u1eca M\u1ee4N TH\u1ecaT B\u1eb0NG C\u00d4NG NGH\u1ec6 LASER CO2 T\u1ea0I BERYL BEAUTY<\/strong><\/p>\n<table>\n<tbody>\n<tr>\n<th><strong>T\u00caN D\u1ecaCH V\u1ee4<\/strong><\/th>\n<th>GI\u00c1 G\u1ed0C<\/th>\n<\/tr>\n<tr>\n<td>Tr\u1ecb m\u1ee5n th\u1ecbt v\u00f9ng m\u1eaft<\/td>\n<td>2.000.000 vn\u0111<\/td>\n<\/tr>\n<tr>\n<td>Tr\u1ecb m\u1ee5n th\u1ecbt v\u00f9ng c\u1ed5<\/td>\n<td>1.500.000 vn\u0111<\/td>\n<\/tr>\n<tr>\n<td>Tr\u1ecb m\u1ee5n th\u1ecbt nguy\u00ean m\u1eb7t<\/td>\n<td>4.000.000 vn\u0111<\/td>\n<\/tr>\n<tr>\n<td>Tr\u1ecb m\u1ee5n th\u1ecbt nguy\u00ean m\u1eb7t v\u00e0 c\u1ed5<\/td>\n<td>3.000.000 vn\u0111<\/td>\n<\/tr>\n<tr>\n<td>Tr\u1ecb m\u1ee5n th\u1ecbt v\u00f9ng ng\u1ef1c<\/td>\n<td>3.000.000 vn\u0111<\/td>\n<\/tr>\n<tr>\n<td>Tr\u1ecb m\u1ee5n th\u1ecbt v\u00f9ng l\u01b0ng<\/td>\n<td>4.000.000 vn\u0111<\/td>\n<\/tr>\n<tr>\n<td>D\u01b0\u1edbi 10 n\u1ed1t ( t\u00ednh theo n\u1ed1t )<\/td>\n<td>200.000 vn\u0111<\/td>\n<\/tr>\n<\/tbody>\n<\/table>\n","protected":false},"excerpt":{"rendered":"<p>T\u00caN D\u1ecaCH V\u1ee4 GI\u00c1 G\u1ed0C Tr\u1ecb m\u1ee5n se kh\u00edt l\u1ed7 ch\u00e2n l\u00f4ng b\u1eb1ng c\u00f4ng ngh\u1ec7 Blue Light 1.500.000 vn\u0111 Tr\u1ecb m\u1ee5n gi\u1ea3m th\u00e2m c\u00f4ng ngh\u1ec7 Green Laser 1.500.000 vn\u0111 Tr\u1ecb m\u1ee5n 3D (Tr\u1ecb m\u1ee5n &#8211; M\u1edd Th\u00e2m &#8211; Se kh\u00edt l\u1ed7 ch\u00e2n l\u00f4ng) 1.800.000 vn\u0111 Tr\u1ecb m\u1ee5n c\u00f4ng ngh\u1ec7 Nano Skin 1.200.000 vn\u0111 B\u1ea2NG GI\u00c1\u00a0\u0110I\u1ec0U &#8230;<\/p>\n","protected":false},"author":2,"featured_media":553,"parent":41,"menu_order":0,"comment_status":"closed","ping_status":"closed","template":"page-right-sidebar.php","meta":[],"_links":{"self":[{"href":"https:\/\/webmaibinh.com\/w\/spa32011\/wp-json\/wp\/v2\/pages\/43"}],"collection":[{"href":"https:\/\/webmaibinh.com\/w\/spa32011\/wp-json\/wp\/v2\/pages"}],"about":[{"href":"https:\/\/webmaibinh.com\/w\/spa32011\/wp-json\/wp\/v2\/types\/page"}],"author":[{"embeddable":true,"href":"https:\/\/webmaibinh.com\/w\/spa32011\/wp-json\/wp\/v2\/users\/2"}],"replies":[{"embeddable":true,"href":"https:\/\/webmaibinh.com\/w\/spa32011\/wp-json\/wp\/v2\/comments?post=43"}],"version-history":[{"count":0,"href":"https:\/\/webmaibinh.com\/w\/spa32011\/wp-json\/wp\/v2\/pages\/43\/revisions"}],"up":[{"embeddable":true,"href":"https:\/\/webmaibinh.com\/w\/spa32011\/wp-json\/wp\/v2\/pages\/41"}],"wp:featuredmedia":[{"embeddable":true,"href":"https:\/\/webmaibinh.com\/w\/spa32011\/wp-json\/wp\/v2\/media\/553"}],"wp:attachment":[{"href":"https:\/\/webmaibinh.com\/w\/spa32011\/wp-json\/wp\/v2\/media?parent=43"}],"curies":[{"name":"wp","href":"https:\/\/api.w.org\/{rel}","templated":true}]}}