{"id":41,"date":"2019-07-06T16:43:52","date_gmt":"2019-07-06T09:43:52","guid":{"rendered":"https:\/\/spa3.khowebseotop.vn\/?page_id=41"},"modified":"2019-07-07T16:10:33","modified_gmt":"2019-07-07T09:10:33","slug":"bang-gia","status":"publish","type":"page","link":"https:\/\/webmaibinh.com\/w\/spa32011\/bang-gia\/","title":{"rendered":"B\u1ea3ng gi\u00e1"},"content":{"rendered":"\n  \n    <div class=\"row list-page large-columns-3 medium-columns- small-columns-2 row-small\">\n          <div class=\"page-col col\" >\n          <div class=\"col-inner\" style=\"border-radius:4%;\">\n          <a class=\"plain\" href=\"https:\/\/webmaibinh.com\/w\/spa32011\/bang-gia\/bang-gia-tri-mun\/\" title=\"B\u1ea3ng gi\u00e1 tr\u1ecb m\u1ee5n\" target=\"\">\n            <div class=\"page-box box has-hover box-badge hover-dark\">\n                  <div class=\"box-image\" style=\"border-radius:4%;\">\n                      <div class=\"box-image image-zoom image-cover\" style=\"padding-top:65%;\">\n                      <img width=\"640\" height=\"400\" src=\"https:\/\/webmaibinh.com\/w\/spa32011\/wp-content\/uploads\/2019\/07\/cach-tri-tham-mun-hieu-qua-2.jpg\" class=\"attachment-original size-original\" alt=\"\" loading=\"lazy\" srcset=\"https:\/\/webmaibinh.com\/w\/spa32011\/wp-content\/uploads\/2019\/07\/cach-tri-tham-mun-hieu-qua-2.jpg 640w, https:\/\/webmaibinh.com\/w\/spa32011\/wp-content\/uploads\/2019\/07\/cach-tri-tham-mun-hieu-qua-2-300x188.jpg 300w\" sizes=\"(max-width: 640px) 100vw, 640px\" \/>                      <\/div>\n                                                              <\/div>\n                  <div class=\"box-text text-center is-large\" style=\"background-color:rgba(250, 175, 11, 0.87);\">\n                        <div class=\"box-text-inner\">\n                            <p>B\u1ea3ng gi\u00e1 tr\u1ecb m\u1ee5n<\/p>\n                        <\/div>\n                  <\/div>\n              <\/div>\n            <\/a>\n            <\/div>\n          <\/div>\n                 <div class=\"page-col col\" >\n          <div class=\"col-inner\" style=\"border-radius:4%;\">\n          <a class=\"plain\" href=\"https:\/\/webmaibinh.com\/w\/spa32011\/bang-gia\/bang-gia-tri-tham\/\" title=\"B\u1ea3ng gi\u00e1 tr\u1ecb th\u00e2m\" target=\"\">\n            <div class=\"page-box box has-hover box-badge hover-dark\">\n                  <div class=\"box-image\" style=\"border-radius:4%;\">\n                      <div class=\"box-image image-zoom image-cover\" style=\"padding-top:65%;\">\n                      <img width=\"640\" height=\"400\" src=\"https:\/\/webmaibinh.com\/w\/spa32011\/wp-content\/uploads\/2019\/07\/cach-tri-tham-mun-hieu-qua-2.jpg\" class=\"attachment-original size-original\" alt=\"\" loading=\"lazy\" srcset=\"https:\/\/webmaibinh.com\/w\/spa32011\/wp-content\/uploads\/2019\/07\/cach-tri-tham-mun-hieu-qua-2.jpg 640w, https:\/\/webmaibinh.com\/w\/spa32011\/wp-content\/uploads\/2019\/07\/cach-tri-tham-mun-hieu-qua-2-300x188.jpg 300w\" sizes=\"(max-width: 640px) 100vw, 640px\" \/>                      <\/div>\n                                                              <\/div>\n                  <div class=\"box-text text-center is-large\" style=\"background-color:rgba(250, 175, 11, 0.87);\">\n                        <div class=\"box-text-inner\">\n                            <p>B\u1ea3ng gi\u00e1 tr\u1ecb th\u00e2m<\/p>\n                        <\/div>\n                  <\/div>\n              <\/div>\n            <\/a>\n            <\/div>\n          <\/div>\n                 <div class=\"page-col col\" >\n          <div class=\"col-inner\" style=\"border-radius:4%;\">\n          <a class=\"plain\" href=\"https:\/\/webmaibinh.com\/w\/spa32011\/bang-gia\/bang-gia-giam-beo\/\" title=\"B\u1ea3ng gi\u00e1 gi\u1ea3m b\u00e9o\" target=\"\">\n            <div class=\"page-box box has-hover box-badge hover-dark\">\n                  <div class=\"box-image\" style=\"border-radius:4%;\">\n                      <div class=\"box-image image-zoom image-cover\" style=\"padding-top:65%;\">\n                      <img width=\"600\" height=\"500\" src=\"https:\/\/webmaibinh.com\/w\/spa32011\/wp-content\/uploads\/2019\/07\/Bath-House-Arlington-Spa_girls.jpg\" class=\"attachment-original size-original\" alt=\"\" loading=\"lazy\" srcset=\"https:\/\/webmaibinh.com\/w\/spa32011\/wp-content\/uploads\/2019\/07\/Bath-House-Arlington-Spa_girls.jpg 600w, https:\/\/webmaibinh.com\/w\/spa32011\/wp-content\/uploads\/2019\/07\/Bath-House-Arlington-Spa_girls-300x250.jpg 300w\" sizes=\"(max-width: 600px) 100vw, 600px\" \/>                      <\/div>\n                                                              <\/div>\n                  <div class=\"box-text text-center is-large\" style=\"background-color:rgba(250, 175, 11, 0.87);\">\n                        <div class=\"box-text-inner\">\n                            <p>B\u1ea3ng gi\u00e1 gi\u1ea3m b\u00e9o<\/p>\n                        <\/div>\n                  <\/div>\n              <\/div>\n            <\/a>\n            <\/div>\n          <\/div>\n                 <div class=\"page-col col\" >\n          <div class=\"col-inner\" style=\"border-radius:4%;\">\n          <a class=\"plain\" href=\"https:\/\/webmaibinh.com\/w\/spa32011\/bang-gia\/bang-gia-tam-trang\/\" title=\"B\u1ea3ng gi\u00e1 t\u1eafm tr\u1eafng\" target=\"\">\n            <div class=\"page-box box has-hover box-badge hover-dark\">\n                  <div class=\"box-image\" style=\"border-radius:4%;\">\n                      <div class=\"box-image image-zoom image-cover\" style=\"padding-top:65%;\">\n                      <img width=\"1000\" height=\"643\" src=\"https:\/\/webmaibinh.com\/w\/spa32011\/wp-content\/uploads\/2019\/07\/d565e1490a08e356ba19.jpg\" class=\"attachment-original size-original\" alt=\"\" loading=\"lazy\" srcset=\"https:\/\/webmaibinh.com\/w\/spa32011\/wp-content\/uploads\/2019\/07\/d565e1490a08e356ba19.jpg 1000w, https:\/\/webmaibinh.com\/w\/spa32011\/wp-content\/uploads\/2019\/07\/d565e1490a08e356ba19-300x193.jpg 300w, https:\/\/webmaibinh.com\/w\/spa32011\/wp-content\/uploads\/2019\/07\/d565e1490a08e356ba19-768x494.jpg 768w\" sizes=\"(max-width: 1000px) 100vw, 1000px\" \/>                      <\/div>\n                                                              <\/div>\n                  <div class=\"box-text text-center is-large\" style=\"background-color:rgba(250, 175, 11, 0.87);\">\n                        <div class=\"box-text-inner\">\n                            <p>B\u1ea3ng gi\u00e1 t\u1eafm tr\u1eafng<\/p>\n                        <\/div>\n                  <\/div>\n              <\/div>\n            <\/a>\n            <\/div>\n          <\/div>\n                 <div class=\"page-col col\" >\n          <div class=\"col-inner\" style=\"border-radius:4%;\">\n          <a class=\"plain\" href=\"https:\/\/webmaibinh.com\/w\/spa32011\/bang-gia\/bang-gia-tri-tan-nhang\/\" title=\"B\u1ea3ng gi\u00e1 tr\u1ecb t\u00e0n nhang\" target=\"\">\n            <div class=\"page-box box has-hover box-badge hover-dark\">\n                  <div class=\"box-image\" style=\"border-radius:4%;\">\n                      <div class=\"box-image image-zoom image-cover\" style=\"padding-top:65%;\">\n                      <img width=\"800\" height=\"533\" src=\"https:\/\/webmaibinh.com\/w\/spa32011\/wp-content\/uploads\/2019\/07\/gia-tri-nam-tan-nhang-tai-beryl-beauty.jpg\" class=\"attachment-original size-original\" alt=\"\" loading=\"lazy\" srcset=\"https:\/\/webmaibinh.com\/w\/spa32011\/wp-content\/uploads\/2019\/07\/gia-tri-nam-tan-nhang-tai-beryl-beauty.jpg 800w, https:\/\/webmaibinh.com\/w\/spa32011\/wp-content\/uploads\/2019\/07\/gia-tri-nam-tan-nhang-tai-beryl-beauty-300x200.jpg 300w, https:\/\/webmaibinh.com\/w\/spa32011\/wp-content\/uploads\/2019\/07\/gia-tri-nam-tan-nhang-tai-beryl-beauty-768x512.jpg 768w\" sizes=\"(max-width: 800px) 100vw, 800px\" \/>                      <\/div>\n                                                              <\/div>\n                  <div class=\"box-text text-center is-large\" style=\"background-color:rgba(250, 175, 11, 0.87);\">\n                        <div class=\"box-text-inner\">\n                            <p>B\u1ea3ng gi\u00e1 tr\u1ecb t\u00e0n nhang<\/p>\n                        <\/div>\n                  <\/div>\n              <\/div>\n            <\/a>\n            <\/div>\n          <\/div>\n                 <div class=\"page-col col\" >\n          <div class=\"col-inner\" style=\"border-radius:4%;\">\n          <a class=\"plain\" href=\"https:\/\/webmaibinh.com\/w\/spa32011\/bang-gia\/bang-gia-lam-trang-da-mat\/\" title=\"B\u1ea3ng gi\u00e1 l\u00e0m tr\u1eafng da m\u1eb7t\" target=\"\">\n            <div class=\"page-box box has-hover box-badge hover-dark\">\n                  <div class=\"box-image\" style=\"border-radius:4%;\">\n                      <div class=\"box-image image-zoom image-cover\" style=\"padding-top:65%;\">\n                      <img width=\"660\" height=\"495\" src=\"https:\/\/webmaibinh.com\/w\/spa32011\/wp-content\/uploads\/2019\/07\/tri-mun-dau-den-tai-ha-noi.jpg\" class=\"attachment-original size-original\" alt=\"\" loading=\"lazy\" srcset=\"https:\/\/webmaibinh.com\/w\/spa32011\/wp-content\/uploads\/2019\/07\/tri-mun-dau-den-tai-ha-noi.jpg 660w, https:\/\/webmaibinh.com\/w\/spa32011\/wp-content\/uploads\/2019\/07\/tri-mun-dau-den-tai-ha-noi-300x225.jpg 300w\" sizes=\"(max-width: 660px) 100vw, 660px\" \/>                      <\/div>\n                                                              <\/div>\n                  <div class=\"box-text text-center is-large\" style=\"background-color:rgba(250, 175, 11, 0.87);\">\n                        <div class=\"box-text-inner\">\n                            <p>B\u1ea3ng gi\u00e1 l\u00e0m tr\u1eafng da m\u1eb7t<\/p>\n                        <\/div>\n                  <\/div>\n              <\/div>\n            <\/a>\n            <\/div>\n          <\/div>\n                 <div class=\"page-col col\" >\n          <div class=\"col-inner\" style=\"border-radius:4%;\">\n          <a class=\"plain\" href=\"https:\/\/webmaibinh.com\/w\/spa32011\/bang-gia\/bang-gia-cham-soc-da-chuyen-sau\/\" title=\"B\u1ea3ng gi\u00e1 ch\u0103m s\u00f3c da chuy\u00ean s\u00e2u\" target=\"\">\n            <div class=\"page-box box has-hover box-badge hover-dark\">\n                  <div class=\"box-image\" style=\"border-radius:4%;\">\n                      <div class=\"box-image image-zoom image-cover\" style=\"padding-top:65%;\">\n                      <img width=\"689\" height=\"486\" src=\"https:\/\/webmaibinh.com\/w\/spa32011\/wp-content\/uploads\/2019\/07\/15-cach-lam-dep-da-mat-bang-phuong-phap-tu-nhien-dep-ma-hieu-qua-2.jpg\" class=\"attachment-original size-original\" alt=\"\" loading=\"lazy\" srcset=\"https:\/\/webmaibinh.com\/w\/spa32011\/wp-content\/uploads\/2019\/07\/15-cach-lam-dep-da-mat-bang-phuong-phap-tu-nhien-dep-ma-hieu-qua-2.jpg 689w, https:\/\/webmaibinh.com\/w\/spa32011\/wp-content\/uploads\/2019\/07\/15-cach-lam-dep-da-mat-bang-phuong-phap-tu-nhien-dep-ma-hieu-qua-2-300x212.jpg 300w\" sizes=\"(max-width: 689px) 100vw, 689px\" \/>                      <\/div>\n                                                              <\/div>\n                  <div class=\"box-text text-center is-large\" style=\"background-color:rgba(250, 175, 11, 0.87);\">\n                        <div class=\"box-text-inner\">\n                            <p>B\u1ea3ng gi\u00e1 ch\u0103m s\u00f3c da chuy\u00ean s\u00e2u<\/p>\n                        <\/div>\n                  <\/div>\n              <\/div>\n            <\/a>\n            <\/div>\n          <\/div>\n                 <div class=\"page-col col\" >\n          <div class=\"col-inner\" style=\"border-radius:4%;\">\n          <a class=\"plain\" href=\"https:\/\/webmaibinh.com\/w\/spa32011\/bang-gia\/bang-gia-tri-viem-nang-long\/\" title=\"B\u1ea3ng gi\u00e1 tr\u1ecb vi\u00eam nang l\u00f4ng\" target=\"\">\n            <div class=\"page-box box has-hover box-badge hover-dark\">\n                  <div class=\"box-image\" style=\"border-radius:4%;\">\n                      <div class=\"box-image image-zoom image-cover\" style=\"padding-top:65%;\">\n                      <img width=\"1800\" height=\"1200\" src=\"https:\/\/webmaibinh.com\/w\/spa32011\/wp-content\/uploads\/2019\/07\/sds-head_2000x.jpg\" class=\"attachment-original size-original\" alt=\"\" loading=\"lazy\" srcset=\"https:\/\/webmaibinh.com\/w\/spa32011\/wp-content\/uploads\/2019\/07\/sds-head_2000x.jpg 1800w, https:\/\/webmaibinh.com\/w\/spa32011\/wp-content\/uploads\/2019\/07\/sds-head_2000x-300x200.jpg 300w, https:\/\/webmaibinh.com\/w\/spa32011\/wp-content\/uploads\/2019\/07\/sds-head_2000x-768x512.jpg 768w, https:\/\/webmaibinh.com\/w\/spa32011\/wp-content\/uploads\/2019\/07\/sds-head_2000x-1024x683.jpg 1024w\" sizes=\"(max-width: 1800px) 100vw, 1800px\" \/>                      <\/div>\n                                                              <\/div>\n                  <div class=\"box-text text-center is-large\" style=\"background-color:rgba(250, 175, 11, 0.87);\">\n                        <div class=\"box-text-inner\">\n                            <p>B\u1ea3ng gi\u00e1 tr\u1ecb vi\u00eam nang l\u00f4ng<\/p>\n                        <\/div>\n                  <\/div>\n              <\/div>\n            <\/a>\n            <\/div>\n          <\/div>\n         <\/div>\n","protected":false},"excerpt":{"rendered":"","protected":false},"author":2,"featured_media":0,"parent":0,"menu_order":0,"comment_status":"closed","ping_status":"closed","template":"page-right-sidebar.php","meta":[],"_links":{"self":[{"href":"https:\/\/webmaibinh.com\/w\/spa32011\/wp-json\/wp\/v2\/pages\/41"}],"collection":[{"href":"https:\/\/webmaibinh.com\/w\/spa32011\/wp-json\/wp\/v2\/pages"}],"about":[{"href":"https:\/\/webmaibinh.com\/w\/spa32011\/wp-json\/wp\/v2\/types\/page"}],"author":[{"embeddable":true,"href":"https:\/\/webmaibinh.com\/w\/spa32011\/wp-json\/wp\/v2\/users\/2"}],"replies":[{"embeddable":true,"href":"https:\/\/webmaibinh.com\/w\/spa32011\/wp-json\/wp\/v2\/comments?post=41"}],"version-history":[{"count":2,"href":"https:\/\/webmaibinh.com\/w\/spa32011\/wp-json\/wp\/v2\/pages\/41\/revisions"}],"predecessor-version":[{"id":653,"href":"https:\/\/webmaibinh.com\/w\/spa32011\/wp-json\/wp\/v2\/pages\/41\/revisions\/653"}],"wp:attachment":[{"href":"https:\/\/webmaibinh.com\/w\/spa32011\/wp-json\/wp\/v2\/media?parent=41"}],"curies":[{"name":"wp","href":"https:\/\/api.w.org\/{rel}","templated":true}]}}