{"id":183,"date":"2019-09-05T16:44:30","date_gmt":"2019-09-05T09:44:30","guid":{"rendered":"http:\/\/shopvai.w2steam.com\/?post_type=product&#038;p=183"},"modified":"2019-09-05T16:44:30","modified_gmt":"2019-09-05T09:44:30","slug":"vai-caro-dong-phuc","status":"publish","type":"product","link":"https:\/\/webmaibinh.com\/w\/shopvai2011\/s\u1ea3n ph\u1ea9m\/vai-caro-dong-phuc\/","title":{"rendered":"V\u1ea3i caro \u0111\u1ed3ng ph\u1ee5c"},"content":{"rendered":"<p>V\u1ea3i b\u1ed1 caro l\u00e0 lo\u1ea1i v\u1ea3i chuy\u00ean d\u00f9ng may v\u00e1y \u0111\u1ed3ng ph\u1ee5c h\u1ecdc sinh. Lo\u1ea1i v\u1ea3i n\u00e0y r\u1ea5t \u0111\u01b0\u1ee3c \u01b0a chu\u1ed9ng trong c\u00e1c tr\u01b0\u1eddng h\u1ecdc nh\u01b0 vi\u1ec7t m\u1ef9, vi\u1ec7t \u00fac, tr\u01b0\u1eddng qu\u1ed1c t\u00ea. B\u00ean c\u1ea1nh \u0111\u00f3 c\u00f2n \u0111\u01b0\u1ee3c ph\u1ed1i v\u00e0o c\u00e1c lo\u1ea1i \u00e1o qu\u1ea7n, v\u00e1y nh\u01b0 vietjec, bambo\u2026. Ch\u1ea5t li\u1ec7u v\u00e0 c\u00e1ch d\u1ec7t d\u00e0y d\u1eb7n tho\u00e1ng m\u00e1t. Hi\u1ec7n nay v\u1ea3i D\u0169ng \u00c1nh c\u00f3 r\u1ea5t nhi\u1ec1u m\u1eabu m\u00e3 \u0111\u1eb9p v\u00e0 \u0111a d\u1ea1ng cho kh\u00e1ch h\u00e0ng l\u1ef1a ch\u1ecdn. Cam k\u1ebft v\u1ea3i d\u00e0y, ch\u1ea5t l\u01b0\u1ee3ng \u0111\u1ea3m b\u1ea3o.<\/p>\n<h3>\u1ee8ng d\u1ee5ng trong may m\u1eb7c qu\u1ea7n \u00e1o<\/h3>\n<ul>\n<li>\u0110\u01b0\u1ee3c d\u00f9ng \u0111\u1ec3 may v\u00e1y, qu\u1ea7n s\u1ecdt \u0111\u1ed3ng ph\u1ee5c h\u1ecdc sinh c\u1ea5p 1, c\u1ea5p 2, c\u1ea5p 3\u2026<\/li>\n<li>Ph\u1ed1i v\u00e0o c\u1ed5 \u00e1o, tay \u00e1o \u0111\u1ed3ng ph\u1ee5c h\u1ecdc sinh, th\u1ee9c \u0103n nhanh, c\u1eeda h\u00e0ng ti\u1ec7n l\u1ee3i, nh\u00e0 h\u00e0ng\u2026<\/li>\n<li>May c\u00e1c s\u1ea3n ph\u1ea9m handmade, kh\u0103n cho\u00e0ng c\u1ed5 nam n\u1eef.<\/li>\n<li>D\u00f9ng may v\u00e1y ch\u1ed1ng n\u1eafng, l\u00f3t trong c\u00e1c s\u1ea3n ph\u1ea9m may m\u1eb7c.<\/li>\n<li>May th\u00e0nh kh\u0103n tr\u1ea3i b\u00e0n nh\u00e0 b\u1ebfp, b\u00e0n l\u00e0m vi\u1ec7c, kh\u0103n che \u0111\u1ed3.<\/li>\n<\/ul>\n<h3>C\u00e1c lo\u1ea1i s\u1ecdc v\u00e0 m\u00e0u v\u1ea3i b\u1ed1 caro may v\u00e1y, \u0111\u1ed3ng ph\u1ee5c.<\/h3>\n","protected":false},"excerpt":{"rendered":"<p>V\u1ea3i b\u1ed1 caro l\u00e0 lo\u1ea1i v\u1ea3i chuy\u00ean d\u00f9ng may v\u00e1y \u0111\u1ed3ng ph\u1ee5c h\u1ecdc sinh. Lo\u1ea1i v\u1ea3i n\u00e0y r\u1ea5t \u0111\u01b0\u1ee3c \u01b0a chu\u1ed9ng trong c\u00e1c tr\u01b0\u1eddng h\u1ecdc nh\u01b0 vi\u1ec7t m\u1ef9, vi\u1ec7t \u00fac, tr\u01b0\u1eddng qu\u1ed1c t\u00ea. B\u00ean c\u1ea1nh \u0111\u00f3 c\u00f2n \u0111\u01b0\u1ee3c ph\u1ed1i v\u00e0o c\u00e1c lo\u1ea1i \u00e1o qu\u1ea7n, v\u00e1y nh\u01b0 vietjec, bambo\u2026. Ch\u1ea5t li\u1ec7u v\u00e0 c\u00e1ch d\u1ec7t d\u00e0y d\u1eb7n &#8230;<\/p>\n","protected":false},"featured_media":184,"comment_status":"open","ping_status":"closed","template":"","meta":[],"_links":{"self":[{"href":"https:\/\/webmaibinh.com\/w\/shopvai2011\/wp-json\/wp\/v2\/product\/183"}],"collection":[{"href":"https:\/\/webmaibinh.com\/w\/shopvai2011\/wp-json\/wp\/v2\/product"}],"about":[{"href":"https:\/\/webmaibinh.com\/w\/shopvai2011\/wp-json\/wp\/v2\/types\/product"}],"replies":[{"embeddable":true,"href":"https:\/\/webmaibinh.com\/w\/shopvai2011\/wp-json\/wp\/v2\/comments?post=183"}],"wp:featuredmedia":[{"embeddable":true,"href":"https:\/\/webmaibinh.com\/w\/shopvai2011\/wp-json\/wp\/v2\/media\/184"}],"wp:attachment":[{"href":"https:\/\/webmaibinh.com\/w\/shopvai2011\/wp-json\/wp\/v2\/media?parent=183"}],"curies":[{"name":"wp","href":"https:\/\/api.w.org\/{rel}","templated":true}]}}