{"id":175,"date":"2019-09-05T16:39:37","date_gmt":"2019-09-05T09:39:37","guid":{"rendered":"http:\/\/shopvai.w2steam.com\/?post_type=product&#038;p=175"},"modified":"2019-09-05T16:39:37","modified_gmt":"2019-09-05T09:39:37","slug":"vai-poly-me","status":"publish","type":"product","link":"https:\/\/webmaibinh.com\/w\/shopvai2011\/s\u1ea3n ph\u1ea9m\/vai-poly-me\/","title":{"rendered":"V\u1ea3i poly m\u00e8"},"content":{"rendered":"<h3>\u0110\u1eb7c \u0111i\u1ec3m nh\u1eadn bi\u1ebft v\u1ea3i poly m\u00e8 so v\u1edbi c\u00e1c lo\u1ea1i v\u1ea3i kh\u00e1c.<\/h3>\n<ul>\n<li>\u0110\u1ea7u ti\u00ean ph\u1ea3i nh\u1eafc \u0111\u1ebfn kh\u1ea3 n\u0103ng th\u1ea5m n\u01b0\u1edbc tho\u00e1t nhi\u1ec7t t\u1ed1t c\u1ee7a ki\u1ec3u d\u1ec7t m\u1eafc h\u1ea1t m\u00e8. C\u1ea5u t\u1ea1o m\u1ed9t m\u00e0ng kh\u00edt v\u00e0 m\u1ed9t m\u00e0ng s\u01b0a l\u00e0m cho kh\u00f4ng kh\u00ed c\u00f3 th\u1ec3 trao \u0111\u1ed5i m\u00e0 kh\u00f4ng b\u1ecb b\u00ed b\u00e1ch.<\/li>\n<\/ul>\n<ul>\n<li>B\u1ec1 m\u1eb7t v\u1ea3i m\u1ecbn do d\u1ec7t t\u1eeb s\u1ee3i poly \u0111\u00e3 qua x\u1eed l\u00fd n\u00ean kh\u00f4ng b\u1ecb x\u00f9 l\u00f4ng trong qu\u00e1 tr\u00ecnh s\u1eed d\u1ee5ng l\u00e2u d\u00e0i.<\/li>\n<\/ul>\n<ul>\n<li>B\u1ec1n m\u00e0u v\u00e0 d\u1ec5 b\u1eaft m\u00e0u khi nhu\u1ed9m in decal, in chuy\u1ec3n nhi\u1ec7t.<\/li>\n<\/ul>\n<ul>\n<li>Nhanh kh\u00f4 v\u00e0 \u00edt b\u1ecb nh\u00e0u.<\/li>\n<\/ul>\n<h3>\u1ee8ng d\u1ee5ng v\u00e0o may m\u1eb7c.<\/h3>\n<ul>\n<li>May \u00e1o thun s\u1ef1 ki\u1ec7n, qu\u1ea3ng c\u00e1o, h\u1ed9i ngh\u1ecb, th\u1ec3 thao ngo\u00e0i tr\u1eddi.<\/li>\n<li>May \u00e1o th\u1ec3 thao, ph\u1ed1i qu\u1ea7n \u00e1o c\u00e1c lo\u1ea1i. C\u00e1c lo\u1ea1i \u00e1o qu\u1ea7n b\u00f3ng \u0111\u00e1, b\u00f3ng r\u1ed5, \u0111\u1ed3 th\u1ec3 d\u1ee5c h\u1ecdc sinh.<\/li>\n<li>D\u00f9ng l\u00e0m v\u1ea3i may l\u00f3t, may \u0111\u1ed3 handmade.<\/li>\n<\/ul>\n","protected":false},"excerpt":{"rendered":"<p>\u0110\u1eb7c \u0111i\u1ec3m nh\u1eadn bi\u1ebft v\u1ea3i poly m\u00e8 so v\u1edbi c\u00e1c lo\u1ea1i v\u1ea3i kh\u00e1c. \u0110\u1ea7u ti\u00ean ph\u1ea3i nh\u1eafc \u0111\u1ebfn kh\u1ea3 n\u0103ng th\u1ea5m n\u01b0\u1edbc tho\u00e1t nhi\u1ec7t t\u1ed1t c\u1ee7a ki\u1ec3u d\u1ec7t m\u1eafc h\u1ea1t m\u00e8. C\u1ea5u t\u1ea1o m\u1ed9t m\u00e0ng kh\u00edt v\u00e0 m\u1ed9t m\u00e0ng s\u01b0a l\u00e0m cho kh\u00f4ng kh\u00ed c\u00f3 th\u1ec3 trao \u0111\u1ed5i m\u00e0 kh\u00f4ng b\u1ecb b\u00ed b\u00e1ch. B\u1ec1 m\u1eb7t &#8230;<\/p>\n","protected":false},"featured_media":176,"comment_status":"open","ping_status":"closed","template":"","meta":[],"_links":{"self":[{"href":"https:\/\/webmaibinh.com\/w\/shopvai2011\/wp-json\/wp\/v2\/product\/175"}],"collection":[{"href":"https:\/\/webmaibinh.com\/w\/shopvai2011\/wp-json\/wp\/v2\/product"}],"about":[{"href":"https:\/\/webmaibinh.com\/w\/shopvai2011\/wp-json\/wp\/v2\/types\/product"}],"replies":[{"embeddable":true,"href":"https:\/\/webmaibinh.com\/w\/shopvai2011\/wp-json\/wp\/v2\/comments?post=175"}],"wp:featuredmedia":[{"embeddable":true,"href":"https:\/\/webmaibinh.com\/w\/shopvai2011\/wp-json\/wp\/v2\/media\/176"}],"wp:attachment":[{"href":"https:\/\/webmaibinh.com\/w\/shopvai2011\/wp-json\/wp\/v2\/media?parent=175"}],"curies":[{"name":"wp","href":"https:\/\/api.w.org\/{rel}","templated":true}]}}