{"id":166,"date":"2019-09-05T16:34:27","date_gmt":"2019-09-05T09:34:27","guid":{"rendered":"http:\/\/shopvai.w2steam.com\/?post_type=product&#038;p=166"},"modified":"2019-09-05T16:34:27","modified_gmt":"2019-09-05T09:34:27","slug":"vai-vec-xay-75-150","status":"publish","type":"product","link":"https:\/\/webmaibinh.com\/w\/shopvai2011\/s\u1ea3n ph\u1ea9m\/vai-vec-xay-75-150\/","title":{"rendered":"V\u1ea3i v\u1eb9c x\u00e2y 75 \u2013 150"},"content":{"rendered":"<p>X\u1eb9c x\u00e2y \u2013 75 \u2013 150 l\u00e0 lo\u1ea1i v\u1ea3i ch\u1ee7 y\u1ebfu d\u00f9ng \u0111\u1ec3 may qu\u1ea7n \u00e1o th\u1ec3 d\u1ee5c h\u1ecdc sinh v\u00e0 \u0111\u1ed3 th\u1ec3 thao. Th\u00e0nh ph\u1ea7n ch\u1ee7 y\u1ebfu t\u1eeb s\u1ee3i Polyester nh\u01b0ng c\u00e1ch d\u1ec7t t\u1ea1o \u0111\u1ed9 nh\u00e1m h\u01a1n so v\u1edbi c\u00e1c lo\u1ea1i v\u1ea3i l\u1ea1nh hay silk. \u0110\u01b0\u1ee3c \u01b0a chu\u1ed9ng kh\u00f4ng ph\u1ea3i v\u00ec \u0111\u1ed9 b\u00f3ng b\u1ea9y nh\u01b0 nh\u1eefng lo\u1ea1i kh\u00e1c, m\u00e0 \u1edf \u0111i\u1ec3m nh\u00e1m n\u00ean kh\u00f3 b\u00e1m b\u1ea9n v\u00e0 kh\u00e1ng khu\u1ea9n t\u1ed1t. \u0110\u1eb7c \u0111i\u1ec3m m\u1ed9t ph\u1ea7n quan tr\u1ecdng kh\u00f4ng k\u00e9m, m\u1eb7c d\u00f9 \u0111\u01b0\u1ee3c d\u1ec7t t\u1eeb s\u1ee3i polyester nh\u01b0ng c\u00e1ch d\u1ec7t r\u1ea5t tho\u00e1ng kh\u00ed. Gi\u00fap kh\u00f4ng kh\u00ed l\u01b0u th\u00f4ng t\u1ed1t, m\u1ed3 h\u00f4i tho\u00e1t nhanh n\u00ean r\u1ea5t m\u00e1t, kh\u00f4ng b\u1ecb \u00e1p b\u1ee9c.<\/p>\n<h4>\u0110\u1eb7c \u0111i\u1ec3m nh\u1eadn bi\u1ebft thun x\u1eb9c x\u00e2y 75 \u2013 150<\/h4>\n<ul>\n<li>C\u00f3 \u0111\u1ed9 nh\u00e1m cao h\u01a1n so v\u1edbi\u00a0thun l\u1ea1nh, thun siu. S\u1edd v\u00e0o s\u1ebd th\u1ea5y nh\u00e1m kh\u00f4ng tr\u01a1n. M\u00ecnh v\u1ea3i h\u01a1i x\u1ed1p v\u00e0 nh\u1eb9.<\/li>\n<li>Co gi\u00e3n t\u1ef1 nhi\u00ean nh\u01b0ng kh\u00f4ng m\u1ea1nh nh\u01b0 c\u00e1c lo\u1ea1i v\u1ea3i kh\u00e1c.<\/li>\n<li>\u00cdt b\u1ecb nh\u0103n, m\u00ecnh v\u1ea3i kh\u00f4ng c\u00f3 \u0111\u1ed9 b\u00f3ng cao.<\/li>\n<li>Khi \u0111\u1ed1t th\u00ec tro s\u1ebd v\u00f3n c\u1ee5c c\u00f3 m\u00f9i kh\u00e9t.<\/li>\n<\/ul>\n<h4>X\u1eb9c x\u00e2y \u2013 75 \u2013 150\u00a0<strong>c\u00f3 2 lo\u1ea1i 75 v\u00e0 150:<\/strong><\/h4>\n<ul>\n<li>75: D\u00f9ng \u0111\u1ec3 may \u00e1o. Kh\u1ed5 1m8\/ 4m5 kg<\/li>\n<\/ul>\n<ul>\n<li>150: D\u00f9ng \u0111\u1ec3 may qu\u1ea7n. Kh\u1ed5 2m4\/ 2m6 kg<\/li>\n<\/ul>\n","protected":false},"excerpt":{"rendered":"<p>X\u1eb9c x\u00e2y \u2013 75 \u2013 150 l\u00e0 lo\u1ea1i v\u1ea3i ch\u1ee7 y\u1ebfu d\u00f9ng \u0111\u1ec3 may qu\u1ea7n \u00e1o th\u1ec3 d\u1ee5c h\u1ecdc sinh v\u00e0 \u0111\u1ed3 th\u1ec3 thao. Th\u00e0nh ph\u1ea7n ch\u1ee7 y\u1ebfu t\u1eeb s\u1ee3i Polyester nh\u01b0ng c\u00e1ch d\u1ec7t t\u1ea1o \u0111\u1ed9 nh\u00e1m h\u01a1n so v\u1edbi c\u00e1c lo\u1ea1i v\u1ea3i l\u1ea1nh hay silk. \u0110\u01b0\u1ee3c \u01b0a chu\u1ed9ng kh\u00f4ng ph\u1ea3i v\u00ec \u0111\u1ed9 b\u00f3ng b\u1ea9y &#8230;<\/p>\n","protected":false},"featured_media":167,"comment_status":"open","ping_status":"closed","template":"","meta":[],"_links":{"self":[{"href":"https:\/\/webmaibinh.com\/w\/shopvai2011\/wp-json\/wp\/v2\/product\/166"}],"collection":[{"href":"https:\/\/webmaibinh.com\/w\/shopvai2011\/wp-json\/wp\/v2\/product"}],"about":[{"href":"https:\/\/webmaibinh.com\/w\/shopvai2011\/wp-json\/wp\/v2\/types\/product"}],"replies":[{"embeddable":true,"href":"https:\/\/webmaibinh.com\/w\/shopvai2011\/wp-json\/wp\/v2\/comments?post=166"}],"wp:featuredmedia":[{"embeddable":true,"href":"https:\/\/webmaibinh.com\/w\/shopvai2011\/wp-json\/wp\/v2\/media\/167"}],"wp:attachment":[{"href":"https:\/\/webmaibinh.com\/w\/shopvai2011\/wp-json\/wp\/v2\/media?parent=166"}],"curies":[{"name":"wp","href":"https:\/\/api.w.org\/{rel}","templated":true}]}}