{"id":160,"date":"2019-09-05T16:30:50","date_gmt":"2019-09-05T09:30:50","guid":{"rendered":"http:\/\/shopvai.w2steam.com\/?post_type=product&#038;p=160"},"modified":"2019-09-05T16:30:51","modified_gmt":"2019-09-05T09:30:51","slug":"vai-thun-me","status":"publish","type":"product","link":"https:\/\/webmaibinh.com\/w\/shopvai2011\/s\u1ea3n ph\u1ea9m\/vai-thun-me\/","title":{"rendered":"V\u1ea3i thun m\u00e8"},"content":{"rendered":"<p>V\u1ea3i thun m\u00e8 hay c\u00f2n g\u1ecdi l\u00e0 thun h\u1ea1t m\u00e8. L\u00e0 lo\u1ea1i\u00a0v\u1ea3i thun th\u1ec3 thao\u00a0\u0111\u01b0\u1ee3c d\u1ec7t c\u00f3 m\u1eaft nh\u1ecf \u0111an xen. T\u00f9y theo y\u00eau c\u1ea7u th\u00ec c\u00e1c m\u1eaft m\u00e8 to hay nh\u1ecf. C\u00f3 2 lo\u1ea1i thun m\u00e8 m\u1ecfng v\u00e0 thun m\u00e8 d\u00e0y. Lo\u1ea1i v\u1ea3i m\u1ecfng th\u01b0\u1eddng \u0111\u01b0\u1ee3c d\u00f9ng \u0111\u1ec3 l\u00e0m v\u1ea3i may l\u00f3t ph\u1ee5 b\u00ean trong \u00e1o ho\u1eb7c qu\u1ea7n. C\u00f2n lo\u1ea1i d\u00e0y h\u01a1n \u0111\u01b0\u1ee3c d\u00f9ng l\u00e0m v\u1ea3i may ch\u00ednh. B\u00ean c\u1ea1nh \u0111\u00f3 hi\u1ec7n nay v\u1ea3i thun m\u00e8 c\u00f2n \u0111\u01b0\u1ee3c s\u1eed d\u1ee5ng \u0111\u1ec3 may \u00e1o kho\u00e1c, \u00e1o ch\u1ed1ng n\u1eafng.<\/p>\n<h3>\u0110\u1eb7c \u0111i\u1ec3m v\u1ea3i thun m\u00e8<\/h3>\n<ul>\n<li>\u01afu \u0111i\u1ec3m: Gi\u00e1 th\u00e0nh t\u01b0\u01a1ng \u0111\u1ed1i r\u1ebb, tr\u1ecdng l\u01b0\u1ee3ng nh\u1eb9. \u0110\u1ecbnh l\u01b0\u1ee3ng v\u1ea3i may \u0111\u01b0\u1ee3c r\u1ea5t nhi\u1ec1u \u00e1o v\u00e0 qu\u1ea7n th\u1ec3 thao, qu\u1ea7n \u0111\u00e1 banh, \u00e1o \u0111\u1ea5u. V\u1ea3i lo\u1ea1i m\u1ecfng th\u00ec m\u1eb7c m\u00e1t, m\u00e0u s\u1eafc t\u01b0\u01a1i s\u00e1ng, nhi\u1ec1u t\u00f4ng m\u00e0u \u0111\u1ec3 l\u1ef1a ch\u1ecdn. B\u1ec1n m\u00e0u v\u00e0 r\u1ea5t d\u1ec5 gi\u1eb7t, mau kh\u00f4 h\u01a1n so v\u1edbi c\u00e1c lo\u1ea1i v\u1ea3i kh\u00e1c\u2026<\/li>\n<\/ul>\n<ul>\n<li>Khuy\u1ebft \u0111i\u1ec3m: N\u1ebfu v\u1ea3i d\u00e0y m\u1eb7c h\u01a1i n\u00f3ng, \u00edt th\u1ea5m m\u1ed3 h\u00f4i tr\u1ef1c ti\u1ebfp n\u1ebfu m\u1eafc d\u1ec7t nh\u1ecf. Ch\u1ec9 th\u00edch h\u1ee3p may \u0111\u1ed3 th\u1ec3 d\u1ee5c th\u1ec3 thao, qu\u1ea7n \u0111\u00f9i v\u00e0 qu\u1ea7n \u00e1o m\u1eb7c ngo\u00e0i tr\u1eddi.<\/li>\n<\/ul>\n<h4>Hi\u1ec7n t\u1ea1i c\u1eeda h\u00e0ng v\u1ea3i D\u0169ng \u00c1nh \u0111\u1ec1u c\u00f3 2 lo\u1ea1i v\u1ea3i thun m\u00e8 m\u1ecfng v\u00e0 d\u00e0y. \u0110\u1ee7 lo\u1ea1i m\u00e8 m\u1eaft d\u1eb9p, nh\u1ecf, to cho kh\u00e1ch h\u00e0ng ch\u1ecdn l\u1ef1a.<\/h4>\n<p>V\u1ea3i thun m\u00e8 c\u00f3 2 chi\u1ec1u v\u00e0 4 chi\u1ec1u ( h\u00e0ng 4 chi\u1ec1u ph\u1ea3i \u0111\u1eb7t d\u1ec7t)<\/p>\n<ul>\n<li>Kh\u1ed5 1m6, \u0111\u1ecbnh l\u01b0\u1ee3ng 3m8\/ 1kg<\/li>\n<\/ul>\n<ul>\n<li>Kh\u1ed5 1m6, \u0111\u1ecbnh l\u01b0\u1ee3ng 4m2\/ 1kg<\/li>\n<\/ul>\n","protected":false},"excerpt":{"rendered":"<p>V\u1ea3i thun m\u00e8 hay c\u00f2n g\u1ecdi l\u00e0 thun h\u1ea1t m\u00e8. L\u00e0 lo\u1ea1i\u00a0v\u1ea3i thun th\u1ec3 thao\u00a0\u0111\u01b0\u1ee3c d\u1ec7t c\u00f3 m\u1eaft nh\u1ecf \u0111an xen. T\u00f9y theo y\u00eau c\u1ea7u th\u00ec c\u00e1c m\u1eaft m\u00e8 to hay nh\u1ecf. C\u00f3 2 lo\u1ea1i thun m\u00e8 m\u1ecfng v\u00e0 thun m\u00e8 d\u00e0y. Lo\u1ea1i v\u1ea3i m\u1ecfng th\u01b0\u1eddng \u0111\u01b0\u1ee3c d\u00f9ng \u0111\u1ec3 l\u00e0m v\u1ea3i may l\u00f3t ph\u1ee5 b\u00ean &#8230;<\/p>\n","protected":false},"featured_media":161,"comment_status":"open","ping_status":"closed","template":"","meta":[],"_links":{"self":[{"href":"https:\/\/webmaibinh.com\/w\/shopvai2011\/wp-json\/wp\/v2\/product\/160"}],"collection":[{"href":"https:\/\/webmaibinh.com\/w\/shopvai2011\/wp-json\/wp\/v2\/product"}],"about":[{"href":"https:\/\/webmaibinh.com\/w\/shopvai2011\/wp-json\/wp\/v2\/types\/product"}],"replies":[{"embeddable":true,"href":"https:\/\/webmaibinh.com\/w\/shopvai2011\/wp-json\/wp\/v2\/comments?post=160"}],"wp:featuredmedia":[{"embeddable":true,"href":"https:\/\/webmaibinh.com\/w\/shopvai2011\/wp-json\/wp\/v2\/media\/161"}],"wp:attachment":[{"href":"https:\/\/webmaibinh.com\/w\/shopvai2011\/wp-json\/wp\/v2\/media?parent=160"}],"curies":[{"name":"wp","href":"https:\/\/api.w.org\/{rel}","templated":true}]}}