{"id":150,"date":"2019-09-05T16:25:53","date_gmt":"2019-09-05T09:25:53","guid":{"rendered":"http:\/\/shopvai.w2steam.com\/?post_type=product&#038;p=150"},"modified":"2019-09-05T16:25:53","modified_gmt":"2019-09-05T09:25:53","slug":"vai-ca-map-pe-2-chieu","status":"publish","type":"product","link":"https:\/\/webmaibinh.com\/w\/shopvai2011\/s\u1ea3n ph\u1ea9m\/vai-ca-map-pe-2-chieu\/","title":{"rendered":"V\u1ea3i c\u00e1 m\u1eadp PE 2 chi\u1ec1u"},"content":{"rendered":"<p>V\u1ea3i c\u00e1 m\u1eadp pe \u0111\u01b0\u1ee3c d\u1ec7t theo ki\u1ec3u c\u00e1 s\u1ea5u lacoste nh\u01b0ng m\u1eafc v\u1ea3i to v\u00e0 d\u00e0i h\u01a1n. V\u1edbi ki\u1ec3u d\u1ec7t n\u00e0y \u00e1o s\u1ebd m\u00e1t v\u00e0 th\u1ea5m h\u00fat m\u1ed3 h\u00f4i t\u1ed1t h\u01a1n. Ki\u1ec3u d\u1ec7t n\u00e0y khi\u1ebfn cho b\u1ec1 m\u1eb7t v\u1ea3i d\u00e0y h\u01a1n m\u1eb7c d\u00f9 \u0111\u1ecbnh l\u01b0\u1ee3ng m\u1ecfng, m\u1eafc th\u01b0a h\u01a1n. \u0110\u00e2y l\u00e0 lo\u1ea1i v\u1ea3i hay d\u00f9ng \u0111\u1ec3 may \u0111\u1ed3ng ph\u1ee5c c\u00f4ng nh\u00e2n, \u0111\u1ed3ng ph\u1ee5c v\u1ec7 sinh m\u00f4i tr\u01b0\u1eddng. \u00c1o c\u00f4ng nh\u00e2n may b\u1eb1ng v\u1ea3i n\u00e0y s\u1ebd kinh t\u1ebf h\u01a1n r\u1ea5t nhi\u1ec1u so v\u1edbi c\u00e1c lo\u1ea1i v\u1ea3i kh\u00e1c.<\/p>\n<ul>\n<li>\u01afu \u0111i\u1ec3m: gi\u00e1 th\u00e0nh d\u1ec5 ch\u1ecbu, do d\u1ec7t t\u1eeb s\u1ee3i pe, v\u00e0 c\u1eaft gi\u1ea3m s\u1ee3i spandex n\u00ean gi\u00e1 th\u00e0nh r\u1ebb h\u01a1n. M\u00e1t h\u01a1n do m\u1eafc d\u1ec7t to. B\u1ec1n m\u00e0u v\u00e0 d\u00e0y d\u1eb7n h\u01a1n so v\u1edbi v\u1ea3i c\u00e1 s\u1ea5u. Gi\u00e1 th\u00e0nh v\u00e0 \u0111\u1ecbnh l\u01b0\u1ee3ng t\u1ed1t h\u01a1n so v\u1edbi v\u1ea3i c\u00e1 s\u1ea5u pe.<\/li>\n<\/ul>\n<ul>\n<li>Khuy\u1ebft \u0111i\u1ec3m: Do d\u1ec7t t\u1eeb s\u1ee3i pe n\u00ean l\u00e2u ng\u00e0y s\u1ebd b\u1ecb x\u00f9 l\u00f4ng n\u1ebfu kh\u00f4ng bi\u1ebft c\u00e1ch gi\u1eb7t. V\u1ea3i r\u1ebb nh\u01b0ng n\u00f3ng h\u01a1n\u00a0v\u1ea3i c\u00e1 m\u1eadp 65\/35.<\/li>\n<li>Kh\u1ed5: 2m4<\/li>\n<li>Tr\u1ecdng l\u01b0\u1ee3ng 1m8\/ 1kg<\/li>\n<\/ul>\n","protected":false},"excerpt":{"rendered":"<p>V\u1ea3i c\u00e1 m\u1eadp pe \u0111\u01b0\u1ee3c d\u1ec7t theo ki\u1ec3u c\u00e1 s\u1ea5u lacoste nh\u01b0ng m\u1eafc v\u1ea3i to v\u00e0 d\u00e0i h\u01a1n. V\u1edbi ki\u1ec3u d\u1ec7t n\u00e0y \u00e1o s\u1ebd m\u00e1t v\u00e0 th\u1ea5m h\u00fat m\u1ed3 h\u00f4i t\u1ed1t h\u01a1n. Ki\u1ec3u d\u1ec7t n\u00e0y khi\u1ebfn cho b\u1ec1 m\u1eb7t v\u1ea3i d\u00e0y h\u01a1n m\u1eb7c d\u00f9 \u0111\u1ecbnh l\u01b0\u1ee3ng m\u1ecfng, m\u1eafc th\u01b0a h\u01a1n. \u0110\u00e2y l\u00e0 lo\u1ea1i v\u1ea3i hay &#8230;<\/p>\n","protected":false},"featured_media":151,"comment_status":"open","ping_status":"closed","template":"","meta":[],"_links":{"self":[{"href":"https:\/\/webmaibinh.com\/w\/shopvai2011\/wp-json\/wp\/v2\/product\/150"}],"collection":[{"href":"https:\/\/webmaibinh.com\/w\/shopvai2011\/wp-json\/wp\/v2\/product"}],"about":[{"href":"https:\/\/webmaibinh.com\/w\/shopvai2011\/wp-json\/wp\/v2\/types\/product"}],"replies":[{"embeddable":true,"href":"https:\/\/webmaibinh.com\/w\/shopvai2011\/wp-json\/wp\/v2\/comments?post=150"}],"wp:featuredmedia":[{"embeddable":true,"href":"https:\/\/webmaibinh.com\/w\/shopvai2011\/wp-json\/wp\/v2\/media\/151"}],"wp:attachment":[{"href":"https:\/\/webmaibinh.com\/w\/shopvai2011\/wp-json\/wp\/v2\/media?parent=150"}],"curies":[{"name":"wp","href":"https:\/\/api.w.org\/{rel}","templated":true}]}}