{"id":145,"date":"2019-09-05T16:23:02","date_gmt":"2019-09-05T09:23:02","guid":{"rendered":"http:\/\/shopvai.w2steam.com\/?post_type=product&#038;p=145"},"modified":"2019-09-05T16:23:02","modified_gmt":"2019-09-05T09:23:02","slug":"vai-ca-sau-cotton-4-chieu","status":"publish","type":"product","link":"https:\/\/webmaibinh.com\/w\/shopvai2011\/s\u1ea3n ph\u1ea9m\/vai-ca-sau-cotton-4-chieu\/","title":{"rendered":"V\u1ea3i c\u00e1 s\u1ea5u Cotton 4 chi\u1ec1u"},"content":{"rendered":"<p class=\"has-normal-font-size\">V\u1ea3i c\u00e1 s\u1ea5u cotton l\u00e0 lo\u1ea1i v\u1ea3i thun \u0111\u01b0\u1ee3c d\u1ec7t theo ki\u1ec3u m\u1eaft d\u1eb9p c\u00e1 s\u1ea5u lacoste. Th\u00e0nh ph\u1ea7n 100% s\u1ee3i cotton n\u00ean t\u1ea1o c\u1ea3m gi\u00e1c m\u1ec1m m\u1ea1i, m\u00e1t m\u1ebb, sang tr\u1ecdng. Do l\u00e0m t\u1eeb s\u1ee3i cotton thi\u00ean nhi\u00ean n\u00ean gi\u00e1 th\u00e0nh h\u01a1i cao so v\u1edbi c\u00e1c lo\u1ea1i v\u1ea3i thun c\u00e1 s\u1ea5u ch\u1ea5t li\u1ec7u kh\u00e1c.<\/p>\n<ul>\n<li>\u01afu \u0111i\u1ec3m: \u00e1o \u0111\u01b0\u1ee3c may t\u1eeb lo\u1ea1i v\u1ea3i n\u00e0y khi m\u1eb7c s\u1ebd r\u1ea5t m\u00e1t, th\u00edch h\u1ee3p v\u1edbi kh\u00ed h\u1eadu n\u00f3ng b\u1ee9c n\u01b0\u1edbc ta. Th\u1ea5m m\u1ed3 h\u00f4i t\u1ed1t h\u01a1n so v\u1edbi c\u00e1c ch\u1ea5t li\u1ec7u kh\u00e1c.<\/li>\n<\/ul>\n<ul>\n<li>Nh\u01b0\u1ee3c \u0111i\u1ec3m: gi\u00e1 th\u00e0nh cao, b\u1ea3o qu\u1ea3n v\u00e0 gi\u1eb7t \u1ee7i kh\u00f3 h\u01a1n so v\u1edbi v\u1ea3i t\u1ed5ng h\u1ee3p.<\/li>\n<\/ul>\n<ul>\n<li>L\u01b0u \u00fd: Khi may ch\u1ea5t v\u1ea3i n\u00e0y, kh\u00e1ch h\u00e0ng ph\u1ea3i c\u00f3 kinh nghi\u1ec7m v\u00e0 s\u1ef1 c\u1ea9n th\u1eadn cao. Do \u0111\u1ed9 co r\u00fat sau th\u00e0nh ph\u1ea9m v\u00e0 gi\u1eb7t \u1ee7i cao, c\u1ea7n ph\u1ea3i l\u01b0u \u00fd.<\/li>\n<\/ul>\n","protected":false},"excerpt":{"rendered":"<p>V\u1ea3i c\u00e1 s\u1ea5u cotton l\u00e0 lo\u1ea1i v\u1ea3i thun \u0111\u01b0\u1ee3c d\u1ec7t theo ki\u1ec3u m\u1eaft d\u1eb9p c\u00e1 s\u1ea5u lacoste. Th\u00e0nh ph\u1ea7n 100% s\u1ee3i cotton n\u00ean t\u1ea1o c\u1ea3m gi\u00e1c m\u1ec1m m\u1ea1i, m\u00e1t m\u1ebb, sang tr\u1ecdng. Do l\u00e0m t\u1eeb s\u1ee3i cotton thi\u00ean nhi\u00ean n\u00ean gi\u00e1 th\u00e0nh h\u01a1i cao so v\u1edbi c\u00e1c lo\u1ea1i v\u1ea3i thun c\u00e1 s\u1ea5u ch\u1ea5t li\u1ec7u kh\u00e1c. &#8230;<\/p>\n","protected":false},"featured_media":146,"comment_status":"open","ping_status":"closed","template":"","meta":[],"_links":{"self":[{"href":"https:\/\/webmaibinh.com\/w\/shopvai2011\/wp-json\/wp\/v2\/product\/145"}],"collection":[{"href":"https:\/\/webmaibinh.com\/w\/shopvai2011\/wp-json\/wp\/v2\/product"}],"about":[{"href":"https:\/\/webmaibinh.com\/w\/shopvai2011\/wp-json\/wp\/v2\/types\/product"}],"replies":[{"embeddable":true,"href":"https:\/\/webmaibinh.com\/w\/shopvai2011\/wp-json\/wp\/v2\/comments?post=145"}],"wp:featuredmedia":[{"embeddable":true,"href":"https:\/\/webmaibinh.com\/w\/shopvai2011\/wp-json\/wp\/v2\/media\/146"}],"wp:attachment":[{"href":"https:\/\/webmaibinh.com\/w\/shopvai2011\/wp-json\/wp\/v2\/media?parent=145"}],"curies":[{"name":"wp","href":"https:\/\/api.w.org\/{rel}","templated":true}]}}