{"id":133,"date":"2019-09-05T16:15:10","date_gmt":"2019-09-05T09:15:10","guid":{"rendered":"http:\/\/shopvai.w2steam.com\/?post_type=product&#038;p=133"},"modified":"2019-09-05T16:15:10","modified_gmt":"2019-09-05T09:15:10","slug":"vai-ca-sau-pe-2-chieu","status":"publish","type":"product","link":"https:\/\/webmaibinh.com\/w\/shopvai2011\/s\u1ea3n ph\u1ea9m\/vai-ca-sau-pe-2-chieu\/","title":{"rendered":"V\u1ea3i c\u00e1 s\u1ea5u PE 2 chi\u1ec1u"},"content":{"rendered":"<p>V\u1ea3i c\u00e1 s\u1ea5u Pe 2 chi\u1ec1u l\u00e0 lo\u1ea1i v\u1ea3i c\u00f3 ki\u1ec3u d\u1ec7t t\u01b0\u01a1ng t\u1ef1 nh\u01b0 v\u1ea3i c\u00e1 s\u1ea5u Pe 4 chi\u1ec1u. Nh\u01b0ng th\u00e0nh ph\u1ea7n s\u1ee3i spandex \u0111\u01b0\u1ee3c l\u01b0\u1ee3c b\u1ecf \u0111\u1ec3 gi\u1ea3m gi\u00e1 th\u00e0nh. N\u00ean lo\u1ea1i v\u1ea3i n\u00e0y ch\u1ec9 c\u00f3 \u0111\u1ed9 co gi\u00e3n 2 chi\u1ec1u, b\u00f9 l\u1ea1i th\u00ec gi\u00e1 r\u1ebb h\u01a1n. T\u00f9y theo m\u1ee5c \u0111\u00edch s\u1eed d\u1ee5ng ng\u01b0\u1eddi mua c\u00f3 th\u1ec3 c\u00e2n nh\u1eafc n\u00ean ch\u1ecdn gi\u1eefa 2 chi\u1ec1u v\u00e0 4 chi\u1ec1u.<\/p>\n<p>V\u00ec gi\u00e1 th\u00e0nh thu\u1ed9c h\u00e0ng t\u1ed1t nh\u1ea5t trong c\u00e1c lo\u1ea1i v\u1ea3i thun c\u00e1 s\u1ea5u, l\u1ea1i v\u1eeba \u0111\u1eb9p. N\u00ean ph\u00f9 h\u1ee3p may \u00e1o qu\u1ea3ng c\u00e1o, \u00e1o s\u1ef1 ki\u1ec7n, \u00e1o h\u1ed9i ngh\u1ecb. B\u00ean c\u1ea1nh \u0111\u00f3 hi\u1ec7n nay c\u00f2n c\u00f3 lo\u1ea1i v\u1ea3i thun m\u1edbi l\u00e0\u00a0v\u1ea3i thun c\u00e1 s\u1ea5u m\u00e8\u00a0c\u0169ng r\u1ea5t th\u00edch h\u1ee3p thay th\u1ebf lo\u1ea1i v\u1ea3i n\u00e0y.<\/p>\n<ul>\n<li>\u01afu \u0111i\u1ec3m: Gi\u00e1 th\u00e0nh r\u1ebb, m\u1ecfng h\u01a1n c\u00e1 s\u1ea5u pe 4 chi\u1ec1u n\u00ean m\u00e1t h\u01a1n. b\u1ec1n m\u00e0u. In chuy\u1ec3n nhi\u1ec7t t\u1ed1t.<\/li>\n<li>Khuy\u1ebft \u0111i\u1ec3m: D\u1ec5 x\u00f9 l\u00f4ng h\u01a1n c\u00e1c lo\u1ea1i v\u1ea3i kh\u00e1c.<\/li>\n<\/ul>\n","protected":false},"excerpt":{"rendered":"<p>V\u1ea3i c\u00e1 s\u1ea5u Pe 2 chi\u1ec1u l\u00e0 lo\u1ea1i v\u1ea3i c\u00f3 ki\u1ec3u d\u1ec7t t\u01b0\u01a1ng t\u1ef1 nh\u01b0 v\u1ea3i c\u00e1 s\u1ea5u Pe 4 chi\u1ec1u. Nh\u01b0ng th\u00e0nh ph\u1ea7n s\u1ee3i spandex \u0111\u01b0\u1ee3c l\u01b0\u1ee3c b\u1ecf \u0111\u1ec3 gi\u1ea3m gi\u00e1 th\u00e0nh. N\u00ean lo\u1ea1i v\u1ea3i n\u00e0y ch\u1ec9 c\u00f3 \u0111\u1ed9 co gi\u00e3n 2 chi\u1ec1u, b\u00f9 l\u1ea1i th\u00ec gi\u00e1 r\u1ebb h\u01a1n. T\u00f9y theo m\u1ee5c \u0111\u00edch s\u1eed &#8230;<\/p>\n","protected":false},"featured_media":134,"comment_status":"open","ping_status":"closed","template":"","meta":[],"_links":{"self":[{"href":"https:\/\/webmaibinh.com\/w\/shopvai2011\/wp-json\/wp\/v2\/product\/133"}],"collection":[{"href":"https:\/\/webmaibinh.com\/w\/shopvai2011\/wp-json\/wp\/v2\/product"}],"about":[{"href":"https:\/\/webmaibinh.com\/w\/shopvai2011\/wp-json\/wp\/v2\/types\/product"}],"replies":[{"embeddable":true,"href":"https:\/\/webmaibinh.com\/w\/shopvai2011\/wp-json\/wp\/v2\/comments?post=133"}],"wp:featuredmedia":[{"embeddable":true,"href":"https:\/\/webmaibinh.com\/w\/shopvai2011\/wp-json\/wp\/v2\/media\/134"}],"wp:attachment":[{"href":"https:\/\/webmaibinh.com\/w\/shopvai2011\/wp-json\/wp\/v2\/media?parent=133"}],"curies":[{"name":"wp","href":"https:\/\/api.w.org\/{rel}","templated":true}]}}