{"id":105,"date":"2019-09-05T15:44:58","date_gmt":"2019-09-05T08:44:58","guid":{"rendered":"http:\/\/shopvai.w2steam.com\/?post_type=product&#038;p=105"},"modified":"2019-09-05T15:48:02","modified_gmt":"2019-09-05T08:48:02","slug":"vai-thun-pe","status":"publish","type":"product","link":"https:\/\/webmaibinh.com\/w\/shopvai2011\/s\u1ea3n ph\u1ea9m\/vai-thun-pe\/","title":{"rendered":"V\u1ea3i thun PE"},"content":{"rendered":"<p class=\"has-normal-font-size\">V\u1ea3i thun PE l\u00e0 lo\u1ea1i v\u1ea3i \u0111\u01b0\u1ee3c d\u1ec7t t\u1eeb s\u1ee3i PE. V\u1edbi th\u00e0nh ph\u1ea7n c\u1ea5u t\u1ea1o \u0111\u1ebfn 100% polyester kh\u00f4ng s\u1ee3i spandex. Lo\u1ea1i v\u1ea3i n\u00e0y th\u01b0\u1eddng g\u1ecdi l\u00e0 pe 2 chi\u1ec1u c\u00f3 gi\u00e1 r\u1ea5t r\u1ebb, \u0111i k\u00e8m v\u1edbi kh\u1ea3 n\u0103ng in chuy\u1ec3n nhi\u1ec7t t\u1ed1t nh\u1ea5t. V\u1edbi \u0111\u1eb7t \u0111i\u1ec3m 100% s\u1ee3i pe n\u00ean lo\u1ea1i v\u1ea3i n\u00e0y m\u1eb7c r\u1ea5t n\u00f3ng n\u1ebfu \u0111\u1ecbnh l\u01b0\u1ee3ng d\u00e0y. Th\u00edch h\u01a1p v\u1edbi nh\u1eefng v\u00f9ng c\u00f3 kh\u00ed h\u1eadu l\u1ea1nh nh\u01b0 mi\u1ec1n b\u1eafc v\u00e0 t\u00e2y nguy\u00ean. B\u00ean c\u1ea1nh \u0111\u00f3 c\u00f2n c\u00f3 lo\u1ea1i v\u1ea3i thun pe 4 chi\u1ec1u c\u00f2n g\u1ecdi l\u00e0\u00a0<strong>v\u1ea3i su pe<\/strong><\/p>\n<h4>\u0110\u1eb7c \u0111i\u1ec3m c\u1ee7a v\u1ea3i pe 2 chi\u1ec1u<\/h4>\n<ul>\n<li>\u01afu \u0111i\u1ec3m nh\u1eadn bi\u1ebft r\u00f5 nh\u1ea5t v\u1ec1 lo\u1ea1i v\u1ea3i n\u00e0y l\u00e0 \u0111\u1ed9 b\u1ec1n cao, m\u00e0u s\u1eafc \u00edt b\u1ecb phai m\u1edd theo th\u1eddi gian. In chuy\u1ec3n nhi\u1ec7t \u0111\u1eb9p l\u00e0 m\u1ed9t \u01b0u \u0111i\u1ec3m n\u1ed5i b\u1eadc c\u1ee7a s\u1ee3i PE. Gi\u00e1 c\u1ee7a lo\u1ea1i v\u1ea3i n\u00e0y thu\u1ed9c lo\u1ea1i th\u1ea5p nh\u1ea5t trong c\u00e1c lo\u1ea1i v\u1ea3i thun.<\/li>\n<\/ul>\n<ul>\n<li>Nh\u01b0\u1ee3c \u0111i\u1ec3m: n\u1ebfu \u0111\u1ecbnh l\u01b0\u1ee3ng v\u1ea3i d\u00e0y m\u1eb7c s\u1ebd r\u1ea5t n\u00f3ng do v\u1ea3i n\u00e0y tho\u00e1t m\u1ed3 h\u00f4i r\u1ea5t k\u00e9m. C\u00e1ch kh\u1eafc ph\u1ee5c l\u00e0 l\u1ee3i d\u1ee5ng \u0111\u1ed9 m\u1ecfng c\u1ee7a \u0111\u1ecbnh l\u01b0\u1ee3ng v\u1ea3i l\u00e0m cho b\u1ec1 m\u1eb7t v\u1ea3i tho\u00e1ng kh\u00ed t\u1ed1t h\u01a1n. Gi\u00fap tho\u00e1t n\u01b0\u1edbc t\u1ed1t h\u01a1n, m\u1ed3 h\u00f4i c\u00f3 th\u1ec3 dang tho\u00e1t ra b\u00ean ngo\u00e0i. \u0110i\u1ec1u \u0111\u00f3 khi\u1ebfn lo\u1ea1i v\u1ea3i n\u00e0y th\u00edch h\u1ee3p \u0111\u1ec3 may \u0111\u1ed3 \u0111\u1ed3ng ph\u1ee5c h\u1ecdc sinh m\u1eabu gi\u00e1o, \u0111\u1ed3 \u0111\u1ed3ng ph\u1ee5c h\u1ecdc sinh c\u1ea5p 1, 2, 3. V\u00e0 d\u00f9ng l\u00e0m v\u1ea3i l\u00f3t trong, qu\u1ea7n \u00e1o qu\u1ea3ng c\u00e1o.<\/li>\n<\/ul>\n<p class=\"has-normal-font-size\">Hi\u1ec7n Shop v\u1ea3i Th\u00fay Loan cung c\u1ea5p r\u1ea5t nhi\u1ec1u \u0111\u1ecbnh l\u01b0\u1ee3ng v\u1ea3i m\u1ecfng d\u00e0y cho kh\u00e1ch h\u00e0ng d\u1ec5 d\u00e0ng ch\u1ecdn l\u1ef1a:<\/p>\n<p class=\"has-text-color has-normal-font-size has-vivid-red-color\"><strong>T\u01b0 v\u1ea5n v\u1ec1 v\u1ea3i thun mi\u1ec5n ph\u00ed: 0913.720.185<\/strong><\/p>\n<p><strong>Kh\u1ed5 1m8\/ tr\u1ecdng l\u01b0\u1ee3ng 2m8, 2m9, 3m, 3m2, 3m5, 4m, 4m2.<\/strong><\/p>\n","protected":false},"excerpt":{"rendered":"<p>V\u1ea3i thun PE l\u00e0 lo\u1ea1i v\u1ea3i \u0111\u01b0\u1ee3c d\u1ec7t t\u1eeb s\u1ee3i PE. V\u1edbi th\u00e0nh ph\u1ea7n c\u1ea5u t\u1ea1o \u0111\u1ebfn 100% polyester kh\u00f4ng s\u1ee3i spandex. Lo\u1ea1i v\u1ea3i n\u00e0y th\u01b0\u1eddng g\u1ecdi l\u00e0 pe 2 chi\u1ec1u c\u00f3 gi\u00e1 r\u1ea5t r\u1ebb, \u0111i k\u00e8m v\u1edbi kh\u1ea3 n\u0103ng in chuy\u1ec3n nhi\u1ec7t t\u1ed1t nh\u1ea5t. V\u1edbi \u0111\u1eb7t \u0111i\u1ec3m 100% s\u1ee3i pe n\u00ean lo\u1ea1i v\u1ea3i n\u00e0y m\u1eb7c r\u1ea5t n\u00f3ng n\u1ebfu \u0111\u1ecbnh l\u01b0\u1ee3ng d\u00e0y. Th\u00edch h\u01a1p v\u1edbi nh\u1eefng v\u00f9ng c\u00f3 kh\u00ed h\u1eadu l\u1ea1nh nh\u01b0 mi\u1ec1n b\u1eafc v\u00e0 t\u00e2y nguy\u00ean. B\u00ean c\u1ea1nh \u0111\u00f3 c\u00f2n c\u00f3 lo\u1ea1i v\u1ea3i thun pe 4 chi\u1ec1u c\u00f2n g\u1ecdi l\u00e0\u00a0<strong>v\u1ea3i su pe<\/strong><em><strong><a href=\"https:\/\/vaithunanhduongvn.com\/vai-thun-su-suoc-pha\/\">\u00a0<\/a><\/strong><\/em><\/p>\n","protected":false},"featured_media":106,"comment_status":"open","ping_status":"closed","template":"","meta":[],"_links":{"self":[{"href":"https:\/\/webmaibinh.com\/w\/shopvai2011\/wp-json\/wp\/v2\/product\/105"}],"collection":[{"href":"https:\/\/webmaibinh.com\/w\/shopvai2011\/wp-json\/wp\/v2\/product"}],"about":[{"href":"https:\/\/webmaibinh.com\/w\/shopvai2011\/wp-json\/wp\/v2\/types\/product"}],"replies":[{"embeddable":true,"href":"https:\/\/webmaibinh.com\/w\/shopvai2011\/wp-json\/wp\/v2\/comments?post=105"}],"wp:featuredmedia":[{"embeddable":true,"href":"https:\/\/webmaibinh.com\/w\/shopvai2011\/wp-json\/wp\/v2\/media\/106"}],"wp:attachment":[{"href":"https:\/\/webmaibinh.com\/w\/shopvai2011\/wp-json\/wp\/v2\/media?parent=105"}],"curies":[{"name":"wp","href":"https:\/\/api.w.org\/{rel}","templated":true}]}}