{"id":340,"date":"2019-08-21T02:11:54","date_gmt":"2019-08-21T09:11:54","guid":{"rendered":"http:\/\/sango.w2steam.com\/?post_type=product&#038;p=340"},"modified":"2019-08-22T09:47:14","modified_gmt":"2019-08-22T16:47:14","slug":"san-go-lim-chau-phi-tali","status":"publish","type":"product","link":"https:\/\/webmaibinh.com\/w\/sango2011\/san-pham\/san-go-lim-chau-phi-tali\/","title":{"rendered":"S\u00e0n g\u1ed7 Lim Ch\u00e2u Phi (TALI)"},"content":{"rendered":"<p>G\u1ed7 lim qu\u00fd, c\u1ee9ng, ch\u1eafc, n\u1eb7ng v\u00e0 b\u1ec1n, kh\u00f4ng b\u1ecb m\u1ed1i m\u1ecdt th\u01b0\u1eddng \u0111\u01b0\u1ee3c d\u00f9ng trong ki\u1ebfn tr\u00fac nh\u01b0: c\u1ed9t, k\u00e8o, x\u00e0 v\u00e0 c\u00e1c ki\u1ebfn tr\u00fac trong x\u00e2y d\u1ef1ng theo l\u1ed1i c\u1ed5, v\u00e0 \u0111\u01b0\u1ee3c \u1ee9ng d\u1ee5ng trong c\u00f4ng tr\u00ecnh th\u1ee7y l\u1ee3i nh\u01b0: c\u1ea7u c\u1ed1ng, \u0111\u00f3ng t\u00e0u thuy\u1ec1n, l\u00e0m v\u00e1n s\u00e0n, t\u00e0 v\u1eb9t, \u0111\u00f3ng c\u00e1c \u0111\u1ed3 trang tr\u00ed trong gia \u0111\u00ecnh.<\/p>\n<p><img loading=\"lazy\" class=\"aligncenter size-full wp-image-282\" src=\"https:\/\/sangosht.vn\/wp-content\/uploads\/2019\/06\/Lim-Ch%C3%A2u-phi.jpg\" sizes=\"(max-width: 411px) 100vw, 411px\" srcset=\"https:\/\/sangosht.vn\/wp-content\/uploads\/2019\/06\/Lim-Ch\u00e2u-phi.jpg 411w, https:\/\/sangosht.vn\/wp-content\/uploads\/2019\/06\/Lim-Ch\u00e2u-phi-294x300.jpg 294w\" alt=\"\" width=\"411\" height=\"420\" \/><\/p>\n<p>S\u00e0n g\u1ed7 CQ cung c\u1ea5p v\u00e0 thi c\u00f4ng h\u1ea1ng m\u1ee5c s\u00e0n g\u1ed7 G\u00f5 \u0110\u1ecf L\u00e0o quy c\u00e1ch \u0111\u1ed9c 18 x 125 x 900 mm t\u1ea1i bi\u1ec7t th\u1ef1 s\u1ed1 23 \u0111\u01b0\u1eddng s\u1ed1 4 KDC Him Lam, Qu\u1eadn 7. Y\u00eau c\u1ea7u c\u1ee7a anh V\u1ebb \u2013 ch\u1ee7 c\u0103n bi\u1ec7t th\u1ef1 l\u00e0 \u0111\u1ea3m b\u1ea3o 100% h\u00e0ng g\u00f5 \u0111\u1ecf L\u00e0o, ch\u1ea5t l\u01b0\u1ee3ng t\u01b0\u01a1ng \u0111\u1ed3ng, thi c\u00f4ng \u0111\u1ea3m b\u1ea3o chuy\u00ean nghi\u1ec7p v\u00e0 ch\u1ea5t l\u01b0\u1ee3ng c\u0169ng nh\u01b0 quy c\u00e1ch c\u00e0ng d\u00e0y, c\u00e0ng d\u00e0i c\u00e0ng t\u1ed1t. Trong kh\u1ea3 n\u0103ng cung c\u1ea5p c\u1ee7a m\u00ecnh, s\u00e0n g\u1ed7 CQ th\u1ef1c hi\u1ec7n vi\u1ec7c l\u00f3t s\u00e0n g\u1ed7 \u0110\u1ecf d\u00e0y 18mm tr\u00ean h\u1ec7 x\u1ed1p l\u00f3t l\u00e0 d\u00f2ng x\u1ed1p nh\u1eadt Sekisui thay cho c\u00e1c lo\u1ea1i foam b\u1ea1c (x\u1ed1p b\u1ea1c) ho\u1eb7c x\u1ed1p cao su non.<\/p>\n<p>S\u00e0n g\u1ed7 CQ cung c\u1ea5p v\u00e0 thi c\u00f4ng h\u1ea1ng m\u1ee5c s\u00e0n g\u1ed7 G\u00f5 \u0110\u1ecf L\u00e0o quy c\u00e1ch \u0111\u1ed9c 18 x 125 x 900 mm t\u1ea1i bi\u1ec7t th\u1ef1 s\u1ed1 23 \u0111\u01b0\u1eddng s\u1ed1 4 KDC Him Lam, Qu\u1eadn 7. Y\u00eau c\u1ea7u c\u1ee7a anh V\u1ebb \u2013 ch\u1ee7 c\u0103n bi\u1ec7t th\u1ef1 l\u00e0 \u0111\u1ea3m b\u1ea3o 100% h\u00e0ng g\u00f5 \u0111\u1ecf L\u00e0o, ch\u1ea5t l\u01b0\u1ee3ng t\u01b0\u01a1ng \u0111\u1ed3ng, thi c\u00f4ng \u0111\u1ea3m b\u1ea3o chuy\u00ean nghi\u1ec7p v\u00e0 ch\u1ea5t l\u01b0\u1ee3ng c\u0169ng nh\u01b0 quy c\u00e1ch c\u00e0ng d\u00e0y, c\u00e0ng d\u00e0i c\u00e0ng t\u1ed1t. Trong kh\u1ea3 n\u0103ng cung c\u1ea5p c\u1ee7a m\u00ecnh, s\u00e0n g\u1ed7 CQ th\u1ef1c hi\u1ec7n vi\u1ec7c l\u00f3t s\u00e0n g\u1ed7 \u0110\u1ecf d\u00e0y 18mm tr\u00ean h\u1ec7 x\u1ed1p l\u00f3t l\u00e0 d\u00f2ng x\u1ed1p nh\u1eadt Sekisui thay cho c\u00e1c lo\u1ea1i foam b\u1ea1c (x\u1ed1p b\u1ea1c) ho\u1eb7c x\u1ed1p cao su non.<\/p>\n","protected":false},"excerpt":{"rendered":"<ul>\n<li>K\u00edch th\u01b0\u1edbc: 15;18 x 60;90;120 x 600;750;900;1200;1500<\/li>\n<li>Big size: 15:18 x 150; 180 x 1500;1800 (D\u00e0y x R\u1ed9ng x D\u00e0i)<\/li>\n<li>\u0110\u1ed9 \u1ea9m t\u1eeb 10 \u0111\u1ebfn 12%<\/li>\n<li>C\u1ea1nh ph\u1ee7 s\u00e1p n\u1ebfn ch\u1ed1ng \u1ea9m<\/li>\n<li>S\u01a1n UV 8 l\u1edbp ho\u00e0n thi\u1ec7n<\/li>\n<li>Kh\u1ea3 n\u0103ng ch\u1ecbu m\u00e0i m\u00f2n, ch\u1ed1ng tr\u1ea7y x\u01b0\u1edbc b\u1ec1 m\u1eb7t, ch\u1ed1ng cong v\u00eanh<\/li>\n<\/ul>\n","protected":false},"featured_media":341,"comment_status":"open","ping_status":"closed","template":"","meta":[],"_links":{"self":[{"href":"https:\/\/webmaibinh.com\/w\/sango2011\/wp-json\/wp\/v2\/product\/340"}],"collection":[{"href":"https:\/\/webmaibinh.com\/w\/sango2011\/wp-json\/wp\/v2\/product"}],"about":[{"href":"https:\/\/webmaibinh.com\/w\/sango2011\/wp-json\/wp\/v2\/types\/product"}],"replies":[{"embeddable":true,"href":"https:\/\/webmaibinh.com\/w\/sango2011\/wp-json\/wp\/v2\/comments?post=340"}],"wp:featuredmedia":[{"embeddable":true,"href":"https:\/\/webmaibinh.com\/w\/sango2011\/wp-json\/wp\/v2\/media\/341"}],"wp:attachment":[{"href":"https:\/\/webmaibinh.com\/w\/sango2011\/wp-json\/wp\/v2\/media?parent=340"}],"curies":[{"name":"wp","href":"https:\/\/api.w.org\/{rel}","templated":true}]}}