{"id":34,"date":"2019-08-20T19:45:16","date_gmt":"2019-08-21T02:45:16","guid":{"rendered":"http:\/\/sango.w2steam.com\/?page_id=34"},"modified":"2020-05-09T07:46:33","modified_gmt":"2020-05-09T14:46:33","slug":"lien-he","status":"publish","type":"page","link":"https:\/\/webmaibinh.com\/w\/sango2011\/lien-he\/","title":{"rendered":"Li\u00ean h\u1ec7"},"content":{"rendered":"\t<div class=\"img has-hover x md-x lg-x y md-y lg-y\" id=\"image_1775140464\">\n\t\t\t\t\t\t\t\t<div class=\"img-inner dark\" >\n\t\t\t<img width=\"1920\" height=\"501\" src=\"https:\/\/webmaibinh.com\/w\/sango2011\/wp-content\/uploads\/2019\/08\/slide01.jpg\" class=\"attachment-original size-original\" alt=\"\" loading=\"lazy\" srcset=\"https:\/\/webmaibinh.com\/w\/sango2011\/wp-content\/uploads\/2019\/08\/slide01.jpg 1920w, https:\/\/webmaibinh.com\/w\/sango2011\/wp-content\/uploads\/2019\/08\/slide01-510x133.jpg 510w, https:\/\/webmaibinh.com\/w\/sango2011\/wp-content\/uploads\/2019\/08\/slide01-300x78.jpg 300w, https:\/\/webmaibinh.com\/w\/sango2011\/wp-content\/uploads\/2019\/08\/slide01-768x200.jpg 768w, https:\/\/webmaibinh.com\/w\/sango2011\/wp-content\/uploads\/2019\/08\/slide01-1024x267.jpg 1024w\" sizes=\"(max-width: 1920px) 100vw, 1920px\" \/>\t\t\t\t\t\t\n\t\t\t\t\t<\/div>\n\t\t\t\t\t\t\t\t\n<style>\n#image_1775140464 {\n  width: 100%;\n}\n<\/style>\n\t<\/div>\n\t\n\t<div id=\"gap-635385008\" class=\"gap-element clearfix\" style=\"display:block; height:auto;\">\n\t\t\n<style>\n#gap-635385008 {\n  padding-top: 30px;\n}\n<\/style>\n\t<\/div>\n\t\n<div class=\"row\"  id=\"row-2046017481\">\n\n\t<div id=\"col-400425255\" class=\"col medium-6 small-12 large-6\"  >\n\t\t<div class=\"col-inner\"  >\n\t\t\t\n\t\t\t\n<div id=\"toc_container\" class=\"toc_white no_bullets\"><p class=\"toc_title\">N\u1ed9i dung ch&iacute;nh<\/p><ul class=\"toc_list\"><li><a href=\"#Cong_ty_Co_phan_San_go_tu_nhien_SHT\"><span class=\"toc_number toc_depth_1\">1<\/span> C\u00f4ng ty C\u1ed5 ph\u1ea7n S\u00e0n g\u1ed7 t\u1ef1 nhi\u00ean SHT<\/a><\/li><li><a href=\"#Thoi_gian_lam_viec\"><span class=\"toc_number toc_depth_1\">2<\/span> Th\u1eddi gian l\u00e0m vi\u1ec7c<\/a><\/li><li><a href=\"#Thong_tin_lien_he\"><span class=\"toc_number toc_depth_1\">3<\/span> Th\u00f4ng tin li\u00ean h\u1ec7<\/a><\/li><\/ul><\/div>\n<h3><span id=\"Cong_ty_Co_phan_San_go_tu_nhien_SHT\">C\u00f4ng ty C\u1ed5 ph\u1ea7n S\u00e0n g\u1ed7 t\u1ef1 nhi\u00ean SHT<\/span><\/h3>\n<p>Ch\u00fang t\u00f4i l\u00e0 \u0111\u01a1n v\u1ecb c\u00f3 nhi\u1ec1u n\u0103m kinh nghi\u1ec7m thi\u1ebft k\u1ebf v\u00e0 thi c\u00f4ng s\u00e0n g\u1ed7 cho c\u00f4ng ty v\u00e0 gia \u0111\u00ecnh, ch\u00fang t\u00f4i t\u1ef1 tin s\u1ebd l\u00e0 l\u1ef1a ch\u1ecdn t\u1ed1t nh\u1ea5t cho qu\u00fd kh\u00e1ch. Ngo\u00e0i ra ch\u00fang t\u00f4i lu\u00f4n \u0111\u1ec1 cao ch\u1ea5t l\u01b0\u1ee3ng s\u1ea3n ph\u1ea9m t\u1ed1t, gi\u00e1 th\u00e0nh h\u1ee3p l\u00fd, \u0111\u00e1p \u1ee9ng \u0111\u01b0\u1ee3c y\u00eau c\u1ea7u cao t\u1eeb qu\u00fd kh\u00e1ch<\/p>\n<h3><span id=\"Thoi_gian_lam_viec\">Th\u1eddi gian l\u00e0m vi\u1ec7c<\/span><\/h3>\n<p>Ch\u00fang t\u00f4i l\u00e0m vi\u1ec7c t\u1eeb 8-19h h\u00e0ng ng\u00e0y (c\u1ea3 th\u1ee9 7 &amp; CN), n\u1ebfu qu\u00fd kh\u00e1ch c\u1ea7n g\u1ea5p ngo\u00e0i gi\u1edd h\u00e0nh ch\u00ednh vui l\u00f2ng li\u00ean h\u1ec7 ch\u00fang t\u00f4i qua S\u0110T 090 349 8822 \u0111\u1ec3 \u0111\u01b0\u1ee3c h\u1ed7 tr\u1ee3 t\u1ed1t nh\u1ea5t, xin c\u1ea3m \u01a1n!<\/p>\n\t\t<\/div>\n\t\t\t<\/div>\n\n\t\n\n\t<div id=\"col-595930954\" class=\"col medium-6 small-12 large-6\"  >\n\t\t<div class=\"col-inner\"  >\n\t\t\t\n\t\t\t\n<h3><span id=\"Thong_tin_lien_he\">Th\u00f4ng tin li\u00ean h\u1ec7<\/span><\/h3>\n<ul>\n<li><span style=\"font-size: 100%;\"><strong>Showroom HCM:<\/strong> Ph\u1ea1m V\u0103n B\u1ea1ch, P. 15, Q. T\u00e2n B\u00ecnh, Tp. HCM<\/span><\/li>\n<li><span style=\"font-size: 100%;\"><strong>Nh\u00e0 m\u00e1y:<\/strong> Ph\u1ea1m V\u0103n B\u1ea1ch, P. 15, Q. T\u00e2n B\u00ecnh, Tp. HCM<\/span><\/li>\n<li><span style=\"font-size: 100%;\"><strong>Hotline:<\/strong>0999.999.999 \u2013 0999.999.999<\/span><\/li>\n<li><span style=\"font-size: 100%;\"><strong> Email:<\/strong> email@gmail.com<\/span><\/li>\n<li><span style=\"font-size: 100%;\"><strong>Website:<\/strong> <a href=\"#\">www.tenweb.vn<\/a><\/span><\/li>\n<\/ul>\n\t\t<\/div>\n\t\t\t<\/div>\n\n\t\n<\/div>\n","protected":false},"excerpt":{"rendered":"","protected":false},"author":1,"featured_media":0,"parent":0,"menu_order":0,"comment_status":"closed","ping_status":"closed","template":"page-blank.php","meta":[],"_links":{"self":[{"href":"https:\/\/webmaibinh.com\/w\/sango2011\/wp-json\/wp\/v2\/pages\/34"}],"collection":[{"href":"https:\/\/webmaibinh.com\/w\/sango2011\/wp-json\/wp\/v2\/pages"}],"about":[{"href":"https:\/\/webmaibinh.com\/w\/sango2011\/wp-json\/wp\/v2\/types\/page"}],"author":[{"embeddable":true,"href":"https:\/\/webmaibinh.com\/w\/sango2011\/wp-json\/wp\/v2\/users\/1"}],"replies":[{"embeddable":true,"href":"https:\/\/webmaibinh.com\/w\/sango2011\/wp-json\/wp\/v2\/comments?post=34"}],"version-history":[{"count":3,"href":"https:\/\/webmaibinh.com\/w\/sango2011\/wp-json\/wp\/v2\/pages\/34\/revisions"}],"predecessor-version":[{"id":957,"href":"https:\/\/webmaibinh.com\/w\/sango2011\/wp-json\/wp\/v2\/pages\/34\/revisions\/957"}],"wp:attachment":[{"href":"https:\/\/webmaibinh.com\/w\/sango2011\/wp-json\/wp\/v2\/media?parent=34"}],"curies":[{"name":"wp","href":"https:\/\/api.w.org\/{rel}","templated":true}]}}