{"id":165,"date":"2018-06-16T00:23:06","date_gmt":"2018-06-15T17:23:06","guid":{"rendered":"https:\/\/bizhostvn.com\/w\/salecar2\/?post_type=product&#038;p=165"},"modified":"2018-06-16T00:23:06","modified_gmt":"2018-06-15T17:23:06","slug":"doi-mau-noi-that-fotuner-cao-cap-them-tran-sao","status":"publish","type":"product","link":"https:\/\/webmaibinh.com\/w\/salecar2\/san-pham\/doi-mau-noi-that-fotuner-cao-cap-them-tran-sao\/","title":{"rendered":"\u0110\u1ed5i m\u00e0u n\u1ed9i th\u1ea5t Fotuner cao c\u1ea5p th\u00eam tr\u1ea7n sao"},"content":{"rendered":"<p>\u0110\u1ed4I M\u00c0U N\u1ed8I N\u1ed8I TH\u1ea4T FOTUNE \u0110\u1eb2NG C\u1ea4P T\u1ea0I VI\u1ec6T THANH AUTO\u00a0\u00a0-\u0111\u1ed9 \u0111\u1ed5i m\u00e0u n\u1ed9i th\u1ea5t \u00f4 t\u00f4<\/p>\n<p>FOTUNE B\u1ea2N \u0110\u1ed8 XE CAO C\u1ea4P NH\u1ea4T H\u1ec6N NAY \u0110\u1eb8P V\u00c0 \u0110\u1eb2NG C\u1ea4P NH\u1ea4T VI\u1ec6T NAM V\u1edaI G\u00d3I \u0110\u1ed4I M\u00c0U M\u00c0 CH\u00daNG T\u00d4I \u0110\u00c3 C\u00d3 G\u1eaeNG T\u1ea0O RA<\/p>\n<p>???? MAY GH\u1ebe DA \u00d4 T\u00d4 DA C\u00d4NG NGHI\u1ec6P NH\u1eacP<\/p>\n<p>????S\u01a0N L\u1ea0I NH\u1ef0A CH\u1ea4T LI\u1ec6U S\u01a0N NH\u1eacP CAO C\u1ea4P B\u1ea2O H\u00c0NH T\u1edaI 5 n\u0103m<\/p>\n<p>???? NH\u00daNG V\u00c2N G\u1ed6 \u0110\u1ed8C NH\u1ea4T M\u1edaI NH\u1ea4T HI\u1ec6N T\u1ea0I<\/p>\n<p>????tr\u1ea7n thi\u1ebft k\u1ebf da v\u00e0 th\u00eam tr\u1ea7n sao m\u01a1i<\/p>\n<p>???? Th\u1ea3m l\u00f3t s\u00e0n 6D cacbon m\u1edbi<\/p>\n<p>???? M\u1eccI CHI TI\u1ebeT LI\u00caN H\u1ec6<\/p>\n","protected":false},"excerpt":{"rendered":"<ul>\n<li>May gh\u1ebf da \u00f4 t\u00f4 da c\u00f4ng nghi\u1ec7p nh\u1eadp<\/li>\n<li>S\u01a1n l\u1ea1i nh\u1ef1a ch\u1ea5t li\u1ec7u s\u01a1n nh\u1eadp cao c\u1ea5p b\u1ea3o h\u00e0nh t\u1edbi 5 n\u0103m<\/li>\n<li>Nh\u00fang v\u00e2n g\u1ed7 \u0111\u1ed9c nh\u1ea5t m\u1edbi hi\u1ec7n t\u1ea1i<\/li>\n<\/ul>\n","protected":false},"featured_media":166,"comment_status":"open","ping_status":"closed","template":"","meta":[],"_links":{"self":[{"href":"https:\/\/webmaibinh.com\/w\/salecar2\/wp-json\/wp\/v2\/product\/165"}],"collection":[{"href":"https:\/\/webmaibinh.com\/w\/salecar2\/wp-json\/wp\/v2\/product"}],"about":[{"href":"https:\/\/webmaibinh.com\/w\/salecar2\/wp-json\/wp\/v2\/types\/product"}],"replies":[{"embeddable":true,"href":"https:\/\/webmaibinh.com\/w\/salecar2\/wp-json\/wp\/v2\/comments?post=165"}],"wp:featuredmedia":[{"embeddable":true,"href":"https:\/\/webmaibinh.com\/w\/salecar2\/wp-json\/wp\/v2\/media\/166"}],"wp:attachment":[{"href":"https:\/\/webmaibinh.com\/w\/salecar2\/wp-json\/wp\/v2\/media?parent=165"}],"curies":[{"name":"wp","href":"https:\/\/api.w.org\/{rel}","templated":true}]}}