{"id":686,"date":"2019-07-30T17:29:25","date_gmt":"2019-07-30T10:29:25","guid":{"rendered":"https:\/\/ghevanphong.khowebseotop.vn\/?page_id=686"},"modified":"2020-03-30T10:20:12","modified_gmt":"2020-03-30T03:20:12","slug":"chinh-sach-bao-hanh","status":"publish","type":"page","link":"https:\/\/webmaibinh.com\/w\/phukienbida2011\/chinh-sach-bao-hanh\/","title":{"rendered":"Ch\u00ednh s\u00e1ch b\u1ea3o h\u00e0nh"},"content":{"rendered":"<h2><strong>Quy \u0111\u1ecbnh v\u00e0 h\u00ecnh th\u1ee9c thanh to\u00e1n<\/strong><\/h2>\n<p>Kh\u00e1ch h\u00e0ng thanh to\u00e1n b\u1eb1ng ti\u1ec1n m\u1eb7t ngay khi nh\u1eadn h\u00e0ng ho\u1eb7c b\u1eb1ng h\u00ecnh th\u1ee9c theo th\u1ecfa thu\u1eadn c\u1ee7a kh\u00e1ch h\u00e0ng v\u1edbi Bida Tr\u1ea7n Ch\u00e2n.<\/p>\n<h2 id=\"van-chuyen\"><strong>Ch\u00ednh s\u00e1ch v\u1eadn chuy\u1ec3n, giao nh\u1eadn<\/strong><\/h2>\n<p>Sau khi b\u00e0n b\u1ea1c \u0111i\u00a0 \u0111\u1ebfn th\u1ed1ng nh\u1ea5t giao d\u1ecbch h\u00e0ng h\u00f3a, S\u1ea3n ph\u1ea9m d\u1ecbch v\u1ee5 c\u1ee7a qu\u00fd kh\u00e1ch \u0111\u01b0\u1ee3c ch\u00fang t\u00f4i th\u1ecfa thu\u1eadn giao nh\u1eadn t\u1ea1i x\u01b0\u1edfng c\u1ee7a ch\u00fang t\u00f4i ho\u1eb7c t\u1ea1i n\u01a1i y\u00eau c\u1ea7u c\u1ee7a kh\u00e1ch h\u00e0ng. \u0110i\u1ec1u n\u00e0y qu\u00fd kh\u00e1ch \u0111\u01b0\u1ee3c theo d\u00f5i trong h\u1ee3p \u0111\u1ed3ng theo th\u1ecfa thu\u1eadn.<\/p>\n<h2 id=\"bao-hanh\"><strong>Ch\u00ednh s\u00e1ch b\u1ea3o h\u00e0nh<\/strong><\/h2>\n<p>Do \u0111\u1eb7c th\u00f9 s\u1ea3n xu\u1ea5t theo y\u00eau c\u1ea7u , S\u1ea3n ph\u1ea9m \u0111a d\u1ea1ng m\u1eabu m\u00e3, Ch\u00fang t\u00f4i khuy\u00ean kh\u00e1ch h\u00e0ng theo d\u00f5i ch\u00ednh s\u00e1ch b\u00e3o h\u00e0nh s\u1ea3n ph\u1ea9m theo l\u00f4 h\u00e0ng m\u00e0 qu\u00fd kh\u00e1ch ch\u1ecdn. Th\u00f4ng th\u01b0\u1eddng ch\u00fang t\u00f4i b\u1ea3o h\u00e0nh s\u1ea3n ph\u1ea9m m\u1edbi l\u00e0 12 th\u00e1ng, 6 th\u00e1ng cho s\u1ea3n ph\u1ea9m t\u00e2n trang m\u1edbi. B\u1ea3o tr\u00ec theo \u0111\u1ecbnh k\u1ef3 \u0111\u01b0\u1ee3c thi\u1ebft l\u1eadp trong h\u1ee3p \u0111\u1ed3ng b\u00e1n h\u00e0ng cho t\u1eebng kh\u00e1ch h\u00e0ng.<\/p>\n<h2 id=\"doi-tra\"><strong>Ch\u00ednh s\u00e1ch \u0111\u1ed5i \/ tr\u1ea3 h\u00e0ng v\u00e0 ho\u00e0n ti\u1ec1n<\/strong><\/h2>\n<p>Bida Tr\u1ea7n Ch\u00e2n l\u00e0 \u0111\u01a1n v\u1ecb cung c\u1ea5p v\u00e0 l\u1eafp r\u00e1p b\u00e0n bida uy t\u00edn t\u1ea1i TP. HCM. Ch\u00fang t\u00f4i tr\u1ef1c ti\u1ebfp s\u1ea3n xu\u1ea5t v\u00e0 ch\u1ee7 c\u1ea3 \u0111\u1ee9ng ra l\u1ea5p r\u00e1p cho qu\u00fd kh\u00e1ch, Ch\u00fang t\u00f4i t\u1ef1 h\u00e0o cam k\u1ebft b\u00e0n ch\u00fang t\u00f4i \u0111\u01b0a v\u00e0o v\u1eadn h\u00e0nh cho qu\u00fd kh\u00e1ch h\u00e0ng l\u00e0 \u0111\u1ea3m b\u1ea3o chu\u1ea9n k\u1ef7 thu\u1eadt kh\u00e1ch h\u00e0ng kh\u00f4ng ch\u00ea v\u00e0 gi\u00fap kh\u00e1ch h\u00e0ng gi\u1eef ch\u00e2n kh\u00e1ch ch\u01a1i bida th\u00e2n thi\u1ec7n h\u01a1n.<\/p>\n<p>C\u00e1c b\u00e0n bida ch\u00fang t\u00f4i b\u00e1n ra \u0111\u1ec1u \u0111\u01b0\u1ee3c ki\u1ec3m tra ch\u1ea5t l\u01b0\u1ee3ng k\u1ef7, N\u1ebfu c\u00f3 sai s\u00f3t ch\u00fang t\u00f4i ch\u1ecbu tr\u00e1ch nhi\u1ec7m kh\u1eafc ph\u1ee5c ngay cho qu\u00fd kh\u00e1ch. Ch\u00fang t\u00f4i c\u00f3 k\u1ef7 thu\u1eadt ri\u00eang \u0111\u1ec3 l\u00e0m ngay cho kh\u00e1ch k\u1ecbp th\u1eddi ho\u1ea1t \u0111\u1ed9ng t\u1ed1t. Th\u1eddi gian ti\u1ec7p nh\u1eadn 48h k\u1ec3 t\u1eeb khi c\u00f3 th\u00f4ng b\u00e1o.<\/p>\n<p>Ch\u00fang t\u00f4i c\u00f3 kho s\u1ea3n xu\u1ea5t s\u1ea3n ph\u1ea9m m\u1eabu c\u00f3 s\u1ea3n, ch\u00fang t\u00f4i lu\u00f4n ph\u1ee5c v\u1ee5 kh\u00e1ch h\u00e0ng than thi\u1ebft nhanh ch\u1ed1ng chuy\u00ean nghi\u1ec7p.<\/p>\n<h2 id=\"bao-mat\"><strong>Ch\u00ednh s\u00e1ch b\u1ea3o m\u1eadt th\u00f4ng tin<\/strong><\/h2>\n<p>Trong nh\u1eefng tr\u01b0\u1eddng h\u1ee3p kh\u00e1ch h\u00e0ng thanh to\u00e1n qua th\u1ebb Master Card, Visa\u2026 Ch\u00fang t\u00f4i s\u1ebd s\u1eed d\u1ee5ng k\u1ef9 thu\u1eadt SSL d\u00f9ng m\u00e3 ho\u00e1 k\u1ebft n\u1ed1i th\u1ebb c\u1ee7a b\u1ea1n v\u1edbi h\u1ec7 th\u1ed1ng thanh to\u00e1n. C\u00f4ng Ngh\u1ec7 b\u1ea3o m\u1eadt SSL \u0111\u1ea3m b\u1ea3o b\u1ea5t k\u1ef3 th\u00f4ng tin n\u00e0o \u0111\u01b0\u1ee3c cung c\u1ea5p s\u1ebd \u0111\u01b0\u1ee3c m\u00e3 h\u00f3a tr\u01b0\u1edbc khi n\u00f3 \u0111\u01b0\u1ee3c g\u1eedi \u0111i.<br \/>\nCh\u00fang t\u00f4i kh\u00f4ng th\u1ef1c hi\u1ec7n truy\u1ec1n d\u1eef li\u1ec7u th\u1ebb t\u00edn d\u1ee5ng qua Internet cho \u0111\u1ebfn khi b\u1ea1n th\u1ef1c hi\u1ec7n \u0111\u1eb7t ph\u00f2ng th\u00e0nh c\u00f4ng, ch\u00fang t\u00f4i kh\u00f4ng chia s\u1ebb th\u00f4ng tin cho b\u1ea5t k\u1ef3 ai, th\u1eadm ch\u00ed nh\u1eefng n\u01a1i m\u00e0 b\u1ea1n \u0111\u00e3 th\u1ef1c hi\u1ec7n \u0111\u1eb7t ph\u00f2ng.<\/p>\n<p><strong>1- M\u1ee5c \u0111\u00edch v\u00e0 ph\u1ea1m vi thu th\u1eadp th\u00f4ng tin<\/strong><\/p>\n<p>Ch\u00fang t\u00f4i cam k\u1ebft v\u1edbi b\u1ea1n r\u1eb1ng b\u1ea5t k\u1ef3 th\u00f4ng tin c\u00e1 nh\u00e2n c\u1ee7a b\u1ea1n s\u1ebd s\u1ebd kh\u00f4ng \u0111\u01b0\u1ee3c ti\u1ebft l\u1ed9 cho nh\u1eefng ng\u01b0\u1eddi kh\u00f4ng c\u00f3 li\u00ean quan.<\/p>\n<p>Vi\u1ec7c thu th\u1eadp th\u00f4ng tin s\u1ebd gi\u00fap ch\u00fang t\u00f4i:<\/p>\n<p>T\u01b0 v\u1ea5n, h\u1ed7 tr\u1ee3 kh\u00e1ch h\u00e0ng khi l\u1ef1a ch\u1ecdn d\u1ecbch v\u1ee5.<\/p>\n<p>Gi\u1ea3i \u0111\u00e1p th\u1eafc m\u1eafc kh\u00e1ch h\u00e0ng<\/p>\n<p>Cung c\u1ea5p cho b\u1ea1n th\u00f4ng tin m\u1edbi nh\u1ea5t tr\u00ean Website c\u1ee7a ch\u00fang t\u00f4i<\/p>\n<p>Xem x\u00e9t v\u00e0 n\u00e2ng c\u1ea5p th\u00f4ng tin v\u00e0 giao di\u1ec7n c\u1ee7a Website<\/p>\n<p>Kh\u1ea3o s\u00e1t, l\u1ea5y \u00fd ki\u1ebfm kh\u00e1ch h\u00e0ng nh\u1eb1m n\u00e2ng cao ch\u1ea5t l\u01b0\u1ee3ng d\u1ecbch v\u1ee5<\/p>\n<p>Th\u1ef1c hi\u1ec7n c\u00e1c ho\u1ea1t \u0111\u1ed9ng qu\u1ea3ng b\u00e1 li\u00ean quan \u0111\u1ebfn c\u00e1c s\u1ea3n ph\u1ea9m v\u00e0 d\u1ecbch v\u1ee5 c\u1ee7a ch\u00fang t\u00f4i.<\/p>\n<p>Th\u00f4ng tin c\u00e1 nh\u00e2n thu th\u1eadp \u0111\u01b0\u1ee3c s\u1ebd ch\u1ec9 \u0111\u01b0\u1ee3c s\u1eed d\u1ee5ng trong n\u1ed9i b\u1ed9 c\u00f4ng ty. Khi qu\u00fd kh\u00e1ch li\u00ean h\u1ec7, th\u00f4ng tin c\u00e1 nh\u00e2n m\u00e0 ch\u00fang t\u00f4i thu th\u1eadp bao g\u1ed3m:<\/p>\n<p>+ H\u1ecd v\u00e0 T\u00ean<\/p>\n<p>+ \u0110\u1ecba ch\u1ec9<\/p>\n<p>+ \u0110\u1ecba ch\u1ec9 Email<\/p>\n<p>+ S\u1ed1 \u0110i\u1ec7n tho\u1ea1i<\/p>\n<p>+ Ch\u1ee7 \u0111\u1ec1 li\u00ean h\u1ec7<\/p>\n<p>+ N\u1ed9i dung li\u00ean h\u1ec7<\/p>\n<p><strong>2 \u2013 Ph\u1ea1m vi s\u1eed d\u1ee5ng th\u00f4ng tin<\/strong><\/p>\n<p>Nh\u1eefng th\u00f4ng tin tr\u00ean s\u1ebd \u0111\u01b0\u1ee3c s\u1eed d\u1ee5ng cho m\u1ed9t ho\u1eb7c t\u1ea5t c\u1ea3 c\u00e1c m\u1ee5c \u0111\u00edch sau \u0111\u00e2y:<\/p>\n<p>\u2013 Cung c\u1ea5p &amp; t\u01b0 v\u1ea5n th\u00f4ng tin li\u00ean quan \u0111\u1ebfn s\u1ea3n ph\u1ea9m v\u00e0 d\u1ecbch v\u1ee5 do ch\u00fang t\u00f4i cung c\u1ea5p<\/p>\n<p>\u2013 G\u1ecdi \u0111i\u1ec7n h\u01b0\u1edbng d\u1eabn kh\u00e1ch h\u00e0ng n\u01a1i mua s\u1ea3n ph\u1ea9m thu\u1eadn ti\u1ec7n nh\u1ea5t<\/p>\n<p><strong>3 \u2013 Th\u1eddi gian l\u01b0u tr\u1eef th\u00f4ng tin<\/strong><\/p>\n<p>Ch\u00fang t\u00f4i s\u1ebd l\u01b0u tr\u1eef c\u00e1c Th\u00f4ng tin c\u00e1 nh\u00e2n do kh\u00e1ch h\u00e0ng cung c\u1ea5p tr\u00ean c\u00e1c h\u1ec7 th\u1ed1ng n\u1ed9i b\u1ed9 c\u1ee7a ch\u00fang t\u00f4i trong qu\u00e1 tr\u00ecnh cung c\u1ea5p d\u1ecbch v\u1ee5 cho kh\u00e1ch h\u00e0ng ho\u1eb7c cho \u0111\u1ebfn khi kh\u00e1ch h\u00e0ng c\u00f3 y\u00eau c\u1ea7u h\u1ee7y c\u00e1c th\u00f4ng tin \u0111\u00e3 cung c\u1ea5p.<\/p>\n<p><strong>4 \u2013 \u0110\u1ecba ch\u1ec9 c\u1ee7a \u0111\u01a1n v\u1ecb thu th\u1eadp v\u00e0 qu\u1ea3n l\u00fd th\u00f4ng tin c\u00e1 nh\u00e2n<\/strong><\/p>\n<h2><strong>Bida Tr\u1ea7n Ch\u00e2n<\/strong><\/h2>\n<p><strong>\u0110\u1ecba ch\u1ec9: 131 T\u00e2n S\u01a1n, Ph\u01b0\u1eddng 15, Qu\u1eadn T\u00e2n B\u00ecnh, Tp. H\u1ed3 Ch\u00ed Minh<\/strong><br \/>\n<strong>Hotline: 0937 61 99 62 &#8211; 0948 61 99 62<\/strong><\/p>\n<p><strong>Email: bidatranchan@gmail.com<\/strong><\/p>\n<p><strong>5 \u2013 Cam k\u1ebft b\u1ea3o m\u1eadt th\u00f4ng tin c\u00e1 nh\u00e2n kh\u00e1ch h\u00e0ng<\/strong><\/p>\n<p>\u0110\u1ed1i v\u1edbi ch\u00fang t\u00f4i, s\u1ef1 b\u1ea3o m\u1eadt th\u00f4ng tin c\u1ee7a kh\u00e1ch h\u00e0ng l\u00e0 c\u1ef1c k\u1ef3 quan tr\u1ecdng.<\/p>\n<p>Ch\u00fang t\u00f4i bi\u1ebft r\u1eb1ng qu\u00fd kh\u00e1ch s\u1ebd r\u1ea5t quan t\u00e2m \u0111\u1ebfn vi\u1ec7c nh\u1eefng th\u00f4ng tin m\u00e0 qu\u00fd kh\u00e1ch cung c\u1ea5p cho ch\u00fang t\u00f4i c\u00f3 \u0111\u01b0\u1ee3c b\u1ea3o m\u1eadt, an to\u00e0n hay kh\u00f4ng. V\u00ec v\u1eady, ch\u00fang t\u00f4i t\u1ea1o ra ch\u00ednh s\u00e1ch b\u1ea3o m\u1eadt n\u00e0y \u0111\u1ec3 ch\u1ee9ng minh cho cam k\u1ebft v\u1ec1 s\u1ef1 an to\u00e0n b\u1ea3o m\u1eadt v\u1edbi qu\u00fd kh\u00e1ch h\u00e0ng. Qua Ch\u00ednh s\u00e1ch b\u1ea3o m\u1eadt th\u00f4ng tin n\u00e0y, ch\u00fang t\u00f4i mu\u1ed1n qu\u00fd kh\u00e1ch hi\u1ec3u \u0111\u01b0\u1ee3c v\u1ec1 vi\u1ec7c ch\u00fang t\u00f4i thu th\u1eadp th\u00f4ng tin kh\u00e1ch h\u00e0ng, vi\u1ec7c s\u1eed d\u1ee5ng v\u00e0 chia s\u1ebb th\u00f4ng tin c\u0169ng nh\u01b0 vi\u1ec7c b\u1ea3o m\u1eadt th\u00f4ng tin kh\u00e1ch h\u00e0ng c\u1ee7a ch\u00fang t\u00f4i.<\/p>\n<p>Ch\u00fang t\u00f4i s\u1ebd kh\u00f4ng chia s\u1ebb th\u00f4ng tin c\u1ee7a qu\u00fd kh\u00e1ch v\u1edbi b\u1ea5t k\u1ef3 c\u00f4ng ty n\u00e0o kh\u00e1c c\u0169ng nh\u01b0 kh\u00f4ng s\u1eed d\u1ee5ng v\u00e0o b\u1ea5t c\u1ee9 m\u1ee5c \u0111\u00edch kinh doanh n\u00e0o. Ch\u00fang t\u00f4i ch\u1ec9 s\u1eed d\u1ee5ng th\u00f4ng tin n\u00e0y v\u1edbi m\u1ee5c \u0111\u00edch cung c\u1ea5p t\u01b0 v\u1ea5n th\u00f4ng tin li\u00ean quan t\u1edbi s\u1ee9c kh\u1ecfe, s\u1ea3n ph\u1ea9m v\u00e0 c\u00e1c th\u00f4ng tin b\u1ed5 \u00edch kh\u00e1c cho kh\u00e1ch h\u00e0ng ho\u1eb7c cung c\u1ea5p cho b\u1ed9 ph\u1eadn b\u00e1n h\u00e0ng c\u1ee7a c\u00f4ng ty, nh\u00e0 ph\u00e2n ph\u1ed1i s\u1ea3n ph\u1ea9m t\u1ea1i khu v\u1ef1c c\u1ee7a kh\u00e1ch h\u00e0ng \u0111\u1ec3 ch\u1ec9 d\u1eabn tr\u1ef1c ti\u1ebfp cho qu\u00fd kh\u00e1ch mua h\u00e0ng.<\/p>\n<p>&nbsp;<\/p>\n","protected":false},"excerpt":{"rendered":"<p>Quy \u0111\u1ecbnh v\u00e0 h\u00ecnh th\u1ee9c thanh to\u00e1n Kh\u00e1ch h\u00e0ng thanh to\u00e1n b\u1eb1ng ti\u1ec1n m\u1eb7t ngay khi nh\u1eadn h\u00e0ng ho\u1eb7c b\u1eb1ng h\u00ecnh th\u1ee9c theo th\u1ecfa thu\u1eadn c\u1ee7a kh\u00e1ch h\u00e0ng v\u1edbi Bida Tr\u1ea7n Ch\u00e2n. Ch\u00ednh s\u00e1ch v\u1eadn chuy\u1ec3n, giao nh\u1eadn Sau khi b\u00e0n b\u1ea1c \u0111i\u00a0 \u0111\u1ebfn th\u1ed1ng nh\u1ea5t giao d\u1ecbch h\u00e0ng h\u00f3a, S\u1ea3n ph\u1ea9m d\u1ecbch v\u1ee5 c\u1ee7a &#8230;<\/p>\n","protected":false},"author":1,"featured_media":0,"parent":0,"menu_order":0,"comment_status":"closed","ping_status":"closed","template":"","meta":[],"_links":{"self":[{"href":"https:\/\/webmaibinh.com\/w\/phukienbida2011\/wp-json\/wp\/v2\/pages\/686"}],"collection":[{"href":"https:\/\/webmaibinh.com\/w\/phukienbida2011\/wp-json\/wp\/v2\/pages"}],"about":[{"href":"https:\/\/webmaibinh.com\/w\/phukienbida2011\/wp-json\/wp\/v2\/types\/page"}],"author":[{"embeddable":true,"href":"https:\/\/webmaibinh.com\/w\/phukienbida2011\/wp-json\/wp\/v2\/users\/1"}],"replies":[{"embeddable":true,"href":"https:\/\/webmaibinh.com\/w\/phukienbida2011\/wp-json\/wp\/v2\/comments?post=686"}],"version-history":[{"count":1,"href":"https:\/\/webmaibinh.com\/w\/phukienbida2011\/wp-json\/wp\/v2\/pages\/686\/revisions"}],"predecessor-version":[{"id":1650,"href":"https:\/\/webmaibinh.com\/w\/phukienbida2011\/wp-json\/wp\/v2\/pages\/686\/revisions\/1650"}],"wp:attachment":[{"href":"https:\/\/webmaibinh.com\/w\/phukienbida2011\/wp-json\/wp\/v2\/media?parent=686"}],"curies":[{"name":"wp","href":"https:\/\/api.w.org\/{rel}","templated":true}]}}