{"id":150,"date":"2018-07-18T23:42:05","date_gmt":"2018-07-18T23:42:05","guid":{"rendered":"http:\/\/nuocdua.khowebseotop.vn\/?post_type=product&#038;p=150"},"modified":"2018-07-18T23:43:31","modified_gmt":"2018-07-18T23:43:31","slug":"nuoc-dua-trai-cay","status":"publish","type":"product","link":"https:\/\/webmaibinh.com\/w\/nongsan12011\/san-pham\/nuoc-dua-trai-cay\/","title":{"rendered":"N\u01b0\u1edbc d\u1eeba tr\u00e1i c\u00e2y"},"content":{"rendered":"<p>Hi\u1ec3u l\u1ee3i \u00edch tuy\u1ec7t v\u1eddi c\u1ee7a n\u01b0\u1edbc d\u1eeba v\u00e0 ti\u1ec1m n\u0103ng c\u1ee7a d\u1eeba B\u1ebfn Tre, trong b\u1ed1i c\u1ea3nh nhu c\u1ea7u ng\u00e0y c\u00e0ng t\u0103ng c\u1ee7a ng\u01b0\u1eddi d\u00f9ng v\u1ec1 m\u1ed9t s\u1ea3n ph\u1ea9m c\u00f3 ngu\u1ed3n g\u1ed1c r\u00f5 r\u00e0ng, ho\u00e0n to\u00e0n t\u1ef1 nhi\u00ean v\u00e0 \u0111\u1ea1t ch\u1ea5t l\u01b0\u1ee3ng cao c\u0169ng nh\u01b0 \u0111\u1ea3m b\u1ea3o s\u1ee9c kh\u1ecfe, thu\u1eadn ti\u1ec7n s\u1eed d\u1ee5ng;\u00a0S\u1ea3n\u00a0ph\u1ea9m n\u01b0\u1edbc d\u1eeba \u0111\u00f3ng h\u1ed9p COCOXIM th\u1ecfa m\u00e3n \u0111\u01b0\u1ee3c y\u00eau c\u1ea7u kh\u1eaft khe c\u1ee7a ng\u01b0\u1eddi ti\u00eau d\u00f9ng\u00a0Vi\u1ec7t Nam &amp;\u00a0tr\u00ean to\u00e0n th\u1ebf gi\u1edbi. Ra \u0111\u1eddi t\u1ea1i th\u1ee7 ph\u1ee7 d\u1eeba B\u1ebfn Tre, mang trong m\u00ecnh h\u01b0\u01a1ng v\u1ecb n\u01b0\u1edbc d\u1eeba\u00a0t\u1ef1 nhi\u00ean\u00a0thu\u1ea7n khi\u1ebft \u0111\u01b0\u1ee3c s\u1ea3n xu\u1ea5t tr\u00ean d\u00e2y chuy\u1ec1n\u00a0<strong>Tetra Pak\u00ae<\/strong>\u00a0hi\u1ec7n \u0111\u1ea1i, COCOXIM l\u00e0 th\u1ee9c u\u1ed1ng b\u00f9 kho\u00e1ng t\u1ef1 nhi\u00ean ho\u00e0n h\u1ea3o, mang \u0111\u1ebfn c\u1ea3m gi\u00e1c t\u01b0\u01a1i m\u00e1t \u0111\u1ec3 cho m\u1ed7i kho\u1ea3nh kh\u1eafc cu\u1ed9c s\u1ed1ng lu\u00f4n ng\u1eadp tr\u00e0n trong v\u1ecb ng\u1ecdt d\u1ecbu m\u00e1t t\u1eeb thi\u00ean nhi\u00ean.<\/p>\n","protected":false},"excerpt":{"rendered":"<div class=\"text-tt-dt text-uppercase\">MI\u00caU T\u1ea2:<\/div>\n<div class=\"text-show-dt\">\n<p>H\u01b0\u01a1ng sen th\u01a1m b\u00f9i quen thu\u1ed9c k\u1ebft h\u1ee3p c\u00f9ng n\u01b0\u1edbc d\u1eeba nguy\u00ean ch\u1ea5t B\u1ebfn Tre mang \u0111\u1ebfn v\u1ecb ngon l\u1ea1 mi\u1ec7ng. D\u1eeba Xi\u00eam Sen kh\u00f4ng ch\u1ec9 gi\u00fap b\u1ea1n gi\u1ea3i kh\u00e1t hi\u1ec7u qu\u1ea3 m\u00e0 c\u00f2n b\u1ed5 sung 5 lo\u1ea1i kho\u00e1ng ch\u1ea5t thi\u1ebft y\u1ebfu cho c\u01a1 th\u1ec3 K, Mg, Na, P, Ca.<\/p>\n<\/div>\n<div class=\"text-tt-dt text-uppercase\">QUY C\u00c1CH \u0110\u00d3NG G\u00d3I:<\/div>\n<div class=\"text-show-dt\">\n<p>S\u1ea3n ph\u1ea9m s\u1ea3n xu\u1ea5t tr\u00ean d\u00e2y chuy\u1ec1n c\u00f4ng ngh\u1ec7 hi\u1ec7n \u0111\u1ea1i c\u1ee7a Tetra Pak gi\u00fap gi\u1eef tr\u1ecdn h\u01b0\u01a1ng v\u1ecb t\u1ef1 nhi\u00ean v\u00e0 d\u01b0\u1ee1ng ch\u1ea5t c\u1ee7a d\u1eeba. Ho\u00e0n to\u00e0n kh\u00f4ng s\u1eed d\u1ee5ng ch\u1ea5t b\u1ea3o qu\u1ea3n v\u00e0 ch\u1ea5t t\u1ea1o m\u00e0u, kh\u00f4ng l\u00e0m t\u1eeb n\u01b0\u1edbc d\u1eeba c\u00f4 \u0111\u1eb7c.<\/p>\n<\/div>\n","protected":false},"featured_media":151,"comment_status":"open","ping_status":"closed","template":"","meta":[],"_links":{"self":[{"href":"https:\/\/webmaibinh.com\/w\/nongsan12011\/wp-json\/wp\/v2\/product\/150"}],"collection":[{"href":"https:\/\/webmaibinh.com\/w\/nongsan12011\/wp-json\/wp\/v2\/product"}],"about":[{"href":"https:\/\/webmaibinh.com\/w\/nongsan12011\/wp-json\/wp\/v2\/types\/product"}],"replies":[{"embeddable":true,"href":"https:\/\/webmaibinh.com\/w\/nongsan12011\/wp-json\/wp\/v2\/comments?post=150"}],"wp:featuredmedia":[{"embeddable":true,"href":"https:\/\/webmaibinh.com\/w\/nongsan12011\/wp-json\/wp\/v2\/media\/151"}],"wp:attachment":[{"href":"https:\/\/webmaibinh.com\/w\/nongsan12011\/wp-json\/wp\/v2\/media?parent=150"}],"curies":[{"name":"wp","href":"https:\/\/api.w.org\/{rel}","templated":true}]}}