{"id":123,"date":"2019-07-19T12:47:27","date_gmt":"2019-07-19T12:47:27","guid":{"rendered":"https:\/\/nonbaohiem.khowebseotop.vn\/?post_type=product&#038;p=123"},"modified":"2019-07-20T08:21:41","modified_gmt":"2019-07-20T08:21:41","slug":"mu-bao-hiem-02","status":"publish","type":"product","link":"https:\/\/webmaibinh.com\/w\/nonbaohiem2011\/san-pham\/mu-bao-hiem-02\/","title":{"rendered":"M\u0169 b\u1ea3o hi\u1ec3m 02"},"content":{"rendered":"<h3><strong>M\u0169 (n\u00f3n)\u00a0B\u1ea3o Hi\u1ec3m Qu\u1ea3ng C\u00e1o Minh Tr\u00ed<\/strong><\/h3>\n<p>T\u1ea1i\u00a0<strong>X\u01b0\u1edfng s\u1ea3n xu\u1ea5t m\u0169\u00a0b\u1ea3o hi\u1ec3m<\/strong>\u00a0(n\u00f3n b\u1ea3o hi\u1ec3m) Minh Tr\u00ed, t\u1ea5t c\u1ea3 c\u00e1c s\u1ea3n ph\u1ea9m m\u0169 n\u00f3n khi\u00a0s\u1ea3n xu\u1ea5t \u0111\u1ec1u \u0111\u01b0\u1ee3c\u00a0\u0111\u1ea3m b\u1ea3o v\u1ec1 ch\u1ea5t li\u1ec7u, m\u1eabu m\u00e3\u00a0v\u00e0 ti\u1ebfn \u0111\u1ed9\u00a0s\u1ea3n xu\u1ea5t. \u0110\u1eb7c bi\u1ec7t, gi\u00e1 th\u00e0nh lu\u00f4n l\u00e0\u00a0gi\u00e1 g\u1ed1c t\u1eadn x\u01b0\u1edfng. V\u00ec v\u1eady,\u00a0Qu\u00fd kh\u00e1ch h\u00e0ng c\u00f3 th\u1ec3 ho\u00e0n to\u00e0n y\u00ean t\u00e2m v\u1ec1 ch\u1ea5t l\u01b0\u1ee3ng, gi\u00e1 c\u1ea3 v\u00e0 ti\u1ebfn \u0111\u1ed9\u00a0khi \u0111\u1eb7t h\u00e0ng t\u1ea1i<b>\u00a0X\u01b0\u1edfng m\u0169 (n\u00f3n) b\u1ea3o hi\u1ec3m Minh Tr\u00ed\u00a0<\/b>ch\u00fang t\u00f4i.<\/p>\n<h3><strong>Cam k\u1ebft m\u0169 b\u1ea3o hi\u1ec3m (n\u00f3n b\u1ea3o hi\u1ec3m)\u00a0\u0111\u1ea1t chu\u1ea9n ch\u1ea5t l\u01b0\u1ee3ng:<\/strong><\/h3>\n<p><strong>M\u0169 b\u1ea3o\u00a0hi\u1ec3m\u00a0<\/strong><strong>Minh Tr\u00ed<\/strong>\u00a0\u0111\u01b0\u1ee3c\u00a0s\u1ea3n xu\u1ea5t v\u1edbi d\u00e2y chuy\u1ec1n s\u1ea3n xu\u1ea5t hi\u1ec7n \u0111\u1ea1i\u00a0theo ti\u00eau\u00a0chu\u1ea9n Vi\u1ec7t Nam,\u00a0<em><strong>\u201cc\u00f3 gi\u1ea5y ki\u1ec3m \u0111\u1ecbnh ch\u1ea5t l\u01b0\u1ee3ng\u201d,\u00a0\u00a0<\/strong><\/em>tr\u00ean m\u0169 c\u00f3 tem ngu\u1ed3n g\u1ed1c xu\u1ea5t x\u1ee9 c\u0169ng nh\u01b0 tem b\u1ea3o h\u00e0nh:<\/p>\n<p>\u2013 V\u1ecf m\u0169 l\u00e0m b\u1eb1ng 100% nh\u1ef1a BB, ABS nh\u1eadp kh\u1ea9u, chuy\u00ean d\u1ee5ng cho s\u1ea3n xu\u1ea5t m\u0169 b\u1ea3o hi\u1ec3m, ch\u1ecbu \u0111\u01b0\u1ee3c va \u0111\u1eadp m\u1ea1nh v\u00e0 xuy\u00ean th\u1ee7ng cao.<\/p>\n<p>\u2013 L\u1edbp x\u1ed1p \u0111\u01b0\u1ee3c l\u00e0m b\u1eb1ng h\u1ea1t EPS c\u1ef1c b\u1ec1n, h\u1ea5p th\u1ee5 xung \u0111\u1ed9ng t\u1ed1t nh\u1ea5t.<\/p>\n<p>\u2013 V\u1ea3i l\u00f3t \u0111\u01b0\u1ee3c r\u1ea5t m\u1ec1m, \u0111\u01b0\u1ee3c x\u1eed l\u00fd kh\u00e1ng khu\u1ea9n, h\u00fat \u1ea9m t\u1ed1t, t\u1ea1o c\u1ea3m gi\u00e1c \u00eam \u00e1i, tho\u00e1ng m\u00e1t.<\/p>\n<p>\u2013 Ch\u1ed1t kh\u00f3a thi\u1ebft k\u1ebf th\u1eddi trang v\u00e0 c\u00f3 \u0111\u1ed9 b\u1ec1n c\u1ef1c cao.<\/p>\n<p>\u2013 S\u01a1n nh\u1eadp kh\u1ea9u, \u0111\u1ea3m b\u1ea3o \u0111\u1ed9 b\u1ec1n m\u00e0u v\u00e0 n\u01b0\u1edbc s\u01a1n r\u1ea5t \u0111\u1eb9p.<\/p>\n<p>C\u00f9ng v\u1edbi \u0111\u00f3, x\u01b0\u1edfng m\u0169 Minh Tr\u00ed c\u0169ng cung c\u1ea5p cho Qu\u00fd kh\u00e1ch h\u00e0ng\u00a0ch\u1ebf \u0111\u1ed9 \u0111\u00f3ng g\u00f3i bao b\u00ec ch\u1eafc ch\u1eafn ch\u1ed1ng va \u0111\u1eadp, c\u01a1 ch\u1ebf thanh to\u00e1n linh ho\u1ea1t, giao h\u00e0nh nhanh ch\u00f3ng, mi\u1ec5n ph\u00ed v\u1eadn chuy\u1ec3n.<\/p>\n<p>Li\u00ean h\u1ec7 \u0111\u1ec3 \u0111\u01b0\u1ee3c t\u01b0 v\u1ea5n c\u1ee5 th\u1ec3 24\/7:<\/p>\n<p>Ho\u1eb7c Qu\u00fd kh\u00e1ch h\u00e0ng c\u00f3 th\u1ec3 g\u1eedi k\u00e8m th\u00f4ng tin \u0111\u1eb7t h\u00e0ng ( bao g\u1ed3m h\u00ecnh \u1ea3nh m\u1eabu, s\u1ed1 l\u01b0\u1ee3ng \u0111\u1eb7t h\u00e0ng, ch\u1ea5t li\u1ec7u v\u00e0 m\u00e0u s\u1eafc theo y\u00eau c\u1ea7u, logo in n\u1ebfu c\u00f3, th\u1eddi gian s\u1ea3n xu\u1ea5t mong mu\u1ed1n,&#8230;) t\u1edbi \u0111\u1ecba ch\u1ec9 email:\u00a0<strong>munonminhtri@gmail.com<\/strong>\u00a0\u0111\u1ec3 \u0111\u01b0\u1ee3c \u0111\u1ed9i ng\u0169 nh\u00e2n vi\u00ean kinh doanh t\u01b0 v\u1ea5n v\u00e0 b\u00e1o gi\u00e1 nhanh nh\u1ea5t.\u00a0<strong>\u00a0<\/strong><\/p>\n<p><strong>R\u1ea5t mong \u0111\u01b0\u1ee3c h\u1ee3p t\u00e1c th\u00e0nh c\u00f4ng v\u1edbi Qu\u00fd kh\u00e1ch h\u00e0ng!\u00a0<\/strong><\/p>\n<p><strong>Ch\u00fac Qu\u00fd kh\u00e1ch h\u00e0ng lu\u00f4n th\u00e0nh c\u00f4ng!<\/strong><\/p>\n","protected":false},"excerpt":{"rendered":"<p>\u2013 V\u1ecf m\u0169 l\u00e0m b\u1eb1ng 100% nh\u1ef1a BB, ABS nh\u1eadp kh\u1ea9u, chuy\u00ean d\u1ee5ng cho s\u1ea3n xu\u1ea5t m\u0169 b\u1ea3o hi\u1ec3m, ch\u1ecbu \u0111\u01b0\u1ee3c va \u0111\u1eadp m\u1ea1nh v\u00e0 xuy\u00ean th\u1ee7ng cao.<\/p>\n<p>\u2013 L\u1edbp x\u1ed1p \u0111\u01b0\u1ee3c l\u00e0m b\u1eb1ng h\u1ea1t EPS c\u1ef1c b\u1ec1n, h\u1ea5p th\u1ee5 xung \u0111\u1ed9ng t\u1ed1t nh\u1ea5t.<\/p>\n<p>\u2013 V\u1ea3i l\u00f3t \u0111\u01b0\u1ee3c r\u1ea5t m\u1ec1m, \u0111\u01b0\u1ee3c x\u1eed l\u00fd kh\u00e1ng khu\u1ea9n, h\u00fat \u1ea9m t\u1ed1t, t\u1ea1o c\u1ea3m gi\u00e1c \u00eam \u00e1i, tho\u00e1ng m\u00e1t.<\/p>\n<p>\u2013 Ch\u1ed1t kh\u00f3a thi\u1ebft k\u1ebf th\u1eddi trang v\u00e0 c\u00f3 \u0111\u1ed9 b\u1ec1n c\u1ef1c cao.<\/p>\n<p>\u2013 S\u01a1n nh\u1eadp kh\u1ea9u, \u0111\u1ea3m b\u1ea3o \u0111\u1ed9 b\u1ec1n m\u00e0u v\u00e0 n\u01b0\u1edbc s\u01a1n r\u1ea5t \u0111\u1eb9p.<\/p>\n","protected":false},"featured_media":124,"comment_status":"open","ping_status":"closed","template":"","meta":[],"_links":{"self":[{"href":"https:\/\/webmaibinh.com\/w\/nonbaohiem2011\/wp-json\/wp\/v2\/product\/123"}],"collection":[{"href":"https:\/\/webmaibinh.com\/w\/nonbaohiem2011\/wp-json\/wp\/v2\/product"}],"about":[{"href":"https:\/\/webmaibinh.com\/w\/nonbaohiem2011\/wp-json\/wp\/v2\/types\/product"}],"replies":[{"embeddable":true,"href":"https:\/\/webmaibinh.com\/w\/nonbaohiem2011\/wp-json\/wp\/v2\/comments?post=123"}],"wp:featuredmedia":[{"embeddable":true,"href":"https:\/\/webmaibinh.com\/w\/nonbaohiem2011\/wp-json\/wp\/v2\/media\/124"}],"wp:attachment":[{"href":"https:\/\/webmaibinh.com\/w\/nonbaohiem2011\/wp-json\/wp\/v2\/media?parent=123"}],"curies":[{"name":"wp","href":"https:\/\/api.w.org\/{rel}","templated":true}]}}