{"id":174,"date":"2019-01-09T01:57:19","date_gmt":"2019-01-09T01:57:19","guid":{"rendered":"http:\/\/noithat9.khowebseotop.vn\/?page_id=174"},"modified":"2019-01-09T01:57:19","modified_gmt":"2019-01-09T01:57:19","slug":"chinh-sach-van-chuyen","status":"publish","type":"page","link":"https:\/\/webmaibinh.com\/w\/noithat92011\/chinh-sach-van-chuyen\/","title":{"rendered":"Ch\u00ednh s\u00e1ch v\u1eadn chuy\u1ec3n"},"content":{"rendered":"<ol>\n<li><strong><em>Quy \u0111\u1ecbnh v\u1ec1 chi ph\u00ed giao h\u00e0ng<\/em><\/strong><\/li>\n<\/ol>\n<table>\n<tbody>\n<tr>\n<td><strong>Doanh s\u1ed1<\/strong><\/td>\n<td>Nam T\u1eeb Li\u00eam, B\u1eafc T\u1eeb Li\u00eam, C\u1ea7u Gi\u1ea5y, Thanh Xu\u00e2n, \u0110\u1ed1ng \u0110a<\/td>\n<td>H\u00e0 \u0110\u00f4ng, Ho\u00e0n Ki\u1ebfm, Long Bi\u00ean, Ba \u0110\u00ecnh, Hai B\u00e0 Tr\u01b0ng, T\u00e2y H\u1ed3, Thanh Tr\u00ec, Ho\u00e0ng Mai, Gia L\u00e2m, \u0110\u00f4ng Anh<\/td>\n<td>\u00a0C\u00e1c huy\u1ec7n, t\u1ec9nh kh\u00e1c<\/td>\n<\/tr>\n<tr>\n<td><strong>Tr\u00ean 5.000.000 \u0110<\/strong><\/td>\n<td colspan=\"2\">Mi\u1ec5n ph\u00ed<\/td>\n<td>Th\u1ecfa thu\u1eadn<\/td>\n<\/tr>\n<tr>\n<td><strong>T\u1eeb 1.000.000 \u0110 \u2013 5.000.000 \u0110<\/strong><\/td>\n<td>Mi\u1ec5n ph\u00ed<\/td>\n<td>100.000 \u0110 \u2013 250.000 \u0110<\/td>\n<td>Th\u1ecfa thu\u1eadn<\/td>\n<\/tr>\n<tr>\n<td><strong>D\u01b0\u1edbi 1.000.000 \u0110<\/strong><\/td>\n<td>\u00a050.000 \u0110 \u2013 100.000 \u0110<\/td>\n<td>100.000 \u0110 \u2013 200.000 \u0110<\/td>\n<td>Th\u1ecfa thu\u1eadn<\/td>\n<\/tr>\n<\/tbody>\n<\/table>\n<ol start=\"2\">\n<li><strong><em>Quy \u0111\u1ecbnh v\u1ec1 th\u1eddi gian giao h\u00e0ng<\/em><\/strong><\/li>\n<\/ol>\n<p>\u2013 V\u1edbi c\u00e1c \u0111\u01a1n h\u00e0ng c\u00f3 s\u1eb5n, giao trong v\u00f2ng 24h k\u1ec3 t\u1eeb khi \u0111\u1eb7t h\u00e0ng.<\/p>\n<p>\u2013 V\u1edbi c\u00e1c \u0111\u01a1n h\u00e0ng c\u00f3 s\u1ea3n ph\u1ea9m thi\u1ebft k\u1ebf, \u0111\u1eb7t ri\u00eang, giao trong v\u00f2ng 2-7 ng\u00e0y k\u1ec3 t\u1eeb khi \u0111\u1eb7t h\u00e0ng<\/p>\n<p>\u2013 Th\u1eddi gian giao h\u00e0ng t\u00ednh t\u1eeb khi x\u00e1c nh\u1eadn \u0111\u1eb7t h\u00e0ng v\u00e0 giao h\u00e0ng trong gi\u1edd h\u00e0nh ch\u00ednh<\/p>\n<ol start=\"3\">\n<li><strong><em>Ch\u00ednh s\u00e1ch l\u1eafp \u0111\u1eb7t<\/em><\/strong><\/li>\n<\/ol>\n<p>Mi\u1ec5n ph\u00ed l\u1eafp \u0111\u1eb7t v\u1edbi m\u1ecdi \u0111\u01a1n h\u00e0ng: B\u00e0n, gh\u1ebf, t\u1ee7 v\u00e0 c\u00e1c s\u1ea3n ph\u1ea9m n\u1ed9i th\u1ea5t v\u0103n ph\u00f2ng kh\u00e1c.<\/p>\n<p>M\u1ecdi th\u1eafc m\u1eafc v\u1ec1 v\u1ea5n \u0111\u1ec1 v\u1eadn chuy\u1ec3n, kh\u00e1ch h\u00e0ng c\u00f3 th\u1ec3 li\u00ean h\u1ec7 \u0111\u1ec3 \u0111\u01b0\u1ee3c h\u01b0\u1edbng d\u1eabn v\u00e0 gi\u1ea3i \u0111\u00e1p:<\/p>\n<p>&nbsp;<\/p>\n","protected":false},"excerpt":{"rendered":"<p>Quy \u0111\u1ecbnh v\u1ec1 chi ph\u00ed giao h\u00e0ng Doanh s\u1ed1 Nam T\u1eeb Li\u00eam, B\u1eafc T\u1eeb Li\u00eam, C\u1ea7u Gi\u1ea5y, Thanh Xu\u00e2n, \u0110\u1ed1ng \u0110a H\u00e0 \u0110\u00f4ng, Ho\u00e0n Ki\u1ebfm, Long Bi\u00ean, Ba \u0110\u00ecnh, Hai B\u00e0 Tr\u01b0ng, T\u00e2y H\u1ed3, Thanh Tr\u00ec, Ho\u00e0ng Mai, Gia L\u00e2m, \u0110\u00f4ng Anh \u00a0C\u00e1c huy\u1ec7n, t\u1ec9nh kh\u00e1c Tr\u00ean 5.000.000 \u0110 Mi\u1ec5n ph\u00ed Th\u1ecfa thu\u1eadn T\u1eeb 1.000.000&#8230;<\/p>\n","protected":false},"author":1,"featured_media":0,"parent":0,"menu_order":0,"comment_status":"closed","ping_status":"closed","template":"","meta":[],"_links":{"self":[{"href":"https:\/\/webmaibinh.com\/w\/noithat92011\/wp-json\/wp\/v2\/pages\/174"}],"collection":[{"href":"https:\/\/webmaibinh.com\/w\/noithat92011\/wp-json\/wp\/v2\/pages"}],"about":[{"href":"https:\/\/webmaibinh.com\/w\/noithat92011\/wp-json\/wp\/v2\/types\/page"}],"author":[{"embeddable":true,"href":"https:\/\/webmaibinh.com\/w\/noithat92011\/wp-json\/wp\/v2\/users\/1"}],"replies":[{"embeddable":true,"href":"https:\/\/webmaibinh.com\/w\/noithat92011\/wp-json\/wp\/v2\/comments?post=174"}],"version-history":[{"count":1,"href":"https:\/\/webmaibinh.com\/w\/noithat92011\/wp-json\/wp\/v2\/pages\/174\/revisions"}],"predecessor-version":[{"id":175,"href":"https:\/\/webmaibinh.com\/w\/noithat92011\/wp-json\/wp\/v2\/pages\/174\/revisions\/175"}],"wp:attachment":[{"href":"https:\/\/webmaibinh.com\/w\/noithat92011\/wp-json\/wp\/v2\/media?parent=174"}],"curies":[{"name":"wp","href":"https:\/\/api.w.org\/{rel}","templated":true}]}}