{"id":97,"date":"2017-07-24T06:30:32","date_gmt":"2017-07-24T06:30:32","guid":{"rendered":"https:\/\/noithat.khowebseotop.vn\/?post_type=product&#038;p=97"},"modified":"2017-07-25T00:04:14","modified_gmt":"2017-07-25T00:04:14","slug":"mau-ban-trang-diem-td01","status":"publish","type":"product","link":"https:\/\/webmaibinh.com\/w\/noithat2011\/san-pham\/mau-ban-trang-diem-td01\/","title":{"rendered":"M\u1eabu b\u00e0n trang \u0111i\u1ec3m TD01"},"content":{"rendered":"<p>M\u1eabu b\u00e0n trang \u0111i\u1ec3m v\u1edbi thi\u1ebft k\u1ebf m\u00e0u tr\u1eafng hi\u1ec7n \u0111\u1ea1i, trang nh\u00e3, t\u00f4n th\u00eam v\u1ebb \u0111\u1eb9p cho c\u0103n ph\u00f2ng c\u1ee7a b\u1ea1n.<\/p>\n<p>&nbsp;<\/p>\n","protected":false},"excerpt":{"rendered":"<p>M\u1eabu b\u00e0n trang \u0111i\u1ec3m v\u1edbi thi\u1ebft k\u1ebf m\u00e0u tr\u1eafng hi\u1ec7n \u0111\u1ea1i, trang nh\u00e3, t\u00f4n th\u00eam v\u1ebb \u0111\u1eb9p cho c\u0103n ph\u00f2ng c\u1ee7a b\u1ea1n. &nbsp;<\/p>\n","protected":false},"featured_media":98,"comment_status":"open","ping_status":"closed","template":"","meta":[],"_links":{"self":[{"href":"https:\/\/webmaibinh.com\/w\/noithat2011\/wp-json\/wp\/v2\/product\/97"}],"collection":[{"href":"https:\/\/webmaibinh.com\/w\/noithat2011\/wp-json\/wp\/v2\/product"}],"about":[{"href":"https:\/\/webmaibinh.com\/w\/noithat2011\/wp-json\/wp\/v2\/types\/product"}],"replies":[{"embeddable":true,"href":"https:\/\/webmaibinh.com\/w\/noithat2011\/wp-json\/wp\/v2\/comments?post=97"}],"wp:featuredmedia":[{"embeddable":true,"href":"https:\/\/webmaibinh.com\/w\/noithat2011\/wp-json\/wp\/v2\/media\/98"}],"wp:attachment":[{"href":"https:\/\/webmaibinh.com\/w\/noithat2011\/wp-json\/wp\/v2\/media?parent=97"}],"curies":[{"name":"wp","href":"https:\/\/api.w.org\/{rel}","templated":true}]}}