{"id":95,"date":"2017-07-24T06:24:38","date_gmt":"2017-07-24T06:24:38","guid":{"rendered":"https:\/\/noithat.khowebseotop.vn\/?post_type=product&#038;p=95"},"modified":"2017-07-25T00:04:34","modified_gmt":"2017-07-25T00:04:34","slug":"giuong-ngu-hien-dai-gn02","status":"publish","type":"product","link":"https:\/\/webmaibinh.com\/w\/noithat2011\/san-pham\/giuong-ngu-hien-dai-gn02\/","title":{"rendered":"Gi\u01b0\u1eddng ng\u1ee7 hi\u1ec7n \u0111\u1ea1i GN02"},"content":{"rendered":"<p>Gi\u01b0\u1eddng ng\u1ee7 hi\u1ec7n \u0111\u1ea1i GN02\u00a0 c\u00f3 chi\u1ec1u cao kh\u00e1 th\u1ea5p, ch\u1ec9 kho\u1ea3ng t\u1eeb 30-32\u00a0cm t\u00ednh t\u1eeb s\u00e0n l\u00ean t\u1edbi m\u1eb7t gi\u01b0\u1eddng, gi\u01b0\u1eddng thu\u1ed9c lo\u1ea1i\u00a0gi\u01b0\u1eddng ng\u1ee7 ki\u1ec3u Nh\u1eadt. Gi\u01b0\u1eddng ng\u1ee7 g\u1ed7 kh\u00e1 ph\u00f9 h\u1ee3p v\u1edbi nh\u00e0 \u1edf khu chung c\u01b0 v\u00e0 c\u00e1c ph\u00f2ng tr\u00ean t\u1ea7ng. Gi\u01b0\u1eddng ng\u1ee7 mang phong c\u00e1ch Nh\u1eadt, c\u00f3 d\u00e1ng ch\u1eef T \u0111\u01a1n gi\u1ea3n, \u0111\u1ea7u gi\u01b0\u1eddng c\u00f3 g\u1eafn th\u00eam hai k\u1ec7 nh\u1ecf d\u00f9ng \u0111\u1ec3 \u0111\u00e8n ng\u1ee7. Hai k\u1ec7 c\u00f3 th\u00edch th\u01b0\u1edbc v\u1eeba ph\u1ea3i, kh\u00f4ng qu\u00e1 to t\u1ea1o d\u00e1ng th\u00f4 x\u1ea5u. Gi\u01b0\u1eddng ng\u1ee7 g\u1ed7\u00a0GN02 m\u1eabu nh\u1ecf g\u1ecdn r\u1ea5t ph\u00f9 h\u1ee3p v\u1edbi ph\u00f2ng ng\u1ee7 h\u1eb9p, chi\u1ec1u cao tr\u1ea7n th\u1ea5p.<\/p>\n","protected":false},"excerpt":{"rendered":"<p>Gi\u01b0\u1eddng ng\u1ee7 hi\u1ec7n \u0111\u1ea1i GN02\u00a0 c\u00f3 chi\u1ec1u cao kh\u00e1 th\u1ea5p, ch\u1ec9 kho\u1ea3ng t\u1eeb 30-32\u00a0cm t\u00ednh t\u1eeb s\u00e0n l\u00ean t\u1edbi m\u1eb7t gi\u01b0\u1eddng, gi\u01b0\u1eddng thu\u1ed9c lo\u1ea1i\u00a0gi\u01b0\u1eddng ng\u1ee7 ki\u1ec3u Nh\u1eadt. Gi\u01b0\u1eddng ng\u1ee7 g\u1ed7 kh\u00e1 ph\u00f9 h\u1ee3p v\u1edbi nh\u00e0 \u1edf khu chung c\u01b0 v\u00e0 c\u00e1c ph\u00f2ng tr\u00ean t\u1ea7ng. Gi\u01b0\u1eddng ng\u1ee7 mang phong c\u00e1ch Nh\u1eadt, c\u00f3 d\u00e1ng ch\u1eef T \u0111\u01a1n [&#8230;]\n","protected":false},"featured_media":96,"comment_status":"open","ping_status":"closed","template":"","meta":[],"_links":{"self":[{"href":"https:\/\/webmaibinh.com\/w\/noithat2011\/wp-json\/wp\/v2\/product\/95"}],"collection":[{"href":"https:\/\/webmaibinh.com\/w\/noithat2011\/wp-json\/wp\/v2\/product"}],"about":[{"href":"https:\/\/webmaibinh.com\/w\/noithat2011\/wp-json\/wp\/v2\/types\/product"}],"replies":[{"embeddable":true,"href":"https:\/\/webmaibinh.com\/w\/noithat2011\/wp-json\/wp\/v2\/comments?post=95"}],"wp:featuredmedia":[{"embeddable":true,"href":"https:\/\/webmaibinh.com\/w\/noithat2011\/wp-json\/wp\/v2\/media\/96"}],"wp:attachment":[{"href":"https:\/\/webmaibinh.com\/w\/noithat2011\/wp-json\/wp\/v2\/media?parent=95"}],"curies":[{"name":"wp","href":"https:\/\/api.w.org\/{rel}","templated":true}]}}