{"id":66,"date":"2017-07-24T02:49:42","date_gmt":"2017-07-24T02:49:42","guid":{"rendered":"https:\/\/noithat.khowebseotop.vn\/?post_type=product&#038;p=66"},"modified":"2017-07-25T00:06:20","modified_gmt":"2017-07-25T00:06:20","slug":"mau-ban-ghe-phong-khach-bg02","status":"publish","type":"product","link":"https:\/\/webmaibinh.com\/w\/noithat2011\/san-pham\/mau-ban-ghe-phong-khach-bg02\/","title":{"rendered":"M\u1eabu b\u00e0n gh\u1ebf ph\u00f2ng kh\u00e1ch BG02"},"content":{"rendered":"<p>Ph\u00f2ng kh\u00e1ch \u0111\u01b0\u1ee3c coi l\u00e0 b\u1ed9 m\u1eb7t c\u1ee7a ng\u00f4i nh\u00e0 b\u1edfi \u0111\u00e2y kh\u00f4ng ch\u1ec9 l\u00e0 n\u01a1i ti\u1ebfp \u0111\u00f3n nh\u1eefng v\u1ecb kh\u00e1ch qu\u00fd m\u00e0 c\u00f2n l\u00e0 n\u01a1i l\u01b0u gi\u1eef nh\u1eefng ph\u00fat gi\u00e2y sum v\u1ea7y h\u1ea1nh ph\u00fac c\u1ee7a c\u1ea3 gia \u0111\u00ecnh. M\u1ed9t b\u1ed9 b\u00e0n gh\u1ebf g\u1ed7 \u0111\u1eb9p\u00a0l\u00e0 \u0111i\u1ec3m nh\u1ea5n \u1ea5n t\u01b0\u1ee3ng \u0111\u1ea7u ti\u00ean khi b\u01b0\u1edbc v\u00e0o kh\u00f4ng gian ph\u00f2ng kh\u00e1ch c\u1ee7a m\u1ed7i gia \u0111\u00ecnh, th\u1ec3 hi\u1ec7n \u0111\u1eb3ng c\u1ea5p c\u0169ng nh\u01b0 l\u1ed1i s\u1ed1ng c\u1ee7a gia ch\u1ee7.<\/p>\n<p>C\u00f3 \u0111\u01b0\u1ee3c m\u1ed9t b\u1ed9 b\u00e0n gh\u1ebf g\u1ed7\u00a0ph\u00f2ng kh\u00e1ch\u00a0ph\u00f9 h\u1ee3p v\u1edbi kh\u00f4ng gian ph\u00f2ng kh\u00e1ch, l\u1ea1i th\u1ec3 hi\u1ec7n \u0111\u01b0\u1ee3c phong c\u00e1ch c\u1ee7a gia ch\u1ee7 kh\u00f4ng ph\u1ea3i \u0111i\u1ec1u \u0111\u01a1n gi\u1ea3n. M\u1ed9c ngh\u1ec7 thu\u1eadt \u0111\u01b0\u1ee3c bi\u1ebft \u0111\u1ebfn v\u1edbi nh\u1eefng d\u00f2ng s\u1ea3n ph\u1ea9m n\u1ed9i th\u1ea5t cao c\u1ea5p, lu\u00f4n \u0111\u01b0\u1ee3c ng\u01b0\u1eddi ti\u00eau d\u00f9ng tin t\u01b0\u1edfng v\u00e0 s\u1eed d\u1ee5ng \u0111\u1eb7c bi\u1ec7t l\u00e0 nh\u1eefng m\u1eabu b\u00e0n gh\u1ebf g\u1ed7 ph\u00f2ng kh\u00e1ch \u0111\u1eb9p.<\/p>\n<p>B\u00e0n gh\u1ebf g\u1ed7 cho ph\u00f2ng kh\u00e1ch nh\u1ecf BG02 l\u00e0 m\u1ed9t trong nh\u1eefng thi\u1ebft k\u1ebf linh \u0111\u1ed9ng, nhi\u1ec1u \u0111i\u1ec3m s\u00e1ng t\u1ea1o trong BST n\u1ed9i th\u1ea5t ph\u00f2ng kh\u00e1ch c\u1ee7a ch\u00fang t\u00f4i. \u0110\u00e2y l\u00e0 m\u1ed9t s\u1ea3n ph\u1ea9m \u0111ang \u0111\u01b0\u1ee3c r\u1ea5t nhi\u1ec1u kh\u00e1ch h\u00e0ng l\u1ef1a ch\u1ecdn b\u1edfi s\u1ef1 nh\u1ecf g\u1ecdn, ti\u1ec7n nghi, ph\u00f9 h\u1ee3p v\u1edbi kh\u00f4ng gian n\u1ed9i th\u1ea5t c\u1ee7a nhi\u1ec1u gia \u0111\u00ecnh.<\/p>\n<p>&nbsp;<\/p>\n","protected":false},"excerpt":{"rendered":"<p>Ph\u00f2ng kh\u00e1ch \u0111\u01b0\u1ee3c coi l\u00e0 b\u1ed9 m\u1eb7t c\u1ee7a ng\u00f4i nh\u00e0 b\u1edfi \u0111\u00e2y kh\u00f4ng ch\u1ec9 l\u00e0 n\u01a1i ti\u1ebfp \u0111\u00f3n nh\u1eefng v\u1ecb kh\u00e1ch qu\u00fd m\u00e0 c\u00f2n l\u00e0 n\u01a1i l\u01b0u gi\u1eef nh\u1eefng ph\u00fat gi\u00e2y sum v\u1ea7y h\u1ea1nh ph\u00fac c\u1ee7a c\u1ea3 gia \u0111\u00ecnh. M\u1ed9t b\u1ed9 b\u00e0n gh\u1ebf g\u1ed7 \u0111\u1eb9p\u00a0l\u00e0 \u0111i\u1ec3m nh\u1ea5n \u1ea5n t\u01b0\u1ee3ng \u0111\u1ea7u ti\u00ean khi b\u01b0\u1edbc v\u00e0o kh\u00f4ng [&#8230;]\n","protected":false},"featured_media":71,"comment_status":"open","ping_status":"closed","template":"","meta":[],"_links":{"self":[{"href":"https:\/\/webmaibinh.com\/w\/noithat2011\/wp-json\/wp\/v2\/product\/66"}],"collection":[{"href":"https:\/\/webmaibinh.com\/w\/noithat2011\/wp-json\/wp\/v2\/product"}],"about":[{"href":"https:\/\/webmaibinh.com\/w\/noithat2011\/wp-json\/wp\/v2\/types\/product"}],"replies":[{"embeddable":true,"href":"https:\/\/webmaibinh.com\/w\/noithat2011\/wp-json\/wp\/v2\/comments?post=66"}],"wp:featuredmedia":[{"embeddable":true,"href":"https:\/\/webmaibinh.com\/w\/noithat2011\/wp-json\/wp\/v2\/media\/71"}],"wp:attachment":[{"href":"https:\/\/webmaibinh.com\/w\/noithat2011\/wp-json\/wp\/v2\/media?parent=66"}],"curies":[{"name":"wp","href":"https:\/\/api.w.org\/{rel}","templated":true}]}}