{"id":348,"date":"2019-08-05T11:44:30","date_gmt":"2019-08-05T04:44:30","guid":{"rendered":"http:\/\/localhost\/teady.com.vn\/chi-tiet\/bo-phu-kien-6-mon-inox-2"},"modified":"2019-08-05T11:44:30","modified_gmt":"2019-08-05T04:44:30","slug":"bo-phu-kien-6-mon-inox-2","status":"publish","type":"product","link":"https:\/\/webmaibinh.com\/w\/noithat182011\/san-pham\/bo-phu-kien-6-mon-inox-2\/","title":{"rendered":"B\u1ed8 PH\u1ee4 KI\u1ec6N 6 M\u00d3N INOX"},"content":{"rendered":"<p>Gi\u1ea3m gi\u00e1!<\/p>\n<p>1.500.000 \u20ab 950.000 \u20ab<br \/>\n\tB\u1ed9 ph\u1ee5 ki\u1ec7n ph\u00f2ng t\u1eafm\u00a06\u00a0m\u00f3n\u00a0g\u00f4\u0300m :<\/p>\n<p>K\u1ec7 k\u00ednh g\u01b0\u01a1ng<br \/>\nK\u1ec7 x\u00e0 ph\u00f2ng lan<br \/>\nK\u1ec7 c\u1ed1c \u0111\u00f4i<br \/>\nL\u00f4 gi\u1ea5y v\u1ec7 sinh<br \/>\nThanh v\u1eaft kh\u0103n<br \/>\nM\u00f3c treo \u0111\u1ed3<\/p>\n<p>\u2013\u00a0Ch\u1ea5t li\u1ec7u INOX 304\u00a0\u2013 kh\u00f4ng b\u1ecb g\u1ec9 s\u00e9t.\u2013 S\u00e1ng v\u0129nh vi\u1ec5n, kh\u00f4ng b\u1ecb bong tr\u00f3c trong qu\u00e1 tr\u00ecnh s\u1eed d\u1ee5ng.\u2013 Ch\u1ecbu \u0111\u01b0\u1ee3c l\u1ef1c l\u1edbn, kh\u00f3 b\u1ecb m\u00f3p m\u00e9o, g\u00e3y.\u2013 Thi\u1ebft k\u1ebf tinh t\u1ebf, sang tr\u1ecdng ph\u00f9 h\u1ee3p cho m\u1ecdi c\u00f4ng tr\u00ecnh.\u2013 Ch\u1ebf \u0111\u1ed9 b\u1ea3o h\u00e0nh 36 tha\u0301ng<\/p>\n","protected":false},"excerpt":{"rendered":"<p>B\u1ed9 ph\u1ee5 ki\u1ec7n ph\u00f2ng t\u1eafm\u00a06\u00a0m\u00f3n\u00a0g\u00f4\u0300m :<\/p>\n<p>K\u1ec7 k\u00ednh g\u01b0\u01a1ng<br \/>\nK\u1ec7 x\u00e0 ph\u00f2ng lan<br \/>\nK\u1ec7 c\u1ed1c \u0111\u00f4i<br \/>\nL\u00f4 gi\u1ea5y v\u1ec7 sinh<br \/>\nThanh v\u1eaft kh\u0103n<br \/>\nM\u00f3c treo \u0111\u1ed3<\/p>\n","protected":false},"featured_media":349,"comment_status":"open","ping_status":"closed","template":"","meta":[],"_links":{"self":[{"href":"https:\/\/webmaibinh.com\/w\/noithat182011\/wp-json\/wp\/v2\/product\/348"}],"collection":[{"href":"https:\/\/webmaibinh.com\/w\/noithat182011\/wp-json\/wp\/v2\/product"}],"about":[{"href":"https:\/\/webmaibinh.com\/w\/noithat182011\/wp-json\/wp\/v2\/types\/product"}],"replies":[{"embeddable":true,"href":"https:\/\/webmaibinh.com\/w\/noithat182011\/wp-json\/wp\/v2\/comments?post=348"}],"wp:featuredmedia":[{"embeddable":true,"href":"https:\/\/webmaibinh.com\/w\/noithat182011\/wp-json\/wp\/v2\/media\/349"}],"wp:attachment":[{"href":"https:\/\/webmaibinh.com\/w\/noithat182011\/wp-json\/wp\/v2\/media?parent=348"}],"curies":[{"name":"wp","href":"https:\/\/api.w.org\/{rel}","templated":true}]}}