{"id":284,"date":"2019-09-10T14:47:08","date_gmt":"2019-09-10T14:47:08","guid":{"rendered":"http:\/\/demo19.muathemewordpress.net\/product\/ke-sach-gia-re-gia-sach-nho-gon-gia-sach-trang-tri-kskz\/"},"modified":"2019-09-10T14:53:58","modified_gmt":"2019-09-10T14:53:58","slug":"ke-sach-gia-re-gia-sach-nho-gon-gia-sach-trang-tri-kskz","status":"publish","type":"product","link":"https:\/\/webmaibinh.com\/w\/noithat152011\/san-pham\/ke-sach-gia-re-gia-sach-nho-gon-gia-sach-trang-tri-kskz\/","title":{"rendered":"K\u1ec7 S\u00e1ch Gi\u00e1 R\u1ebb, Gi\u00e1 S\u00e1ch Nh\u1ecf G\u1ecdn, Gi\u00e1 S\u00e1ch Trang Tr\u00ed KSKZ"},"content":{"rendered":"","protected":false},"excerpt":{"rendered":"","protected":false},"featured_media":285,"comment_status":"open","ping_status":"closed","template":"","meta":[],"_links":{"self":[{"href":"https:\/\/webmaibinh.com\/w\/noithat152011\/wp-json\/wp\/v2\/product\/284"}],"collection":[{"href":"https:\/\/webmaibinh.com\/w\/noithat152011\/wp-json\/wp\/v2\/product"}],"about":[{"href":"https:\/\/webmaibinh.com\/w\/noithat152011\/wp-json\/wp\/v2\/types\/product"}],"replies":[{"embeddable":true,"href":"https:\/\/webmaibinh.com\/w\/noithat152011\/wp-json\/wp\/v2\/comments?post=284"}],"wp:featuredmedia":[{"embeddable":true,"href":"https:\/\/webmaibinh.com\/w\/noithat152011\/wp-json\/wp\/v2\/media\/285"}],"wp:attachment":[{"href":"https:\/\/webmaibinh.com\/w\/noithat152011\/wp-json\/wp\/v2\/media?parent=284"}],"curies":[{"name":"wp","href":"https:\/\/api.w.org\/{rel}","templated":true}]}}