{"id":192,"date":"2019-09-04T14:36:23","date_gmt":"2019-09-04T07:36:23","guid":{"rendered":"http:\/\/demo18.muathemewordpress.net\/chi-tiet\/bo-6-tranh-watercolor-tree-phong-khach-ms064"},"modified":"2019-09-04T14:36:27","modified_gmt":"2019-09-04T07:36:27","slug":"bo-6-tranh-watercolor-tree-phong-khach-ms064","status":"publish","type":"product","link":"https:\/\/webmaibinh.com\/w\/noithat142011\/chi-tiet\/bo-6-tranh-watercolor-tree-phong-khach-ms064","title":{"rendered":"B\u1ed9 6 tranh watercolor tree ph\u00f2ng kh\u00e1ch MS064"},"content":{"rendered":"<p>\u0110ang c\u1eadp nh\u1eadt&#8230;.<\/p>\n","protected":false},"excerpt":{"rendered":"<p>\u0110ang c\u1eadp nh\u1eadt&#8230;.<\/p>\n","protected":false},"featured_media":193,"comment_status":"open","ping_status":"closed","template":"","meta":[],"_links":{"self":[{"href":"https:\/\/webmaibinh.com\/w\/noithat142011\/wp-json\/wp\/v2\/product\/192"}],"collection":[{"href":"https:\/\/webmaibinh.com\/w\/noithat142011\/wp-json\/wp\/v2\/product"}],"about":[{"href":"https:\/\/webmaibinh.com\/w\/noithat142011\/wp-json\/wp\/v2\/types\/product"}],"replies":[{"embeddable":true,"href":"https:\/\/webmaibinh.com\/w\/noithat142011\/wp-json\/wp\/v2\/comments?post=192"}],"wp:featuredmedia":[{"embeddable":true,"href":"https:\/\/webmaibinh.com\/w\/noithat142011\/wp-json\/wp\/v2\/media\/193"}],"wp:attachment":[{"href":"https:\/\/webmaibinh.com\/w\/noithat142011\/wp-json\/wp\/v2\/media?parent=192"}],"curies":[{"name":"wp","href":"https:\/\/api.w.org\/{rel}","templated":true}]}}